{"id":6216,"date":"2025-05-16T14:17:45","date_gmt":"2025-05-16T14:17:45","guid":{"rendered":"https:\/\/mairie-montataire.fr\/?post_type=event&#038;p=6216"},"modified":"2025-05-16T14:17:45","modified_gmt":"2025-05-16T14:17:45","slug":"an-der-kreuzung","status":"publish","type":"event","link":"https:\/\/mairie-montataire.fr\/de\/agenda\/culture\/a-la-croisee-des-chemins\/","title":{"rendered":"Am Scheideweg"},"content":{"rendered":"<p><strong>An der Kreuzung der Wege \"<\/strong> ist eine poetische und kraftvolle M\u00e4rchenauff\u00fchrung, getragen von der Stimme und der Pr\u00e4senz von <strong>Diren Aydin<\/strong>, eine leidenschaftliche Erz\u00e4hlerin. Diese m\u00fcndliche Reise richtet sich an alle, von 7 bis 107 Jahren, und hinterfragt unsere Freiheit, unsere W\u00fcnsche und die Wege, die wir w\u00e4hlen, um zu gehen.<\/p>\n\n\n\n<p>Die Show besteht aus <strong>drei M\u00e4rchen<\/strong> - eines der Weisheit, ein anderes wunderbar und ein letztes fantastisch - alle verbunden durch das universelle Thema der Suche: die Suche nach sich selbst, nach dem anderen, nach der Welt.<\/p>\n\n\n\n<p>Im Laufe der Worte \u00f6ffnet Diren Aydin einen sensiblen Raum, in dem jeder eingeladen ist, sich selbst zu finden, zu tr\u00e4umen und sich zu hinterfragen. Eine Einladung, seine Fl\u00fcgel auszubreiten... und an seine Tr\u00e4ume zu glauben.<\/p>\n\n\n\n<div class=\"wp-block-uagb-image uagb-block-f512c044 wp-block-uagb-image--layout-default wp-block-uagb-image--effect-static wp-block-uagb-image--align-none\"><figure class=\"wp-block-uagb-image__figure\"><img decoding=\"async\" srcset=\"https:\/\/mairie-montataire.fr\/app\/uploads\/2025\/05\/Aff-conte-21mai.jpg ,https:\/\/mairie-montataire.fr\/app\/uploads\/2025\/05\/Aff-conte-21mai.jpg 780w, https:\/\/mairie-montataire.fr\/app\/uploads\/2025\/05\/Aff-conte-21mai.jpg 360w\" sizes=\"auto, (max-width: 480px) 150px\" src=\"https:\/\/mairie-montataire.fr\/app\/uploads\/2025\/05\/Aff-conte-21mai.jpg\" alt=\"\" class=\"uag-image-6217\" width=\"595\" height=\"842\" title=\"Aff conte 21mai\" loading=\"lazy\" role=\"img\"\/><\/figure><\/div>\n\n\n\n<h3 class=\"wp-block-heading\">Eine engagierte und publikumsnahe K\u00fcnstlerin<\/h3>\n\n\n\n<p>Diren Aydin, die bei gro\u00dfen Namen der Erz\u00e4hlkunst ausgebildet wurde, sch\u00f6pft ihre Inspiration aus ihren anatolischen Wurzeln und aus ihrem Werdegang als Volksbildnerin. Sie erz\u00e4hlt in Theatern ebenso wie auf der Stra\u00dfe, in Krankenh\u00e4usern oder Mediatheken, beseelt von dem Wunsch, die M\u00fcndlichkeit \u00fcberall und f\u00fcr alle lebendig werden zu lassen.<\/p>\n\n\n\n<p><a href=\"https:\/\/mairie-montataire.fr\/de\/aktuelle-nachrichten\/un-clea-artistique-a-montataire\/\">Sie war \u00fcbrigens <strong>im April im Wohnheim Maurice Mignon.<\/strong>im Rahmen eines <strong>Werkstatt<\/strong> <strong>CLEA<\/strong>.<\/a><\/p>\n\n\n\n<h2 class=\"wp-block-heading\">Aber was ist ein CLEA?<\/h2>\n\n\n\n<p>Der Contrat Local d'Education Artistique ist ein Programm, das es K\u00fcnstlern erm\u00f6glicht, in der Region aufzutreten, um ihre Welt mit anderen zu teilen und das k\u00fcnstlerische Schaffen f\u00fcr alle Altersgruppen, Gro\u00df und Klein, zu entdecken.<\/p>\n\n\n\n<p>Es ist eine sch\u00f6ne Art, die Kunst im Herzen der Stadt und in Verbindung mit ihren Bewohnerinnen und Bewohnern lebendig werden zu lassen!<\/p>","protected":false},"featured_media":6214,"parent":0,"template":"","meta":{"_acf_changed":true,"_uag_custom_page_level_css":""},"event-theme":[72],"class_list":["post-6216","event","type-event","status-publish","has-post-thumbnail","hentry","event-theme-culture"],"acf":[],"uagb_featured_image_src":{"full":["https:\/\/mairie-montataire.fr\/app\/uploads\/2025\/05\/Agenda_SpecDirenBib.jpg",450,335,false],"thumbnail":["https:\/\/mairie-montataire.fr\/app\/uploads\/2025\/05\/Agenda_SpecDirenBib-150x150.jpg",150,150,true],"medium":["https:\/\/mairie-montataire.fr\/app\/uploads\/2025\/05\/Agenda_SpecDirenBib-300x223.jpg",300,223,true],"medium_large":["https:\/\/mairie-montataire.fr\/app\/uploads\/2025\/05\/Agenda_SpecDirenBib.jpg",450,335,false],"large":["https:\/\/mairie-montataire.fr\/app\/uploads\/2025\/05\/Agenda_SpecDirenBib.jpg",450,335,false],"1536x1536":["https:\/\/mairie-montataire.fr\/app\/uploads\/2025\/05\/Agenda_SpecDirenBib.jpg",450,335,false],"2048x2048":["https:\/\/mairie-montataire.fr\/app\/uploads\/2025\/05\/Agenda_SpecDirenBib.jpg",450,335,false],"trp-custom-language-flag":["https:\/\/mairie-montataire.fr\/app\/uploads\/2025\/05\/Agenda_SpecDirenBib-16x12.jpg",16,12,true],"gform-image-choice-sm":["https:\/\/mairie-montataire.fr\/app\/uploads\/2025\/05\/Agenda_SpecDirenBib.jpg",300,223,false],"gform-image-choice-md":["https:\/\/mairie-montataire.fr\/app\/uploads\/2025\/05\/Agenda_SpecDirenBib.jpg",400,298,false],"gform-image-choice-lg":["https:\/\/mairie-montataire.fr\/app\/uploads\/2025\/05\/Agenda_SpecDirenBib.jpg",450,335,false]},"uagb_author_info":{"display_name":"Laure Pubert","author_link":"https:\/\/mairie-montataire.fr\/de\/actualites\/author\/"},"uagb_comment_info":0,"uagb_excerpt":"\u00c0 la crois\u00e9e des chemins\u00a0\u00bb est un spectacle de contes po\u00e9tique et puissant, port\u00e9 par la voix et la pr\u00e9sence de Diren Aydin, conteuse passionn\u00e9e. Ce voyage oral s\u2019adresse \u00e0 tous, de 7 \u00e0 107 ans, et interroge notre libert\u00e9, nos d\u00e9sirs, et les chemins que nous choisissons de suivre. Le spectacle se compose de&hellip;","_links":{"self":[{"href":"https:\/\/mairie-montataire.fr\/de\/wp-json\/wp\/v2\/event\/6216","targetHints":{"allow":["GET"]}}],"collection":[{"href":"https:\/\/mairie-montataire.fr\/de\/wp-json\/wp\/v2\/event"}],"about":[{"href":"https:\/\/mairie-montataire.fr\/de\/wp-json\/wp\/v2\/types\/event"}],"wp:featuredmedia":[{"embeddable":true,"href":"https:\/\/mairie-montataire.fr\/de\/wp-json\/wp\/v2\/media\/6214"}],"wp:attachment":[{"href":"https:\/\/mairie-montataire.fr\/de\/wp-json\/wp\/v2\/media?parent=6216"}],"wp:term":[{"taxonomy":"event-theme","embeddable":true,"href":"https:\/\/mairie-montataire.fr\/de\/wp-json\/wp\/v2\/event-theme?post=6216"}],"curies":[{"name":"wp","href":"https:\/\/api.w.org\/{rel}","templated":true}]}}

<p><strong>An der Kreuzung der Wege "</strong> ist eine poetische und kraftvolle Märchenaufführung, getragen von der Stimme und der Präsenz von <strong>Diren Aydin</strong>, eine leidenschaftliche Erzählerin. Diese mündliche Reise richtet sich an alle, von 7 bis 107 Jahren, und hinterfragt unsere Freiheit, unsere Wünsche und die Wege, die wir wählen, um zu gehen.</p>



<p>Die Show besteht aus <strong>drei Märchen</strong> - eines der Weisheit, ein anderes wunderbar und ein letztes fantastisch - alle verbunden durch das universelle Thema der Suche: die Suche nach sich selbst, nach dem anderen, nach der Welt.</p>



<p>Im Laufe der Worte öffnet Diren Aydin einen sensiblen Raum, in dem jeder eingeladen ist, sich selbst zu finden, zu träumen und sich zu hinterfragen. Eine Einladung, seine Flügel auszubreiten... und an seine Träume zu glauben.</p>



<div class="wp-block-uagb-image uagb-block-f512c044 wp-block-uagb-image--layout-default wp-block-uagb-image--effect-static wp-block-uagb-image--align-none"><figure class="wp-block-uagb-image__figure"><img decoding="async" srcset="https://mairie-montataire.fr/app/uploads/2025/05/Aff-conte-21mai.jpg ,https://mairie-montataire.fr/app/uploads/2025/05/Aff-conte-21mai.jpg 780w, https://mairie-montataire.fr/app/uploads/2025/05/Aff-conte-21mai.jpg 360w" sizes="auto, (max-width: 480px) 150px" src="https://mairie-montataire.fr/app/uploads/2025/05/Aff-conte-21mai.jpg" alt="" class="uag-image-6217" width="595" height="842" title="Aff conte 21mai" loading="lazy" role="img"/></figure></div>



<h3 class="wp-block-heading">Eine engagierte und publikumsnahe Künstlerin</h3>



<p>Diren Aydin, die bei großen Namen der Erzählkunst ausgebildet wurde, schöpft ihre Inspiration aus ihren anatolischen Wurzeln und aus ihrem Werdegang als Volksbildnerin. Sie erzählt in Theatern ebenso wie auf der Straße, in Krankenhäusern oder Mediatheken, beseelt von dem Wunsch, die Mündlichkeit überall und für alle lebendig werden zu lassen.</p>



<p><a href="https://mairie-montataire.fr/de/aktuelle-nachrichten/un-clea-artistique-a-montataire/">Sie war übrigens <strong>im April im Wohnheim Maurice Mignon.</strong>im Rahmen eines <strong>Werkstatt</strong> <strong>CLEA</strong>.</a></p>



<h2 class="wp-block-heading">Aber was ist ein CLEA?</h2>



<p>Der Contrat Local d'Education Artistique ist ein Programm, das es Künstlern ermöglicht, in der Region aufzutreten, um ihre Welt mit anderen zu teilen und das künstlerische Schaffen für alle Altersgruppen, Groß und Klein, zu entdecken.</p>



<p>Es ist eine schöne Art, die Kunst im Herzen der Stadt und in Verbindung mit ihren Bewohnerinnen und Bewohnern lebendig werden zu lassen!</p>

À la croisée des chemins » est un spectacle de contes poétique et puissant, porté par la voix et la présence de Diren Aydin, conteuse passionnée. Ce voyage oral s’adresse à tous, de 7 à 107 ans, et interroge notre liberté, nos désirs, et les chemins que nous choisissons de suivre. Le spectacle se compose de&hellip;
