{"id":5996,"date":"2026-04-27T08:00:00","date_gmt":"2026-04-27T08:00:00","guid":{"rendered":"https:\/\/mairie-montataire.fr\/?post_type=event&#038;p=5996"},"modified":"2026-04-24T11:58:46","modified_gmt":"2026-04-24T11:58:46","slug":"gedenken-der-kapitulation-nazideutschlands","status":"publish","type":"event","link":"https:\/\/mairie-montataire.fr\/de\/agenda\/evenement\/commemoration-capitulation-de-lallemagne-nazie\/","title":{"rendered":"Gedenken - Kapitulation von Nazi-Deutschland"},"content":{"rendered":"<p>Anl\u00e4sslich des <strong>81<sup>e<\/sup> Jahrestag der Kapitulation von Nazideutschland<\/strong>, Die Stadt Montataire organisiert in Zusammenarbeit mit den patriotischen Vereinigungen eine Gedenkfeier, an der alle teilnehmen k\u00f6nnen. <strong>am 8. Mai 2026<\/strong>.<\/p>\n\n\n\n<p>Die Kapitulation von Nazideutschland markiert das Ende des Zweiten Weltkriegs in Europa. Sie fand in zwei Schritten statt, am 7. und 8. Mai 1945. Am 7. Mai unterzeichneten die Vertreter der deutschen Armee in Reims, Frankreich, im Hauptquartier von General Eisenhower, dem Befehlshaber der Alliierten Streitkr\u00e4fte, eine Kapitulationsurkunde. Dieses Dokument beendete die K\u00e4mpfe an der Westfront.<\/p>\n\n\n\n<p>Die Sowjetunion verlangte jedoch eine zweite offizielle Zeremonie. Diese fand am 8. Mai in Berlin in Anwesenheit der alliierten und sowjetischen Streitkr\u00e4fte statt. Bei dieser Zeremonie wurde die Kapitulation erneut unterzeichnet, diesmal vor den milit\u00e4rischen Vertretern aller alliierten Gro\u00dfm\u00e4chte. Aufgrund der Zeitverschiebung wird das offizielle Kriegsende in Europa am 8. Mai, in Russland jedoch erst am 9. Mai gefeiert.<\/p>\n\n\n\n<h3 class=\"wp-block-heading\">Vormittagsprogramm :<\/h3>\n\n\n\n<p>10:00 Uhr - Fackelzeremonie :<\/p>\n\n\n\n<ul class=\"wp-block-list\">\n<li style=\"font-style:normal;font-weight:400\">Besammlung auf dem Friedhof<\/li>\n\n\n\n<li style=\"font-style:normal;font-weight:400\">Z\u00fcndung der Flamme<\/li>\n\n\n\n<li style=\"font-style:normal;font-weight:400\">Kranzniederlegung, Schweigeminute, La Marseillaise<\/li>\n<\/ul>\n\n\n\n<p><strong>10h30<\/strong> :<\/p>\n\n\n\n<ul class=\"wp-block-list\">\n<li style=\"font-style:normal;font-weight:400\">Kundgebung vor der Edmond-Leveill\u00e9-Schule<\/li>\n\n\n\n<li style=\"font-style:normal;font-weight:400\">Parade bis zum Kriegsdenkmal (Rathausplatz)<\/li>\n\n\n\n<li style=\"font-style:normal;font-weight:400\">Kranzniederlegung, Ansprachen, Schweigeminute, La Marseillaise<\/li>\n<\/ul>\n\n\n\n<p>Die Zeremonie wird mit einem gem\u00fctlichen Beisammensein bei einem <strong>Ehrenwein<\/strong> angeboten am <strong>Untergeschoss B<\/strong>.<\/p>\n\n\n\n<p><\/p>","protected":false},"featured_media":5997,"parent":0,"template":"","meta":{"_acf_changed":true,"_uag_custom_page_level_css":""},"event-theme":[88],"class_list":["post-5996","event","type-event","status-publish","has-post-thumbnail","hentry","event-theme-evenement"],"acf":[],"uagb_featured_image_src":{"full":["https:\/\/mairie-montataire.fr\/app\/uploads\/2025\/04\/Agenda_ceremonie8mai.jpg",450,335,false],"thumbnail":["https:\/\/mairie-montataire.fr\/app\/uploads\/2025\/04\/Agenda_ceremonie8mai-150x150.jpg",150,150,true],"medium":["https:\/\/mairie-montataire.fr\/app\/uploads\/2025\/04\/Agenda_ceremonie8mai-300x223.jpg",300,223,true],"medium_large":["https:\/\/mairie-montataire.fr\/app\/uploads\/2025\/04\/Agenda_ceremonie8mai.jpg",450,335,false],"large":["https:\/\/mairie-montataire.fr\/app\/uploads\/2025\/04\/Agenda_ceremonie8mai.jpg",450,335,false],"1536x1536":["https:\/\/mairie-montataire.fr\/app\/uploads\/2025\/04\/Agenda_ceremonie8mai.jpg",450,335,false],"2048x2048":["https:\/\/mairie-montataire.fr\/app\/uploads\/2025\/04\/Agenda_ceremonie8mai.jpg",450,335,false],"trp-custom-language-flag":["https:\/\/mairie-montataire.fr\/app\/uploads\/2025\/04\/Agenda_ceremonie8mai-16x12.jpg",16,12,true],"gform-image-choice-sm":["https:\/\/mairie-montataire.fr\/app\/uploads\/2025\/04\/Agenda_ceremonie8mai.jpg",300,223,false],"gform-image-choice-md":["https:\/\/mairie-montataire.fr\/app\/uploads\/2025\/04\/Agenda_ceremonie8mai.jpg",400,298,false],"gform-image-choice-lg":["https:\/\/mairie-montataire.fr\/app\/uploads\/2025\/04\/Agenda_ceremonie8mai.jpg",450,335,false]},"uagb_author_info":{"display_name":"Laure Pubert","author_link":"https:\/\/mairie-montataire.fr\/de\/actualites\/author\/"},"uagb_comment_info":0,"uagb_excerpt":"\u00c0 l\u2019occasion du 81e anniversaire de la Capitulation de l&rsquo;Allemagne nazie, la Ville de Montataire, en lien avec les associations patriotiques, organise une c\u00e9r\u00e9monie de comm\u00e9moration ouverte \u00e0 toutes et tous le 8 mai 2026. La capitulation de l&rsquo;Allemagne nazie marque la fin de la Seconde Guerre mondiale en Europe. Elle a eu lieu en&hellip;","_links":{"self":[{"href":"https:\/\/mairie-montataire.fr\/de\/wp-json\/wp\/v2\/event\/5996","targetHints":{"allow":["GET"]}}],"collection":[{"href":"https:\/\/mairie-montataire.fr\/de\/wp-json\/wp\/v2\/event"}],"about":[{"href":"https:\/\/mairie-montataire.fr\/de\/wp-json\/wp\/v2\/types\/event"}],"wp:featuredmedia":[{"embeddable":true,"href":"https:\/\/mairie-montataire.fr\/de\/wp-json\/wp\/v2\/media\/5997"}],"wp:attachment":[{"href":"https:\/\/mairie-montataire.fr\/de\/wp-json\/wp\/v2\/media?parent=5996"}],"wp:term":[{"taxonomy":"event-theme","embeddable":true,"href":"https:\/\/mairie-montataire.fr\/de\/wp-json\/wp\/v2\/event-theme?post=5996"}],"curies":[{"name":"wp","href":"https:\/\/api.w.org\/{rel}","templated":true}]}}

<p>Anlässlich des <strong>81<sup>e</sup> Jahrestag der Kapitulation von Nazideutschland</strong>, Die Stadt Montataire organisiert in Zusammenarbeit mit den patriotischen Vereinigungen eine Gedenkfeier, an der alle teilnehmen können. <strong>am 8. Mai 2026</strong>.</p>



<p>Die Kapitulation von Nazideutschland markiert das Ende des Zweiten Weltkriegs in Europa. Sie fand in zwei Schritten statt, am 7. und 8. Mai 1945. Am 7. Mai unterzeichneten die Vertreter der deutschen Armee in Reims, Frankreich, im Hauptquartier von General Eisenhower, dem Befehlshaber der Alliierten Streitkräfte, eine Kapitulationsurkunde. Dieses Dokument beendete die Kämpfe an der Westfront.</p>



<p>Die Sowjetunion verlangte jedoch eine zweite offizielle Zeremonie. Diese fand am 8. Mai in Berlin in Anwesenheit der alliierten und sowjetischen Streitkräfte statt. Bei dieser Zeremonie wurde die Kapitulation erneut unterzeichnet, diesmal vor den militärischen Vertretern aller alliierten Großmächte. Aufgrund der Zeitverschiebung wird das offizielle Kriegsende in Europa am 8. Mai, in Russland jedoch erst am 9. Mai gefeiert.</p>



<h3 class="wp-block-heading">Vormittagsprogramm :</h3>



<p>10:00 Uhr - Fackelzeremonie :</p>



<ul class="wp-block-list">
<li style="font-style:normal;font-weight:400">Besammlung auf dem Friedhof</li>



<li style="font-style:normal;font-weight:400">Zündung der Flamme</li>



<li style="font-style:normal;font-weight:400">Kranzniederlegung, Schweigeminute, La Marseillaise</li>
</ul>



<p><strong>10h30</strong> :</p>



<ul class="wp-block-list">
<li style="font-style:normal;font-weight:400">Kundgebung vor der Edmond-Leveillé-Schule</li>



<li style="font-style:normal;font-weight:400">Parade bis zum Kriegsdenkmal (Rathausplatz)</li>



<li style="font-style:normal;font-weight:400">Kranzniederlegung, Ansprachen, Schweigeminute, La Marseillaise</li>
</ul>



<p>Die Zeremonie wird mit einem gemütlichen Beisammensein bei einem <strong>Ehrenwein</strong> angeboten am <strong>Untergeschoss B</strong>.</p>



<p></p>

À l’occasion du 81e anniversaire de la Capitulation de l&rsquo;Allemagne nazie, la Ville de Montataire, en lien avec les associations patriotiques, organise une cérémonie de commémoration ouverte à toutes et tous le 8 mai 2026. La capitulation de l&rsquo;Allemagne nazie marque la fin de la Seconde Guerre mondiale en Europe. Elle a eu lieu en&hellip;
