{"id":5993,"date":"2025-04-19T11:46:06","date_gmt":"2025-04-19T11:46:06","guid":{"rendered":"https:\/\/mairie-montataire.fr\/?post_type=event&#038;p=5993"},"modified":"2025-04-15T11:59:20","modified_gmt":"2025-04-15T11:59:20","slug":"entdeckungsabend-im-schloss","status":"publish","type":"event","link":"https:\/\/mairie-montataire.fr\/de\/agenda\/culture\/soiree-decouverte-au-chateau\/","title":{"rendered":"Entdeckungsabend im Schloss"},"content":{"rendered":"<p>Es gibt <strong>130 Jahre<\/strong>, im Herzen des <strong>Schloss von Montataire<\/strong>Die Musik eines <strong>ber\u00fchmter Musiker: Stefano Khardys<\/strong>. Anl\u00e4sslich eines au\u00dfergew\u00f6hnlichen Abends k\u00f6nnen Sie dieses <strong>au\u00dfergew\u00f6hnlicher Musiker<\/strong> der innerhalb der Mauern des Schlosses lebte.<\/p>\n\n\n\n<p><strong>Brigitte Coissard<\/strong>, eine begabte Pianistin, und <strong>Diane Cassini<\/strong>, eine lyrische S\u00e4ngerin, laden Sie zu einem <strong>Zeitreise<\/strong>. Gemeinsam werden sie die musikalische Welt von <strong>Stefano Khardys<\/strong>Die Geschichte einer Frau, die zwischen Romantik, Leidenschaft und Eleganz schwankt.<\/p>\n\n\n\n<p>Mit einer Auswahl seltener Werke und Erz\u00e4hlungen \u00fcber das Leben des Komponisten wird dieser Abend Sie in die k\u00fcnstlerische Atmosph\u00e4re des sp\u00e4ten 19.<sup>e<\/sup> Jahrhundert in Montataire.<\/p>\n\n\n\n<div class=\"wp-block-uagb-image uagb-block-884efb15 wp-block-uagb-image--layout-default wp-block-uagb-image--effect-static wp-block-uagb-image--align-none\"><figure class=\"wp-block-uagb-image__figure\"><img decoding=\"async\" srcset=\"https:\/\/mairie-montataire.fr\/app\/uploads\/2025\/04\/AFFICHE-CONCERT-KHARDYS-10-MAI-2025-724x1024.png ,https:\/\/mairie-montataire.fr\/app\/uploads\/2025\/04\/AFFICHE-CONCERT-KHARDYS-10-MAI-2025.png 780w, https:\/\/mairie-montataire.fr\/app\/uploads\/2025\/04\/AFFICHE-CONCERT-KHARDYS-10-MAI-2025.png 360w\" sizes=\"auto, (max-width: 480px) 150px\" src=\"https:\/\/mairie-montataire.fr\/app\/uploads\/2025\/04\/AFFICHE-CONCERT-KHARDYS-10-MAI-2025-724x1024.png\" alt=\"\" class=\"uag-image-5995\" width=\"724\" height=\"1024\" title=\"POSTER KONZERT KHARDYS 10. MAI 2025\" loading=\"lazy\" role=\"img\"\/><\/figure><\/div>","protected":false},"featured_media":5994,"parent":0,"template":"","meta":{"_acf_changed":true,"_uag_custom_page_level_css":""},"event-theme":[72],"class_list":["post-5993","event","type-event","status-publish","has-post-thumbnail","hentry","event-theme-culture"],"acf":[],"uagb_featured_image_src":{"full":["https:\/\/mairie-montataire.fr\/app\/uploads\/2025\/04\/Agenda_ConcertChateau.jpg",450,335,false],"thumbnail":["https:\/\/mairie-montataire.fr\/app\/uploads\/2025\/04\/Agenda_ConcertChateau-150x150.jpg",150,150,true],"medium":["https:\/\/mairie-montataire.fr\/app\/uploads\/2025\/04\/Agenda_ConcertChateau-300x223.jpg",300,223,true],"medium_large":["https:\/\/mairie-montataire.fr\/app\/uploads\/2025\/04\/Agenda_ConcertChateau.jpg",450,335,false],"large":["https:\/\/mairie-montataire.fr\/app\/uploads\/2025\/04\/Agenda_ConcertChateau.jpg",450,335,false],"1536x1536":["https:\/\/mairie-montataire.fr\/app\/uploads\/2025\/04\/Agenda_ConcertChateau.jpg",450,335,false],"2048x2048":["https:\/\/mairie-montataire.fr\/app\/uploads\/2025\/04\/Agenda_ConcertChateau.jpg",450,335,false],"trp-custom-language-flag":["https:\/\/mairie-montataire.fr\/app\/uploads\/2025\/04\/Agenda_ConcertChateau-16x12.jpg",16,12,true],"gform-image-choice-sm":["https:\/\/mairie-montataire.fr\/app\/uploads\/2025\/04\/Agenda_ConcertChateau.jpg",300,223,false],"gform-image-choice-md":["https:\/\/mairie-montataire.fr\/app\/uploads\/2025\/04\/Agenda_ConcertChateau.jpg",400,298,false],"gform-image-choice-lg":["https:\/\/mairie-montataire.fr\/app\/uploads\/2025\/04\/Agenda_ConcertChateau.jpg",450,335,false]},"uagb_author_info":{"display_name":"Laure Pubert","author_link":"https:\/\/mairie-montataire.fr\/de\/actualites\/author\/"},"uagb_comment_info":0,"uagb_excerpt":"Il y a 130 ans, au c\u0153ur du Ch\u00e2teau de Montataire, r\u00e9sonnait la musique d\u2019un musicien c\u00e9l\u00e8bre : Stefano Khardys. \u00c0 l\u2019occasion d\u2019une soir\u00e9e exceptionnelle, vous pourrez d\u00e9couvrir ou red\u00e9couvrir ce musicien hors du commun qui v\u00e9cut entre les murs du ch\u00e2teau. Brigitte Coissard, pianiste talentueuse, et Diane Cassini, chanteuse lyrique, vous invitent \u00e0 un&hellip;","_links":{"self":[{"href":"https:\/\/mairie-montataire.fr\/de\/wp-json\/wp\/v2\/event\/5993","targetHints":{"allow":["GET"]}}],"collection":[{"href":"https:\/\/mairie-montataire.fr\/de\/wp-json\/wp\/v2\/event"}],"about":[{"href":"https:\/\/mairie-montataire.fr\/de\/wp-json\/wp\/v2\/types\/event"}],"wp:featuredmedia":[{"embeddable":true,"href":"https:\/\/mairie-montataire.fr\/de\/wp-json\/wp\/v2\/media\/5994"}],"wp:attachment":[{"href":"https:\/\/mairie-montataire.fr\/de\/wp-json\/wp\/v2\/media?parent=5993"}],"wp:term":[{"taxonomy":"event-theme","embeddable":true,"href":"https:\/\/mairie-montataire.fr\/de\/wp-json\/wp\/v2\/event-theme?post=5993"}],"curies":[{"name":"wp","href":"https:\/\/api.w.org\/{rel}","templated":true}]}}

<p>Es gibt <strong>130 Jahre</strong>, im Herzen des <strong>Schloss von Montataire</strong>Die Musik eines <strong>berühmter Musiker: Stefano Khardys</strong>. Anlässlich eines außergewöhnlichen Abends können Sie dieses <strong>außergewöhnlicher Musiker</strong> der innerhalb der Mauern des Schlosses lebte.</p>



<p><strong>Brigitte Coissard</strong>, eine begabte Pianistin, und <strong>Diane Cassini</strong>, eine lyrische Sängerin, laden Sie zu einem <strong>Zeitreise</strong>. Gemeinsam werden sie die musikalische Welt von <strong>Stefano Khardys</strong>Die Geschichte einer Frau, die zwischen Romantik, Leidenschaft und Eleganz schwankt.</p>



<p>Mit einer Auswahl seltener Werke und Erzählungen über das Leben des Komponisten wird dieser Abend Sie in die künstlerische Atmosphäre des späten 19.<sup>e</sup> Jahrhundert in Montataire.</p>



<div class="wp-block-uagb-image uagb-block-884efb15 wp-block-uagb-image--layout-default wp-block-uagb-image--effect-static wp-block-uagb-image--align-none"><figure class="wp-block-uagb-image__figure"><img decoding="async" srcset="https://mairie-montataire.fr/app/uploads/2025/04/AFFICHE-CONCERT-KHARDYS-10-MAI-2025-724x1024.png ,https://mairie-montataire.fr/app/uploads/2025/04/AFFICHE-CONCERT-KHARDYS-10-MAI-2025.png 780w, https://mairie-montataire.fr/app/uploads/2025/04/AFFICHE-CONCERT-KHARDYS-10-MAI-2025.png 360w" sizes="auto, (max-width: 480px) 150px" src="https://mairie-montataire.fr/app/uploads/2025/04/AFFICHE-CONCERT-KHARDYS-10-MAI-2025-724x1024.png" alt="" class="uag-image-5995" width="724" height="1024" title="POSTER KONZERT KHARDYS 10. MAI 2025" loading="lazy" role="img"/></figure></div>

Il y a 130 ans, au cœur du Château de Montataire, résonnait la musique d’un musicien célèbre : Stefano Khardys. À l’occasion d’une soirée exceptionnelle, vous pourrez découvrir ou redécouvrir ce musicien hors du commun qui vécut entre les murs du château. Brigitte Coissard, pianiste talentueuse, et Diane Cassini, chanteuse lyrique, vous invitent à un&hellip;
