{"id":5928,"date":"2025-03-28T10:42:09","date_gmt":"2025-03-28T10:42:09","guid":{"rendered":"https:\/\/mairie-montataire.fr\/?post_type=event&#038;p=5928"},"modified":"2025-03-28T10:42:09","modified_gmt":"2025-03-28T10:42:09","slug":"cine-mioches-dokumentarfilm-special-nature","status":"publish","type":"event","link":"https:\/\/mairie-montataire.fr\/de\/agenda\/culture\/cine-mioches-documentaire-special-nature\/","title":{"rendered":"Dokumentarfilm Cin\u00e9-mioches sp\u00e9cial Nature"},"content":{"rendered":"<p>Eine Vorf\u00fchrung mit anschlie\u00dfender Diskussion: Staunen und Nachdenken warten nicht auf die Anzahl der Jahre!<\/p>\n\n\n\n<p>Reise zum S\u00fcdpol<br>In den W\u00e4ldern<\/p>\n\n\n\n<p><\/p>","protected":false},"featured_media":5926,"parent":0,"template":"","meta":{"_acf_changed":true,"_uag_custom_page_level_css":""},"event-theme":[72],"class_list":["post-5928","event","type-event","status-publish","has-post-thumbnail","hentry","event-theme-culture"],"acf":[],"uagb_featured_image_src":{"full":["https:\/\/mairie-montataire.fr\/app\/uploads\/2025\/03\/Agenda_ProgVacsBib.jpg",450,335,false],"thumbnail":["https:\/\/mairie-montataire.fr\/app\/uploads\/2025\/03\/Agenda_ProgVacsBib-150x150.jpg",150,150,true],"medium":["https:\/\/mairie-montataire.fr\/app\/uploads\/2025\/03\/Agenda_ProgVacsBib-300x223.jpg",300,223,true],"medium_large":["https:\/\/mairie-montataire.fr\/app\/uploads\/2025\/03\/Agenda_ProgVacsBib.jpg",450,335,false],"large":["https:\/\/mairie-montataire.fr\/app\/uploads\/2025\/03\/Agenda_ProgVacsBib.jpg",450,335,false],"1536x1536":["https:\/\/mairie-montataire.fr\/app\/uploads\/2025\/03\/Agenda_ProgVacsBib.jpg",450,335,false],"2048x2048":["https:\/\/mairie-montataire.fr\/app\/uploads\/2025\/03\/Agenda_ProgVacsBib.jpg",450,335,false],"trp-custom-language-flag":["https:\/\/mairie-montataire.fr\/app\/uploads\/2025\/03\/Agenda_ProgVacsBib-16x12.jpg",16,12,true],"gform-image-choice-sm":["https:\/\/mairie-montataire.fr\/app\/uploads\/2025\/03\/Agenda_ProgVacsBib.jpg",300,223,false],"gform-image-choice-md":["https:\/\/mairie-montataire.fr\/app\/uploads\/2025\/03\/Agenda_ProgVacsBib.jpg",400,298,false],"gform-image-choice-lg":["https:\/\/mairie-montataire.fr\/app\/uploads\/2025\/03\/Agenda_ProgVacsBib.jpg",450,335,false]},"uagb_author_info":{"display_name":"Laure Pubert","author_link":"https:\/\/mairie-montataire.fr\/de\/actualites\/author\/"},"uagb_comment_info":0,"uagb_excerpt":"Une projection suivie d\u2019un d\u00e9bat : l\u2019\u00e9merveillement et la r\u00e9flexion n\u2019attendent pas le nombre des ann\u00e9es ! Voyage au p\u00f4le SudDans les bois","_links":{"self":[{"href":"https:\/\/mairie-montataire.fr\/de\/wp-json\/wp\/v2\/event\/5928","targetHints":{"allow":["GET"]}}],"collection":[{"href":"https:\/\/mairie-montataire.fr\/de\/wp-json\/wp\/v2\/event"}],"about":[{"href":"https:\/\/mairie-montataire.fr\/de\/wp-json\/wp\/v2\/types\/event"}],"wp:featuredmedia":[{"embeddable":true,"href":"https:\/\/mairie-montataire.fr\/de\/wp-json\/wp\/v2\/media\/5926"}],"wp:attachment":[{"href":"https:\/\/mairie-montataire.fr\/de\/wp-json\/wp\/v2\/media?parent=5928"}],"wp:term":[{"taxonomy":"event-theme","embeddable":true,"href":"https:\/\/mairie-montataire.fr\/de\/wp-json\/wp\/v2\/event-theme?post=5928"}],"curies":[{"name":"wp","href":"https:\/\/api.w.org\/{rel}","templated":true}]}}

Dokumentarfilm Ciné-mioches spécial Nature

<p>Eine Vorführung mit anschließender Diskussion: Staunen und Nachdenken warten nicht auf die Anzahl der Jahre!</p>



<p>Reise zum Südpol<br>In den Wäldern</p>



<p></p>

Une projection suivie d’un débat : l’émerveillement et la réflexion n’attendent pas le nombre des années ! Voyage au pôle SudDans les bois
