{"id":5756,"date":"2026-03-05T13:06:10","date_gmt":"2026-03-05T13:06:10","guid":{"rendered":"https:\/\/mairie-montataire.fr\/?post_type=event&#038;p=5756"},"modified":"2026-03-05T13:06:11","modified_gmt":"2026-03-05T13:06:11","slug":"gedenken-des-endes-des-dalgerienkrieges","status":"publish","type":"event","link":"https:\/\/mairie-montataire.fr\/de\/agenda\/evenement\/commemoration-de-la-fin-de-la-guerre-dalgerie\/","title":{"rendered":"Gedenken - Ende des Algerienkriegs"},"content":{"rendered":"<p><strong>Die Stadt Montataire organisiert in Zusammenarbeit mit den patriotischen Vereinigungen eine Gedenkfeier anl\u00e4sslich des 64.<sup>e<\/sup> Jahrestag des Endes des Algerienkriegs. Dieses Ereignis findet am Donnerstag, den 19. M\u00e4rz 2026 statt und bietet die Gelegenheit, das Andenken an die Opfer zu ehren und an die Bedeutung der Erinnerungspflicht zu erinnern.<\/strong><\/p>\n\n\n\n<ul class=\"wp-block-list\">\n<li>Die Zeremonie beginnt um <strong>18h<\/strong> mit einer Kundgebung vor der Edmond-Leveill\u00e9-Schule. <\/li>\n\n\n\n<li>Anschlie\u00dfend findet eine Parade bis zum Gefallenendenkmal auf dem Rathausplatz statt. <\/li>\n\n\n\n<li>Mehrere H\u00f6hepunkte werden diesen Moment der Besinnung pr\u00e4gen: Kranzniederlegung, Totenglockenl\u00e4uten, Schweigeminute, Ansprache des B\u00fcrgermeisters Jean-Pierre Bosino und Rede des Vertreters der AFN-Alterskameraden. <\/li>\n\n\n\n<li>Die Marseillaise wird diese erste Sequenz der Gedenkfeier abschlie\u00dfen.<\/li>\n\n\n\n<li>Anschlie\u00dfend marschiert die Prozession weiter zur Stele auf dem Pierre und L\u00e9a L\u00e9ger-Platz, wo eine zweite Zeremonie stattfindet. Diese wird von einer weiteren Ehrung mit Kranzniederlegung, Totenaufruf und Andacht gepr\u00e4gt sein.<\/li>\n<\/ul>\n\n\n\n<p><strong>Im Anschluss an die Zeremonie wird im Untergeschoss B des Rathauses ein Ehrenwein angeboten.<\/strong><\/p>\n\n\n\n<p>Die Gemeinde l\u00e4dt alle Einwohner ein, sich diesem Ereignis anzuschlie\u00dfen, um das Gedenken an die K\u00e4mpfer und Opfer des Algerienkriegs zu ehren. Dieser feierliche Moment ist eine Gelegenheit, die Geschichte weiterzugeben und an die Werte des Friedens und der Br\u00fcderlichkeit zu erinnern.<\/p>","protected":false},"featured_media":5757,"parent":0,"template":"","meta":{"_acf_changed":true,"_uag_custom_page_level_css":""},"event-theme":[88],"class_list":["post-5756","event","type-event","status-publish","has-post-thumbnail","hentry","event-theme-evenement"],"acf":[],"uagb_featured_image_src":{"full":["https:\/\/mairie-montataire.fr\/app\/uploads\/2025\/02\/Agenda_Ceremonie19mars.jpg",450,335,false],"thumbnail":["https:\/\/mairie-montataire.fr\/app\/uploads\/2025\/02\/Agenda_Ceremonie19mars-150x150.jpg",150,150,true],"medium":["https:\/\/mairie-montataire.fr\/app\/uploads\/2025\/02\/Agenda_Ceremonie19mars-300x223.jpg",300,223,true],"medium_large":["https:\/\/mairie-montataire.fr\/app\/uploads\/2025\/02\/Agenda_Ceremonie19mars.jpg",450,335,false],"large":["https:\/\/mairie-montataire.fr\/app\/uploads\/2025\/02\/Agenda_Ceremonie19mars.jpg",450,335,false],"1536x1536":["https:\/\/mairie-montataire.fr\/app\/uploads\/2025\/02\/Agenda_Ceremonie19mars.jpg",450,335,false],"2048x2048":["https:\/\/mairie-montataire.fr\/app\/uploads\/2025\/02\/Agenda_Ceremonie19mars.jpg",450,335,false],"trp-custom-language-flag":["https:\/\/mairie-montataire.fr\/app\/uploads\/2025\/02\/Agenda_Ceremonie19mars-16x12.jpg",16,12,true],"gform-image-choice-sm":["https:\/\/mairie-montataire.fr\/app\/uploads\/2025\/02\/Agenda_Ceremonie19mars.jpg",300,223,false],"gform-image-choice-md":["https:\/\/mairie-montataire.fr\/app\/uploads\/2025\/02\/Agenda_Ceremonie19mars.jpg",400,298,false],"gform-image-choice-lg":["https:\/\/mairie-montataire.fr\/app\/uploads\/2025\/02\/Agenda_Ceremonie19mars.jpg",450,335,false]},"uagb_author_info":{"display_name":"Laure Pubert","author_link":"https:\/\/mairie-montataire.fr\/de\/actualites\/author\/"},"uagb_comment_info":0,"uagb_excerpt":"La ville de Montataire organise, en collaboration avec les associations patriotiques, une c\u00e9r\u00e9monie de comm\u00e9moration \u00e0 l\u2019occasion du 64e anniversaire de la fin de la guerre d\u2019Alg\u00e9rie. Cet \u00e9v\u00e9nement se d\u00e9roulera le jeudi 19 mars 2026 et sera l\u2019occasion d\u2019honorer la m\u00e9moire des victimes et de rappeler l\u2019importance du devoir de m\u00e9moire. \u00c0 l\u2019issue de&hellip;","_links":{"self":[{"href":"https:\/\/mairie-montataire.fr\/de\/wp-json\/wp\/v2\/event\/5756","targetHints":{"allow":["GET"]}}],"collection":[{"href":"https:\/\/mairie-montataire.fr\/de\/wp-json\/wp\/v2\/event"}],"about":[{"href":"https:\/\/mairie-montataire.fr\/de\/wp-json\/wp\/v2\/types\/event"}],"wp:featuredmedia":[{"embeddable":true,"href":"https:\/\/mairie-montataire.fr\/de\/wp-json\/wp\/v2\/media\/5757"}],"wp:attachment":[{"href":"https:\/\/mairie-montataire.fr\/de\/wp-json\/wp\/v2\/media?parent=5756"}],"wp:term":[{"taxonomy":"event-theme","embeddable":true,"href":"https:\/\/mairie-montataire.fr\/de\/wp-json\/wp\/v2\/event-theme?post=5756"}],"curies":[{"name":"wp","href":"https:\/\/api.w.org\/{rel}","templated":true}]}}

<p><strong>Die Stadt Montataire organisiert in Zusammenarbeit mit den patriotischen Vereinigungen eine Gedenkfeier anlässlich des 64.<sup>e</sup> Jahrestag des Endes des Algerienkriegs. Dieses Ereignis findet am Donnerstag, den 19. März 2026 statt und bietet die Gelegenheit, das Andenken an die Opfer zu ehren und an die Bedeutung der Erinnerungspflicht zu erinnern.</strong></p>



<ul class="wp-block-list">
<li>Die Zeremonie beginnt um <strong>18h</strong> mit einer Kundgebung vor der Edmond-Leveillé-Schule. </li>



<li>Anschließend findet eine Parade bis zum Gefallenendenkmal auf dem Rathausplatz statt. </li>



<li>Mehrere Höhepunkte werden diesen Moment der Besinnung prägen: Kranzniederlegung, Totenglockenläuten, Schweigeminute, Ansprache des Bürgermeisters Jean-Pierre Bosino und Rede des Vertreters der AFN-Alterskameraden. </li>



<li>Die Marseillaise wird diese erste Sequenz der Gedenkfeier abschließen.</li>



<li>Anschließend marschiert die Prozession weiter zur Stele auf dem Pierre und Léa Léger-Platz, wo eine zweite Zeremonie stattfindet. Diese wird von einer weiteren Ehrung mit Kranzniederlegung, Totenaufruf und Andacht geprägt sein.</li>
</ul>



<p><strong>Im Anschluss an die Zeremonie wird im Untergeschoss B des Rathauses ein Ehrenwein angeboten.</strong></p>



<p>Die Gemeinde lädt alle Einwohner ein, sich diesem Ereignis anzuschließen, um das Gedenken an die Kämpfer und Opfer des Algerienkriegs zu ehren. Dieser feierliche Moment ist eine Gelegenheit, die Geschichte weiterzugeben und an die Werte des Friedens und der Brüderlichkeit zu erinnern.</p>

La ville de Montataire organise, en collaboration avec les associations patriotiques, une cérémonie de commémoration à l’occasion du 64e anniversaire de la fin de la guerre d’Algérie. Cet événement se déroulera le jeudi 19 mars 2026 et sera l’occasion d’honorer la mémoire des victimes et de rappeler l’importance du devoir de mémoire. À l’issue de&hellip;
