{"id":5748,"date":"2025-02-25T14:20:09","date_gmt":"2025-02-25T14:20:09","guid":{"rendered":"https:\/\/mairie-montataire.fr\/?post_type=event&#038;p=5748"},"modified":"2025-02-25T14:20:09","modified_gmt":"2025-02-25T14:20:09","slug":"offentliche-versammlung-der-anwohner-der-rue-victor-hugo","status":"publish","type":"event","link":"https:\/\/mairie-montataire.fr\/de\/agenda\/rencontres\/reunion-publique-riverains-de-la-rue-victor-hugo\/","title":{"rendered":"\u00d6ffentliches Treffen - Anwohner der Rue Victor Hugo"},"content":{"rendered":"<p><strong>Die Stadtverwaltung von Montataire l\u00e4dt die Anwohner der Rue Victor Hugo zu einem \u00f6ffentlichen Treffen ein, um sich \u00fcber die Parksituation in diesem Gebiet auszutauschen. Dieser Moment des Austauschs wird es erm\u00f6glichen, m\u00f6gliche L\u00f6sungen zur Verbesserung der Situation zu er\u00f6rtern.<\/strong><\/p>\n\n\n\n<p>Ihre Anwesenheit und Teilnahme sind wichtig, um gemeinsam Antworten zu finden, die den Bed\u00fcrfnissen aller gerecht werden. Kommen Sie zahlreich!<\/p>\n\n\n\n<p><\/p>","protected":false},"featured_media":5747,"parent":0,"template":"","meta":{"_acf_changed":true,"_uag_custom_page_level_css":""},"event-theme":[78],"class_list":["post-5748","event","type-event","status-publish","has-post-thumbnail","hentry","event-theme-rencontres"],"acf":[],"uagb_featured_image_src":{"full":["https:\/\/mairie-montataire.fr\/app\/uploads\/2025\/02\/Agenda_ReuPubliqueVictorHugo.jpg",450,335,false],"thumbnail":["https:\/\/mairie-montataire.fr\/app\/uploads\/2025\/02\/Agenda_ReuPubliqueVictorHugo-150x150.jpg",150,150,true],"medium":["https:\/\/mairie-montataire.fr\/app\/uploads\/2025\/02\/Agenda_ReuPubliqueVictorHugo-300x223.jpg",300,223,true],"medium_large":["https:\/\/mairie-montataire.fr\/app\/uploads\/2025\/02\/Agenda_ReuPubliqueVictorHugo.jpg",450,335,false],"large":["https:\/\/mairie-montataire.fr\/app\/uploads\/2025\/02\/Agenda_ReuPubliqueVictorHugo.jpg",450,335,false],"1536x1536":["https:\/\/mairie-montataire.fr\/app\/uploads\/2025\/02\/Agenda_ReuPubliqueVictorHugo.jpg",450,335,false],"2048x2048":["https:\/\/mairie-montataire.fr\/app\/uploads\/2025\/02\/Agenda_ReuPubliqueVictorHugo.jpg",450,335,false],"trp-custom-language-flag":["https:\/\/mairie-montataire.fr\/app\/uploads\/2025\/02\/Agenda_ReuPubliqueVictorHugo-16x12.jpg",16,12,true],"gform-image-choice-sm":["https:\/\/mairie-montataire.fr\/app\/uploads\/2025\/02\/Agenda_ReuPubliqueVictorHugo.jpg",300,223,false],"gform-image-choice-md":["https:\/\/mairie-montataire.fr\/app\/uploads\/2025\/02\/Agenda_ReuPubliqueVictorHugo.jpg",400,298,false],"gform-image-choice-lg":["https:\/\/mairie-montataire.fr\/app\/uploads\/2025\/02\/Agenda_ReuPubliqueVictorHugo.jpg",450,335,false]},"uagb_author_info":{"display_name":"Laure Pubert","author_link":"https:\/\/mairie-montataire.fr\/de\/actualites\/author\/"},"uagb_comment_info":0,"uagb_excerpt":"La municipalit\u00e9 de Montataire invite les riverains de la rue Victor Hugo \u00e0 une r\u00e9union publique afin d\u2019\u00e9changer sur les questions de stationnement dans la zone. Ce moment d\u2019\u00e9change permettra de voir des solutions envisageables pour am\u00e9liorer la situation. Votre pr\u00e9sence et votre participation sont essentielles pour trouver ensemble des r\u00e9ponses adapt\u00e9es aux besoins de&hellip;","_links":{"self":[{"href":"https:\/\/mairie-montataire.fr\/de\/wp-json\/wp\/v2\/event\/5748","targetHints":{"allow":["GET"]}}],"collection":[{"href":"https:\/\/mairie-montataire.fr\/de\/wp-json\/wp\/v2\/event"}],"about":[{"href":"https:\/\/mairie-montataire.fr\/de\/wp-json\/wp\/v2\/types\/event"}],"wp:featuredmedia":[{"embeddable":true,"href":"https:\/\/mairie-montataire.fr\/de\/wp-json\/wp\/v2\/media\/5747"}],"wp:attachment":[{"href":"https:\/\/mairie-montataire.fr\/de\/wp-json\/wp\/v2\/media?parent=5748"}],"wp:term":[{"taxonomy":"event-theme","embeddable":true,"href":"https:\/\/mairie-montataire.fr\/de\/wp-json\/wp\/v2\/event-theme?post=5748"}],"curies":[{"name":"wp","href":"https:\/\/api.w.org\/{rel}","templated":true}]}}

Öffentliches Treffen - Anwohner der Rue Victor Hugo

<p><strong>Die Stadtverwaltung von Montataire lädt die Anwohner der Rue Victor Hugo zu einem öffentlichen Treffen ein, um sich über die Parksituation in diesem Gebiet auszutauschen. Dieser Moment des Austauschs wird es ermöglichen, mögliche Lösungen zur Verbesserung der Situation zu erörtern.</strong></p>



<p>Ihre Anwesenheit und Teilnahme sind wichtig, um gemeinsam Antworten zu finden, die den Bedürfnissen aller gerecht werden. Kommen Sie zahlreich!</p>



<p></p>

La municipalité de Montataire invite les riverains de la rue Victor Hugo à une réunion publique afin d’échanger sur les questions de stationnement dans la zone. Ce moment d’échange permettra de voir des solutions envisageables pour améliorer la situation. Votre présence et votre participation sont essentielles pour trouver ensemble des réponses adaptées aux besoins de&hellip;
