{"id":5725,"date":"2025-02-23T08:00:00","date_gmt":"2025-02-23T08:00:00","guid":{"rendered":"https:\/\/mairie-montataire.fr\/?post_type=event&#038;p=5725"},"modified":"2026-02-20T08:08:17","modified_gmt":"2026-02-20T08:08:17","slug":"6h-schwimmen","status":"publish","type":"event","link":"https:\/\/mairie-montataire.fr\/de\/agenda\/vie-associative\/6h-de-nage\/","title":{"rendered":"6h Schwimmen"},"content":{"rendered":"<p>L'<a href=\"https:\/\/mairie-montataire.fr\/de\/verzeichnisse\/vereine-2\/sport\/aquatic-club-intercommunal-de-montataire-acim\/\">Interkommunaler Aquatic Club von Montataire<\/a> (ACIM) organisiert eine Benefizveranstaltung zugunsten der<a href=\"https:\/\/www.snsm.org\/retrouvez-les-sauveteurs-en-mer-pres-de-chez-vous\" target=\"_blank\" rel=\"noreferrer noopener\"> Nationale Gesellschaft f\u00fcr Seenotrettung<\/a> (SNSM). Dieses Jahr finden die \u00ab6h de natation\u00bb am Sonntag, den 22. M\u00e4rz statt.<\/p>\n\n\n\n<p>Sowohl Anf\u00e4nger als auch erfahrene Schwimmer k\u00f6nnen daran teilnehmen. <strong>Jede Teilnahme ist eine Spende zugunsten der Rettungsorganisation. ACIM spendet also alle Eintrittsgelder und 1\u20ac f\u00fcr jeden geschwommenen Kilometer.<\/strong><\/p>\n\n\n\n<div class=\"wp-block-uagb-image aligncenter uagb-block-d32b71d0 wp-block-uagb-image--layout-default wp-block-uagb-image--effect-static wp-block-uagb-image--align-center\"><figure class=\"wp-block-uagb-image__figure\"><img decoding=\"async\" srcset=\"https:\/\/mairie-montataire.fr\/app\/uploads\/2025\/02\/aff_6hdenage2026-v2-HDpdf.png ,https:\/\/mairie-montataire.fr\/app\/uploads\/2025\/02\/aff_6hdenage2026-v2-HDpdf.png 780w, https:\/\/mairie-montataire.fr\/app\/uploads\/2025\/02\/aff_6hdenage2026-v2-HDpdf.png 360w\" sizes=\"auto, (max-width: 480px) 150px\" src=\"https:\/\/mairie-montataire.fr\/app\/uploads\/2025\/02\/aff_6hdenage2026-v2-HDpdf.png\" alt=\"\" class=\"uag-image-7618\" width=\"418\" height=\"591\" title=\"aff_6hdenage2026 v2 HDpdf\" loading=\"lazy\" role=\"img\"\/><\/figure><\/div>\n\n\n\n<p><\/p>","protected":false},"featured_media":7619,"parent":0,"template":"","meta":{"_acf_changed":true,"_uag_custom_page_level_css":""},"event-theme":[73],"class_list":["post-5725","event","type-event","status-publish","has-post-thumbnail","hentry","event-theme-vie-associative"],"acf":[],"uagb_featured_image_src":{"full":["https:\/\/mairie-montataire.fr\/app\/uploads\/2025\/02\/Agenda_6hNageACIM26.jpg",450,335,false],"thumbnail":["https:\/\/mairie-montataire.fr\/app\/uploads\/2025\/02\/Agenda_6hNageACIM26-150x150.jpg",150,150,true],"medium":["https:\/\/mairie-montataire.fr\/app\/uploads\/2025\/02\/Agenda_6hNageACIM26-300x223.jpg",300,223,true],"medium_large":["https:\/\/mairie-montataire.fr\/app\/uploads\/2025\/02\/Agenda_6hNageACIM26.jpg",450,335,false],"large":["https:\/\/mairie-montataire.fr\/app\/uploads\/2025\/02\/Agenda_6hNageACIM26.jpg",450,335,false],"1536x1536":["https:\/\/mairie-montataire.fr\/app\/uploads\/2025\/02\/Agenda_6hNageACIM26.jpg",450,335,false],"2048x2048":["https:\/\/mairie-montataire.fr\/app\/uploads\/2025\/02\/Agenda_6hNageACIM26.jpg",450,335,false],"trp-custom-language-flag":["https:\/\/mairie-montataire.fr\/app\/uploads\/2025\/02\/Agenda_6hNageACIM26-16x12.jpg",16,12,true],"gform-image-choice-sm":["https:\/\/mairie-montataire.fr\/app\/uploads\/2025\/02\/Agenda_6hNageACIM26.jpg",300,223,false],"gform-image-choice-md":["https:\/\/mairie-montataire.fr\/app\/uploads\/2025\/02\/Agenda_6hNageACIM26.jpg",400,298,false],"gform-image-choice-lg":["https:\/\/mairie-montataire.fr\/app\/uploads\/2025\/02\/Agenda_6hNageACIM26.jpg",450,335,false]},"uagb_author_info":{"display_name":"Laure Pubert","author_link":"https:\/\/mairie-montataire.fr\/de\/actualites\/author\/"},"uagb_comment_info":0,"uagb_excerpt":"L\u2019Aquatic Club Intercommunal de Montataire (ACIM) organise un \u00e9v\u00e9nement caritatif au profit de la Soci\u00e9t\u00e9 Nationale du Sauvetage en Mer (SNSM). Cette ann\u00e9e les \u00ab\u00a06h de natation\u00a0\u00bb se d\u00e9rouleront le dimanche 22 mars. Les nageurs d\u00e9butants comme chevronn\u00e9s peuvent y participer. Chaque participation est un don au profit de l\u2019association de sauvetage. L\u2019ACIM reverse donc&hellip;","_links":{"self":[{"href":"https:\/\/mairie-montataire.fr\/de\/wp-json\/wp\/v2\/event\/5725","targetHints":{"allow":["GET"]}}],"collection":[{"href":"https:\/\/mairie-montataire.fr\/de\/wp-json\/wp\/v2\/event"}],"about":[{"href":"https:\/\/mairie-montataire.fr\/de\/wp-json\/wp\/v2\/types\/event"}],"wp:featuredmedia":[{"embeddable":true,"href":"https:\/\/mairie-montataire.fr\/de\/wp-json\/wp\/v2\/media\/7619"}],"wp:attachment":[{"href":"https:\/\/mairie-montataire.fr\/de\/wp-json\/wp\/v2\/media?parent=5725"}],"wp:term":[{"taxonomy":"event-theme","embeddable":true,"href":"https:\/\/mairie-montataire.fr\/de\/wp-json\/wp\/v2\/event-theme?post=5725"}],"curies":[{"name":"wp","href":"https:\/\/api.w.org\/{rel}","templated":true}]}}

<p>L'<a href="https://mairie-montataire.fr/de/verzeichnisse/vereine-2/sport/aquatic-club-intercommunal-de-montataire-acim/">Interkommunaler Aquatic Club von Montataire</a> (ACIM) organisiert eine Benefizveranstaltung zugunsten der<a href="https://www.snsm.org/retrouvez-les-sauveteurs-en-mer-pres-de-chez-vous" target="_blank" rel="noreferrer noopener"> Nationale Gesellschaft für Seenotrettung</a> (SNSM). Dieses Jahr finden die «6h de natation» am Sonntag, den 22. März statt.</p>



<p>Sowohl Anfänger als auch erfahrene Schwimmer können daran teilnehmen. <strong>Jede Teilnahme ist eine Spende zugunsten der Rettungsorganisation. ACIM spendet also alle Eintrittsgelder und 1€ für jeden geschwommenen Kilometer.</strong></p>



<div class="wp-block-uagb-image aligncenter uagb-block-d32b71d0 wp-block-uagb-image--layout-default wp-block-uagb-image--effect-static wp-block-uagb-image--align-center"><figure class="wp-block-uagb-image__figure"><img decoding="async" srcset="https://mairie-montataire.fr/app/uploads/2025/02/aff_6hdenage2026-v2-HDpdf.png ,https://mairie-montataire.fr/app/uploads/2025/02/aff_6hdenage2026-v2-HDpdf.png 780w, https://mairie-montataire.fr/app/uploads/2025/02/aff_6hdenage2026-v2-HDpdf.png 360w" sizes="auto, (max-width: 480px) 150px" src="https://mairie-montataire.fr/app/uploads/2025/02/aff_6hdenage2026-v2-HDpdf.png" alt="" class="uag-image-7618" width="418" height="591" title="aff_6hdenage2026 v2 HDpdf" loading="lazy" role="img"/></figure></div>



<p></p>

L’Aquatic Club Intercommunal de Montataire (ACIM) organise un événement caritatif au profit de la Société Nationale du Sauvetage en Mer (SNSM). Cette année les « 6h de natation » se dérouleront le dimanche 22 mars. Les nageurs débutants comme chevronnés peuvent y participer. Chaque participation est un don au profit de l’association de sauvetage. L’ACIM reverse donc&hellip;
