{"id":5635,"date":"2025-02-01T13:10:00","date_gmt":"2025-02-01T13:10:00","guid":{"rendered":"https:\/\/mairie-montataire.fr\/?post_type=event&#038;p=5635"},"modified":"2025-01-29T13:28:38","modified_gmt":"2025-01-29T13:28:38","slug":"tag-der-offenen-tur-des-lycee","status":"publish","type":"event","link":"https:\/\/mairie-montataire.fr\/de\/agenda\/scolaire\/portes-ouvertes-du-lycee\/","title":{"rendered":"Tag der offenen T\u00fcr in der Schule"},"content":{"rendered":"<p>Die <a href=\"https:\/\/mairie-montataire.fr\/de\/verzeichnisse\/unterricht\/colleges-lycees\/lycee-andre-malraux\/\" target=\"_blank\" rel=\"noreferrer noopener\"><strong>Lyc\u00e9e Malraux in Montataire<\/strong><\/a> \u00f6ffnet ihre T\u00fcren, um Ihnen ihre Ausbildung, ihre Umgebung und ihr p\u00e4dagogisches Team vorzustellen. Egal, ob Sie ein Sch\u00fcler auf der Suche nach Orientierung, ein Elternteil oder einfach nur neugierig sind, diese Tage sind die ideale Gelegenheit, die Schule zu erkunden und alle Ihre Fragen zu stellen.<\/p>\n\n\n\n<h2 class=\"wp-block-heading\"><strong>Auf dem Programm stehen:<\/strong><\/h2>\n\n\n\n<ul style=\"font-style:normal;font-weight:400\" class=\"wp-block-list\">\n<li style=\"font-style:normal;font-weight:400\"><strong>Besuch der Schule<\/strong> : Entdecken Sie die Klassenzimmer, die Ausstattung und die den Sch\u00fclern gewidmeten Bereiche.<\/li>\n\n\n\n<li style=\"font-style:normal;font-weight:400\"><strong>Treffen mit Lehrern und Sch\u00fclern<\/strong> : Tauschen Sie sich mit denjenigen aus, die die Einrichtung t\u00e4glich am Leben erhalten.<\/li>\n\n\n\n<li style=\"font-style:normal;font-weight:400\"><strong>Vorstellung der Schulungen<\/strong> : Erhalten Sie alle Informationen zu den Studieng\u00e4ngen, Fachrichtungen und Lehrprojekten.<\/li>\n<\/ul>\n\n\n\n<div style=\"height:17px\" aria-hidden=\"true\" class=\"wp-block-spacer\"><\/div>\n\n\n\n<p>Diese Tage sind eine einzigartige Gelegenheit, das Umfeld des <strong>Malraux-Gymnasium<\/strong> und die richtige Wahl f\u00fcr Ihre schulische Zukunft treffen.<\/p>\n\n\n\n<p><strong>Weitere Informationen finden Sie auf seiner Website <\/strong>: <a href=\"https:\/\/lgt-andre-malraux-montataire.60.ac-amiens.fr\/\" target=\"_blank\" rel=\"noreferrer noopener\">lgt-andre-malraux-montataire.60.ac-amiens.fr<\/a><\/p>\n\n\n\n<p><\/p>","protected":false},"featured_media":5634,"parent":0,"template":"","meta":{"_acf_changed":true,"_uag_custom_page_level_css":""},"event-theme":[85],"class_list":["post-5635","event","type-event","status-publish","has-post-thumbnail","hentry","event-theme-scolaire"],"acf":[],"uagb_featured_image_src":{"full":["https:\/\/mairie-montataire.fr\/app\/uploads\/2025\/01\/Agenda_PortesOuvertesLyceeMalraux.jpg",300,224,false],"thumbnail":["https:\/\/mairie-montataire.fr\/app\/uploads\/2025\/01\/Agenda_PortesOuvertesLyceeMalraux-150x150.jpg",150,150,true],"medium":["https:\/\/mairie-montataire.fr\/app\/uploads\/2025\/01\/Agenda_PortesOuvertesLyceeMalraux.jpg",300,224,false],"medium_large":["https:\/\/mairie-montataire.fr\/app\/uploads\/2025\/01\/Agenda_PortesOuvertesLyceeMalraux.jpg",300,224,false],"large":["https:\/\/mairie-montataire.fr\/app\/uploads\/2025\/01\/Agenda_PortesOuvertesLyceeMalraux.jpg",300,224,false],"1536x1536":["https:\/\/mairie-montataire.fr\/app\/uploads\/2025\/01\/Agenda_PortesOuvertesLyceeMalraux.jpg",300,224,false],"2048x2048":["https:\/\/mairie-montataire.fr\/app\/uploads\/2025\/01\/Agenda_PortesOuvertesLyceeMalraux.jpg",300,224,false],"trp-custom-language-flag":["https:\/\/mairie-montataire.fr\/app\/uploads\/2025\/01\/Agenda_PortesOuvertesLyceeMalraux-16x12.jpg",16,12,true],"gform-image-choice-sm":["https:\/\/mairie-montataire.fr\/app\/uploads\/2025\/01\/Agenda_PortesOuvertesLyceeMalraux.jpg",300,224,false],"gform-image-choice-md":["https:\/\/mairie-montataire.fr\/app\/uploads\/2025\/01\/Agenda_PortesOuvertesLyceeMalraux.jpg",300,224,false],"gform-image-choice-lg":["https:\/\/mairie-montataire.fr\/app\/uploads\/2025\/01\/Agenda_PortesOuvertesLyceeMalraux.jpg",300,224,false]},"uagb_author_info":{"display_name":"Laure Pubert","author_link":"https:\/\/mairie-montataire.fr\/de\/actualites\/author\/"},"uagb_comment_info":0,"uagb_excerpt":"Le Lyc\u00e9e Malraux de Montataire ouvre ses portes pour vous faire d\u00e9couvrir ses formations, son environnement et son \u00e9quipe p\u00e9dagogique. Que vous soyez coll\u00e9gien en qu\u00eate d\u2019orientation, parent ou simplement curieux, ces journ\u00e9es sont l\u2019occasion id\u00e9ale pour explorer l\u2019\u00e9tablissement et poser toutes vos questions. Au programme : Ces journ\u00e9es sont une opportunit\u00e9 unique pour mieux&hellip;","_links":{"self":[{"href":"https:\/\/mairie-montataire.fr\/de\/wp-json\/wp\/v2\/event\/5635","targetHints":{"allow":["GET"]}}],"collection":[{"href":"https:\/\/mairie-montataire.fr\/de\/wp-json\/wp\/v2\/event"}],"about":[{"href":"https:\/\/mairie-montataire.fr\/de\/wp-json\/wp\/v2\/types\/event"}],"wp:featuredmedia":[{"embeddable":true,"href":"https:\/\/mairie-montataire.fr\/de\/wp-json\/wp\/v2\/media\/5634"}],"wp:attachment":[{"href":"https:\/\/mairie-montataire.fr\/de\/wp-json\/wp\/v2\/media?parent=5635"}],"wp:term":[{"taxonomy":"event-theme","embeddable":true,"href":"https:\/\/mairie-montataire.fr\/de\/wp-json\/wp\/v2\/event-theme?post=5635"}],"curies":[{"name":"wp","href":"https:\/\/api.w.org\/{rel}","templated":true}]}}

Tag der offenen Tür in der Schule

<p>Die <a href="https://mairie-montataire.fr/de/verzeichnisse/unterricht/colleges-lycees/lycee-andre-malraux/" target="_blank" rel="noreferrer noopener"><strong>Lycée Malraux in Montataire</strong></a> öffnet ihre Türen, um Ihnen ihre Ausbildung, ihre Umgebung und ihr pädagogisches Team vorzustellen. Egal, ob Sie ein Schüler auf der Suche nach Orientierung, ein Elternteil oder einfach nur neugierig sind, diese Tage sind die ideale Gelegenheit, die Schule zu erkunden und alle Ihre Fragen zu stellen.</p>



<h2 class="wp-block-heading"><strong>Auf dem Programm stehen:</strong></h2>



<ul style="font-style:normal;font-weight:400" class="wp-block-list">
<li style="font-style:normal;font-weight:400"><strong>Besuch der Schule</strong> : Entdecken Sie die Klassenzimmer, die Ausstattung und die den Schülern gewidmeten Bereiche.</li>



<li style="font-style:normal;font-weight:400"><strong>Treffen mit Lehrern und Schülern</strong> : Tauschen Sie sich mit denjenigen aus, die die Einrichtung täglich am Leben erhalten.</li>



<li style="font-style:normal;font-weight:400"><strong>Vorstellung der Schulungen</strong> : Erhalten Sie alle Informationen zu den Studiengängen, Fachrichtungen und Lehrprojekten.</li>
</ul>



<div style="height:17px" aria-hidden="true" class="wp-block-spacer"></div>



<p>Diese Tage sind eine einzigartige Gelegenheit, das Umfeld des <strong>Malraux-Gymnasium</strong> und die richtige Wahl für Ihre schulische Zukunft treffen.</p>



<p><strong>Weitere Informationen finden Sie auf seiner Website </strong>: <a href="https://lgt-andre-malraux-montataire.60.ac-amiens.fr/" target="_blank" rel="noreferrer noopener">lgt-andre-malraux-montataire.60.ac-amiens.fr</a></p>



<p></p>

Le Lycée Malraux de Montataire ouvre ses portes pour vous faire découvrir ses formations, son environnement et son équipe pédagogique. Que vous soyez collégien en quête d’orientation, parent ou simplement curieux, ces journées sont l’occasion idéale pour explorer l’établissement et poser toutes vos questions. Au programme : Ces journées sont une opportunité unique pour mieux&hellip;
