{"id":5625,"date":"2025-05-06T08:00:00","date_gmt":"2025-05-06T08:00:00","guid":{"rendered":"https:\/\/mairie-montataire.fr\/?post_type=event&#038;p=5625"},"modified":"2026-04-29T14:16:44","modified_gmt":"2026-04-29T14:16:44","slug":"konzertierungsworkshop","status":"publish","type":"event","link":"https:\/\/mairie-montataire.fr\/de\/agenda\/rencontres\/atelier-de-concertation\/","title":{"rendered":"Konzert-Workshop: Av. Gabriel P\u00e9ri"},"content":{"rendered":"<h2 class=\"wp-block-heading\"><strong>Et si on imaginait ensemble l<\/strong>&lsquo;avenue Gabriel P\u00e9ri<strong> ?<\/strong><\/h2>\n\n\n\n<p>Die <strong>Stadterneuerungsprogramm<\/strong> verwandelt unsere Stadt weiterhin, und dieses Mal werden wir im Herzen von Martinets gemeinsam die Zukunft gestalten!<\/p>\n\n\n\n<h2 class=\"wp-block-heading\"><strong>Nehmen Sie am kollaborativen Workshop teil<\/strong><\/h2>\n\n\n\n<p>Wir treffen uns am <strong>mercredi 20 mai d\u00e8s 16h30, au 29-31 avenue Gabriel P\u00e9ri<\/strong> (s&rsquo;il pleut, le rendez-vous est \u00e0 l&rsquo;Espace Huberte d&rsquo;Hoker). Cet \u00e9v\u00e9nement commencera par une <strong>gef\u00fchrte Tour durch die zu gestaltenden R\u00e4ume<\/strong>Um das Potenzial dieses Projekts zu veranschaulichen, sollten Sie sich die folgenden Seiten ansehen.<\/p>\n\n\n\n<p>Ensuite, le mercredi suivant, le 27 mai, \u00e0 16h30, sera organis\u00e9 un diagnostic en marchant pour discuter des am\u00e9nagements \u00e9voqu\u00e9s lors de l\u2019atelier du 20 mai. Rendez-vous au 39 Gabriel P\u00e9ri.<\/p>\n\n\n\n<h2 class=\"wp-block-heading\"><strong>Ihre Meinung z\u00e4hlt!<\/strong><\/h2>\n\n\n\n<p>Dieses Projekt wurde f\u00fcr und mit den Bewohnern erdacht: Ihre Stimme ist entscheidend, um das Herz der Martinets neu zu gestalten und aus diesem Viertel einen Raum zu machen, der Ihnen \u00e4hnelt.<\/p>\n\n\n\n<p><\/p>","protected":false},"featured_media":5626,"parent":0,"template":"","meta":{"_acf_changed":true,"_uag_custom_page_level_css":""},"event-theme":[78],"class_list":["post-5625","event","type-event","status-publish","has-post-thumbnail","hentry","event-theme-rencontres"],"acf":[],"uagb_featured_image_src":{"full":["https:\/\/mairie-montataire.fr\/app\/uploads\/2025\/01\/Agenda_PRU.jpg",450,335,false],"thumbnail":["https:\/\/mairie-montataire.fr\/app\/uploads\/2025\/01\/Agenda_PRU-150x150.jpg",150,150,true],"medium":["https:\/\/mairie-montataire.fr\/app\/uploads\/2025\/01\/Agenda_PRU-300x223.jpg",300,223,true],"medium_large":["https:\/\/mairie-montataire.fr\/app\/uploads\/2025\/01\/Agenda_PRU.jpg",450,335,false],"large":["https:\/\/mairie-montataire.fr\/app\/uploads\/2025\/01\/Agenda_PRU.jpg",450,335,false],"1536x1536":["https:\/\/mairie-montataire.fr\/app\/uploads\/2025\/01\/Agenda_PRU.jpg",450,335,false],"2048x2048":["https:\/\/mairie-montataire.fr\/app\/uploads\/2025\/01\/Agenda_PRU.jpg",450,335,false],"trp-custom-language-flag":["https:\/\/mairie-montataire.fr\/app\/uploads\/2025\/01\/Agenda_PRU-16x12.jpg",16,12,true],"gform-image-choice-sm":["https:\/\/mairie-montataire.fr\/app\/uploads\/2025\/01\/Agenda_PRU-300x300.jpg",300,300,true],"gform-image-choice-md":["https:\/\/mairie-montataire.fr\/app\/uploads\/2025\/01\/Agenda_PRU-400x335.jpg",400,335,true],"gform-image-choice-lg":["https:\/\/mairie-montataire.fr\/app\/uploads\/2025\/01\/Agenda_PRU.jpg",450,335,false]},"uagb_author_info":{"display_name":"Laure Pubert","author_link":"https:\/\/mairie-montataire.fr\/de\/actualites\/author\/"},"uagb_comment_info":0,"uagb_excerpt":"Et si on imaginait ensemble l&lsquo;avenue Gabriel P\u00e9ri ? Le programme de r\u00e9novation urbaine continue de transformer notre ville, et cette fois, c\u2019est au c\u0153ur des Martinets que nous allons construire l\u2019avenir ensemble ! Participez \u00e0 l\u2019atelier collaboratif Nous vous donnons rendez-vous le mercredi 20 mai d\u00e8s 16h30, au 29-31 avenue Gabriel P\u00e9ri (s&rsquo;il pleut,&hellip;","_links":{"self":[{"href":"https:\/\/mairie-montataire.fr\/de\/wp-json\/wp\/v2\/event\/5625","targetHints":{"allow":["GET"]}}],"collection":[{"href":"https:\/\/mairie-montataire.fr\/de\/wp-json\/wp\/v2\/event"}],"about":[{"href":"https:\/\/mairie-montataire.fr\/de\/wp-json\/wp\/v2\/types\/event"}],"wp:featuredmedia":[{"embeddable":true,"href":"https:\/\/mairie-montataire.fr\/de\/wp-json\/wp\/v2\/media\/5626"}],"wp:attachment":[{"href":"https:\/\/mairie-montataire.fr\/de\/wp-json\/wp\/v2\/media?parent=5625"}],"wp:term":[{"taxonomy":"event-theme","embeddable":true,"href":"https:\/\/mairie-montataire.fr\/de\/wp-json\/wp\/v2\/event-theme?post=5625"}],"curies":[{"name":"wp","href":"https:\/\/api.w.org\/{rel}","templated":true}]}}

Konzert-Workshop: Av. Gabriel Péri

<h2 class="wp-block-heading"><strong>Et si on imaginait ensemble l</strong>&lsquo;avenue Gabriel Péri<strong> ?</strong></h2>



<p>Die <strong>Stadterneuerungsprogramm</strong> verwandelt unsere Stadt weiterhin, und dieses Mal werden wir im Herzen von Martinets gemeinsam die Zukunft gestalten!</p>



<h2 class="wp-block-heading"><strong>Nehmen Sie am kollaborativen Workshop teil</strong></h2>



<p>Wir treffen uns am <strong>mercredi 20 mai dès 16h30, au 29-31 avenue Gabriel Péri</strong> (s&rsquo;il pleut, le rendez-vous est à l&rsquo;Espace Huberte d&rsquo;Hoker). Cet événement commencera par une <strong>geführte Tour durch die zu gestaltenden Räume</strong>Um das Potenzial dieses Projekts zu veranschaulichen, sollten Sie sich die folgenden Seiten ansehen.</p>



<p>Ensuite, le mercredi suivant, le 27 mai, à 16h30, sera organisé un diagnostic en marchant pour discuter des aménagements évoqués lors de l’atelier du 20 mai. Rendez-vous au 39 Gabriel Péri.</p>



<h2 class="wp-block-heading"><strong>Ihre Meinung zählt!</strong></h2>



<p>Dieses Projekt wurde für und mit den Bewohnern erdacht: Ihre Stimme ist entscheidend, um das Herz der Martinets neu zu gestalten und aus diesem Viertel einen Raum zu machen, der Ihnen ähnelt.</p>



<p></p>

Et si on imaginait ensemble l&lsquo;avenue Gabriel Péri ? Le programme de rénovation urbaine continue de transformer notre ville, et cette fois, c’est au cœur des Martinets que nous allons construire l’avenir ensemble ! Participez à l’atelier collaboratif Nous vous donnons rendez-vous le mercredi 20 mai dès 16h30, au 29-31 avenue Gabriel Péri (s&rsquo;il pleut,&hellip;
