{"id":5549,"date":"2026-01-08T10:55:52","date_gmt":"2026-01-08T10:55:52","guid":{"rendered":"https:\/\/mairie-montataire.fr\/?post_type=event&#038;p=5549"},"modified":"2026-01-30T10:28:48","modified_gmt":"2026-01-30T10:28:48","slug":"recrutjeunes","status":"publish","type":"event","link":"https:\/\/mairie-montataire.fr\/de\/agenda\/evenement\/recrutjeunes\/","title":{"rendered":"Recrut'Jeunes"},"content":{"rendered":"<p>Die Stadt Montataire organisiert eine Veranstaltung, die f\u00fcr junge Leute, die einen Saisonjob oder eine BAFA-Ausbildung suchen, ein Muss ist: <strong>Recrut'Jeunes<\/strong>. Bei diesem einmaligen Termin k\u00f6nnen Sie direkt mit Personalvermittlern zusammentreffen und sich bei den vor Ort organisierten Vorstellungsgespr\u00e4chen von der Masse abheben.<\/p>\n\n\n\n<h2 class=\"wp-block-heading\"><strong>Viele M\u00f6glichkeiten f\u00fcr junge Menschen<\/strong><\/h2>\n\n\n\n<p>Diese Veranstaltung bietet ein breites Spektrum an M\u00f6glichkeiten:<\/p>\n\n\n\n<ul style=\"font-style:normal;font-weight:400\" class=\"wp-block-list\">\n<li style=\"font-style:normal;font-weight:400\"><strong>10 Saisonarbeitspl\u00e4tze<\/strong> die in den Monaten Juli und August in den Abteilungen des Rathauses zu besetzen sind.<\/li>\n\n\n\n<li style=\"font-style:normal;font-weight:400\"><strong>Stellen f\u00fcr Animateure mit BAFA-Diplom<\/strong>Im Sommer sind sie im Freizeitzentrum erh\u00e4ltlich.<\/li>\n\n\n\n<li style=\"font-style:normal;font-weight:400\"><strong>15 BAFA-Ausbildungen, die vollst\u00e4ndig von der Stadt finanziert wurden<\/strong> f\u00fcr Jugendliche zwischen 16 und 25 Jahren.<\/li>\n<\/ul>\n\n\n\n<h2 class=\"wp-block-heading\"><strong>Informationen zu den Interviews<\/strong><\/h2>\n\n\n\n<ul class=\"wp-block-list\">\n<li>Das Gespr\u00e4ch dauert 15 Minuten.<\/li>\n\n\n\n<li>Sie k\u00f6nnen maximal zwei Vorstellungsgespr\u00e4che f\u00fchren.<\/li>\n\n\n\n<li>Sie m\u00fcssen am 1. Januar 18 Jahre alt sein.<sup>er<\/sup> Juli 2026, um sich zu bewerben.<\/li>\n\n\n\n<li>F\u00fcr Stellen als Betreuerin oder Betreuer im Freizeitzentrum (ALSH) m\u00fcssen Sie am 18. April 2026 16 Jahre alt sein.<\/li>\n<\/ul>\n\n\n<div class=\"highlight\">\n                <div class=\"highlight__description\"><p><strong>Vergessen Sie Ihren Lebenslauf, Ihren Personalausweis und das Informationsblatt nicht, denn die Vorstellungsgespr\u00e4che finden direkt vor Ort statt.<\/strong><\/p>\n<p><em>Wenn Sie keinen Lebenslauf haben, wird Ihnen am Tag der Veranstaltung ein leerer Lebenslauf ausgeh\u00e4ndigt.<\/em><\/p>\n<\/div>\n    <\/div>\n\n\n<div class=\"wp-block-uagb-icon-list uagb-block-b4d6c002\"><div class=\"uagb-icon-list__wrap\">\n<div class=\"wp-block-uagb-icon-list-child uagb-block-b61127d2\"><a target=\"_blank\" aria-label=\"Steckbrief (muss f\u00fcr die Rekrutierung ausgef\u00fcllt und ausgedruckt werden - jeder Steckbrief \u00fcber das Telefon wird nicht akzeptiert)\" rel=\"noopener noreferrer\" href=\"https:\/\/mairie-montataire.fr\/de\/app\/uploads\/2026\/01\/Recrutjeunes-2026-Fiche-de-renseignements-pour-Candidature.pdf\/\"> <\/a><span class=\"uagb-icon-list__source-wrap\"><svg xmlns=\"https:\/\/www.w3.org\/2000\/svg\" viewbox=\"0 0 384 512\"><path d=\"M256 0v128h128L256 0zM224 128L224 0H48C21.49 0 0 21.49 0 48v416C0 490.5 21.49 512 48 512h288c26.51 0 48-21.49 48-48V160h-127.1C238.3 160 224 145.7 224 128zM272 416h-160C103.2 416 96 408.8 96 400C96 391.2 103.2 384 112 384h160c8.836 0 16 7.162 16 16C288 408.8 280.8 416 272 416zM272 352h-160C103.2 352 96 344.8 96 336C96 327.2 103.2 320 112 320h160c8.836 0 16 7.162 16 16C288 344.8 280.8 352 272 352zM288 272C288 280.8 280.8 288 272 288h-160C103.2 288 96 280.8 96 272C96 263.2 103.2 256 112 256h160C280.8 256 288 263.2 288 272z\"><\/path><\/svg><\/span><span class=\"uagb-icon-list__label\"><strong>Steckbrief (muss f\u00fcr die Rekrutierung ausgef\u00fcllt und ausgedruckt werden - jeder Steckbrief \u00fcber das Telefon wird nicht akzeptiert)<\/strong><\/span><\/div>\n<\/div><\/div>\n\n\n\n<h2 class=\"wp-block-heading\"><strong>Bereiten Sie sich auf ein erfolgreiches Vorstellungsgespr\u00e4ch vor<\/strong><\/h2>\n\n\n\n<p>Um Ihre Erfolgschancen zu maximieren, sollten Sie bei Ihrem Vorstellungsgespr\u00e4ch folgende Verhaltensweisen anwenden:<\/p>\n\n\n\n<h3 class=\"wp-block-heading\"><strong>1. Achten Sie auf Ihre Pr\u00e4sentation<\/strong><\/h3>\n\n\n\n<p>Kleiden Sie sich professionell und der gesuchten Stelle angemessen. Korrekte Kleidung zeigt Ihre Ernsthaftigkeit und Ihren Respekt vor dem Personalverantwortlichen.<\/p>\n\n\n\n<h3 class=\"wp-block-heading\"><strong>2. Bereiten Sie Ihre Rede vor<\/strong><\/h3>\n\n\n\n<ul class=\"wp-block-list\">\n<li>Informieren Sie sich \u00fcber die Stelle und die angebotenen Aufgaben.<\/li>\n\n\n\n<li>K\u00f6nnen Sie \u00fcber Ihre F\u00e4higkeiten, Erfahrungen und das, was Sie dem Unternehmen oder der betreffenden Abteilung bringen k\u00f6nnen, sprechen.<\/li>\n<\/ul>\n\n\n\n<h3 class=\"wp-block-heading\"><strong>3. Bringen Sie die notwendigen Dokumente mit<\/strong><\/h3>\n\n\n\n<p>Zus\u00e4tzlich zu Ihrem Lebenslauf sollten Sie auch andere Unterlagen mitbringen, die Ihre Bewerbung unterst\u00fctzen k\u00f6nnten.<\/p>\n\n\n\n<h3 class=\"wp-block-heading\"><strong>4. Zeigen Sie Ihre Motivation<\/strong><\/h3>\n\n\n\n<p>Seien Sie p\u00fcnktlich, dynamisch und stellen Sie relevante Fragen. Dies wird Ihr Interesse an der Stelle und Ihr Engagement unter Beweis stellen.<\/p>\n\n\n\n<h3 class=\"wp-block-heading\"><strong>5. Bleiben Sie nat\u00fcrlich<\/strong><\/h3>\n\n\n\n<p>Seien Sie Sie selbst und betonen Sie gleichzeitig Ihre St\u00e4rken. Aufrichtigkeit und Selbstvertrauen sind Ihre gr\u00f6\u00dften St\u00e4rken.<\/p>\n\n\n\n<p><\/p>","protected":false},"featured_media":7455,"parent":0,"template":"","meta":{"_acf_changed":false,"_uag_custom_page_level_css":""},"event-theme":[88],"class_list":["post-5549","event","type-event","status-publish","has-post-thumbnail","hentry","event-theme-evenement"],"acf":[],"uagb_featured_image_src":{"full":["https:\/\/mairie-montataire.fr\/app\/uploads\/2026\/01\/Agenda_RecrutJeunes26.jpg",450,335,false],"thumbnail":["https:\/\/mairie-montataire.fr\/app\/uploads\/2026\/01\/Agenda_RecrutJeunes26-150x150.jpg",150,150,true],"medium":["https:\/\/mairie-montataire.fr\/app\/uploads\/2026\/01\/Agenda_RecrutJeunes26-300x223.jpg",300,223,true],"medium_large":["https:\/\/mairie-montataire.fr\/app\/uploads\/2026\/01\/Agenda_RecrutJeunes26.jpg",450,335,false],"large":["https:\/\/mairie-montataire.fr\/app\/uploads\/2026\/01\/Agenda_RecrutJeunes26.jpg",450,335,false],"1536x1536":["https:\/\/mairie-montataire.fr\/app\/uploads\/2026\/01\/Agenda_RecrutJeunes26.jpg",450,335,false],"2048x2048":["https:\/\/mairie-montataire.fr\/app\/uploads\/2026\/01\/Agenda_RecrutJeunes26.jpg",450,335,false],"trp-custom-language-flag":["https:\/\/mairie-montataire.fr\/app\/uploads\/2026\/01\/Agenda_RecrutJeunes26-16x12.jpg",16,12,true],"gform-image-choice-sm":["https:\/\/mairie-montataire.fr\/app\/uploads\/2026\/01\/Agenda_RecrutJeunes26.jpg",300,223,false],"gform-image-choice-md":["https:\/\/mairie-montataire.fr\/app\/uploads\/2026\/01\/Agenda_RecrutJeunes26.jpg",400,298,false],"gform-image-choice-lg":["https:\/\/mairie-montataire.fr\/app\/uploads\/2026\/01\/Agenda_RecrutJeunes26.jpg",450,335,false]},"uagb_author_info":{"display_name":"Laure Pubert","author_link":"https:\/\/mairie-montataire.fr\/de\/actualites\/author\/"},"uagb_comment_info":0,"uagb_excerpt":"La Ville de Montataire organise un \u00e9v\u00e9nement incontournable pour les jeunes en qu\u00eate d\u2019un emploi saisonnier ou d\u2019une formation BAFA : Recrut&rsquo;Jeunes. Ce rendez-vous unique vous permet de rencontrer directement les recruteurs et de vous d\u00e9marquer lors d&rsquo;entretiens organis\u00e9s sur place. De nombreuses opportunit\u00e9s pour les jeunes Cet \u00e9v\u00e9nement offre un large panel de possibilit\u00e9s&hellip;","_links":{"self":[{"href":"https:\/\/mairie-montataire.fr\/de\/wp-json\/wp\/v2\/event\/5549","targetHints":{"allow":["GET"]}}],"collection":[{"href":"https:\/\/mairie-montataire.fr\/de\/wp-json\/wp\/v2\/event"}],"about":[{"href":"https:\/\/mairie-montataire.fr\/de\/wp-json\/wp\/v2\/types\/event"}],"wp:featuredmedia":[{"embeddable":true,"href":"https:\/\/mairie-montataire.fr\/de\/wp-json\/wp\/v2\/media\/7455"}],"wp:attachment":[{"href":"https:\/\/mairie-montataire.fr\/de\/wp-json\/wp\/v2\/media?parent=5549"}],"wp:term":[{"taxonomy":"event-theme","embeddable":true,"href":"https:\/\/mairie-montataire.fr\/de\/wp-json\/wp\/v2\/event-theme?post=5549"}],"curies":[{"name":"wp","href":"https:\/\/api.w.org\/{rel}","templated":true}]}}

<p>Die Stadt Montataire organisiert eine Veranstaltung, die für junge Leute, die einen Saisonjob oder eine BAFA-Ausbildung suchen, ein Muss ist: <strong>Recrut'Jeunes</strong>. Bei diesem einmaligen Termin können Sie direkt mit Personalvermittlern zusammentreffen und sich bei den vor Ort organisierten Vorstellungsgesprächen von der Masse abheben.</p>



<h2 class="wp-block-heading"><strong>Viele Möglichkeiten für junge Menschen</strong></h2>



<p>Diese Veranstaltung bietet ein breites Spektrum an Möglichkeiten:</p>



<ul style="font-style:normal;font-weight:400" class="wp-block-list">
<li style="font-style:normal;font-weight:400"><strong>10 Saisonarbeitsplätze</strong> die in den Monaten Juli und August in den Abteilungen des Rathauses zu besetzen sind.</li>



<li style="font-style:normal;font-weight:400"><strong>Stellen für Animateure mit BAFA-Diplom</strong>Im Sommer sind sie im Freizeitzentrum erhältlich.</li>



<li style="font-style:normal;font-weight:400"><strong>15 BAFA-Ausbildungen, die vollständig von der Stadt finanziert wurden</strong> für Jugendliche zwischen 16 und 25 Jahren.</li>
</ul>



<h2 class="wp-block-heading"><strong>Informationen zu den Interviews</strong></h2>



<ul class="wp-block-list">
<li>Das Gespräch dauert 15 Minuten.</li>



<li>Sie können maximal zwei Vorstellungsgespräche führen.</li>



<li>Sie müssen am 1. Januar 18 Jahre alt sein.<sup>er</sup> Juli 2026, um sich zu bewerben.</li>



<li>Für Stellen als Betreuerin oder Betreuer im Freizeitzentrum (ALSH) müssen Sie am 18. April 2026 16 Jahre alt sein.</li>
</ul>


<div class="highlight">
                <div class="highlight__description"><p><strong>Vergessen Sie Ihren Lebenslauf, Ihren Personalausweis und das Informationsblatt nicht, denn die Vorstellungsgespräche finden direkt vor Ort statt.</strong></p>
<p><em>Wenn Sie keinen Lebenslauf haben, wird Ihnen am Tag der Veranstaltung ein leerer Lebenslauf ausgehändigt.</em></p>
</div>
    </div>


<div class="wp-block-uagb-icon-list uagb-block-b4d6c002"><div class="uagb-icon-list__wrap">
<div class="wp-block-uagb-icon-list-child uagb-block-b61127d2"><a target="_blank" aria-label="Steckbrief (muss für die Rekrutierung ausgefüllt und ausgedruckt werden - jeder Steckbrief über das Telefon wird nicht akzeptiert)" rel="noopener noreferrer" href="https://mairie-montataire.fr/de/app/uploads/2026/01/Recrutjeunes-2026-Fiche-de-renseignements-pour-Candidature.pdf/"> </a><span class="uagb-icon-list__source-wrap"><svg xmlns="https://www.w3.org/2000/svg" viewbox="0 0 384 512"><path d="M256 0v128h128L256 0zM224 128L224 0H48C21.49 0 0 21.49 0 48v416C0 490.5 21.49 512 48 512h288c26.51 0 48-21.49 48-48V160h-127.1C238.3 160 224 145.7 224 128zM272 416h-160C103.2 416 96 408.8 96 400C96 391.2 103.2 384 112 384h160c8.836 0 16 7.162 16 16C288 408.8 280.8 416 272 416zM272 352h-160C103.2 352 96 344.8 96 336C96 327.2 103.2 320 112 320h160c8.836 0 16 7.162 16 16C288 344.8 280.8 352 272 352zM288 272C288 280.8 280.8 288 272 288h-160C103.2 288 96 280.8 96 272C96 263.2 103.2 256 112 256h160C280.8 256 288 263.2 288 272z"></path></svg></span><span class="uagb-icon-list__label"><strong>Steckbrief (muss für die Rekrutierung ausgefüllt und ausgedruckt werden - jeder Steckbrief über das Telefon wird nicht akzeptiert)</strong></span></div>
</div></div>



<h2 class="wp-block-heading"><strong>Bereiten Sie sich auf ein erfolgreiches Vorstellungsgespräch vor</strong></h2>



<p>Um Ihre Erfolgschancen zu maximieren, sollten Sie bei Ihrem Vorstellungsgespräch folgende Verhaltensweisen anwenden:</p>



<h3 class="wp-block-heading"><strong>1. Achten Sie auf Ihre Präsentation</strong></h3>



<p>Kleiden Sie sich professionell und der gesuchten Stelle angemessen. Korrekte Kleidung zeigt Ihre Ernsthaftigkeit und Ihren Respekt vor dem Personalverantwortlichen.</p>



<h3 class="wp-block-heading"><strong>2. Bereiten Sie Ihre Rede vor</strong></h3>



<ul class="wp-block-list">
<li>Informieren Sie sich über die Stelle und die angebotenen Aufgaben.</li>



<li>Können Sie über Ihre Fähigkeiten, Erfahrungen und das, was Sie dem Unternehmen oder der betreffenden Abteilung bringen können, sprechen.</li>
</ul>



<h3 class="wp-block-heading"><strong>3. Bringen Sie die notwendigen Dokumente mit</strong></h3>



<p>Zusätzlich zu Ihrem Lebenslauf sollten Sie auch andere Unterlagen mitbringen, die Ihre Bewerbung unterstützen könnten.</p>



<h3 class="wp-block-heading"><strong>4. Zeigen Sie Ihre Motivation</strong></h3>



<p>Seien Sie pünktlich, dynamisch und stellen Sie relevante Fragen. Dies wird Ihr Interesse an der Stelle und Ihr Engagement unter Beweis stellen.</p>



<h3 class="wp-block-heading"><strong>5. Bleiben Sie natürlich</strong></h3>



<p>Seien Sie Sie selbst und betonen Sie gleichzeitig Ihre Stärken. Aufrichtigkeit und Selbstvertrauen sind Ihre größten Stärken.</p>



<p></p>

La Ville de Montataire organise un événement incontournable pour les jeunes en quête d’un emploi saisonnier ou d’une formation BAFA : Recrut&rsquo;Jeunes. Ce rendez-vous unique vous permet de rencontrer directement les recruteurs et de vous démarquer lors d&rsquo;entretiens organisés sur place. De nombreuses opportunités pour les jeunes Cet événement offre un large panel de possibilités&hellip;
