{"id":5486,"date":"2025-12-22T10:25:17","date_gmt":"2025-12-22T10:25:17","guid":{"rendered":"https:\/\/mairie-montataire.fr\/?post_type=event&#038;p=5486"},"modified":"2025-12-22T10:26:12","modified_gmt":"2025-12-22T10:26:12","slug":"tannenbaumsammlung","status":"publish","type":"event","link":"https:\/\/mairie-montataire.fr\/de\/agenda\/information\/collecte-de-sapins\/","title":{"rendered":"Einsammeln von Tannenb\u00e4umen"},"content":{"rendered":"<p>Der M\u00fcllabfuhrdienst der\u2019<a href=\"https:\/\/www.creilsudoise.fr\/mon-quotidien\/dechets\/\">Agglomeration Creil Sud Oise<\/a> organisiert seine j\u00e4hrliche Tannenbaumsammlung<strong> Mittwoch, 7. Januar 2026<\/strong> und bittet die Einwohner, ihre Weihnachtsb\u00e4ume am Dienstag, dem 6. Januar, nach 19 Uhr vor die T\u00fcr zu stellen.<\/p>\n\n\n\n<p>Die eingesammelten Tannenb\u00e4ume werden anschlie\u00dfend recycelt.<\/p>\n\n\n\n<p>Was die gebrauchten k\u00fcnstlichen B\u00e4ume betrifft, so k\u00f6nnen Sie diese am Tag der M\u00fcllabfuhr herausnehmen.<\/p>\n\n\n\n<p><\/p>","protected":false},"featured_media":5483,"parent":0,"template":"","meta":{"_acf_changed":true,"_uag_custom_page_level_css":""},"event-theme":[91],"class_list":["post-5486","event","type-event","status-publish","has-post-thumbnail","hentry","event-theme-information"],"acf":[],"uagb_featured_image_src":{"full":["https:\/\/mairie-montataire.fr\/app\/uploads\/2024\/12\/Agenda_collectesapins.jpg",450,335,false],"thumbnail":["https:\/\/mairie-montataire.fr\/app\/uploads\/2024\/12\/Agenda_collectesapins-150x150.jpg",150,150,true],"medium":["https:\/\/mairie-montataire.fr\/app\/uploads\/2024\/12\/Agenda_collectesapins-300x223.jpg",300,223,true],"medium_large":["https:\/\/mairie-montataire.fr\/app\/uploads\/2024\/12\/Agenda_collectesapins.jpg",450,335,false],"large":["https:\/\/mairie-montataire.fr\/app\/uploads\/2024\/12\/Agenda_collectesapins.jpg",450,335,false],"1536x1536":["https:\/\/mairie-montataire.fr\/app\/uploads\/2024\/12\/Agenda_collectesapins.jpg",450,335,false],"2048x2048":["https:\/\/mairie-montataire.fr\/app\/uploads\/2024\/12\/Agenda_collectesapins.jpg",450,335,false],"trp-custom-language-flag":["https:\/\/mairie-montataire.fr\/app\/uploads\/2024\/12\/Agenda_collectesapins-16x12.jpg",16,12,true],"gform-image-choice-sm":["https:\/\/mairie-montataire.fr\/app\/uploads\/2024\/12\/Agenda_collectesapins-300x300.jpg",300,300,true],"gform-image-choice-md":["https:\/\/mairie-montataire.fr\/app\/uploads\/2024\/12\/Agenda_collectesapins-400x335.jpg",400,335,true],"gform-image-choice-lg":["https:\/\/mairie-montataire.fr\/app\/uploads\/2024\/12\/Agenda_collectesapins.jpg",450,335,false]},"uagb_author_info":{"display_name":"Laure Pubert","author_link":"https:\/\/mairie-montataire.fr\/de\/actualites\/author\/"},"uagb_comment_info":0,"uagb_excerpt":"Le service de ramassage des d\u00e9chets de l&rsquo;Agglom\u00e9ration Creil Sud Oise organise sa collecte de sapins annuelle le mercredi 7 janvier 2026 et invite les habitants \u00e0 sortir leurs sapins le mardi 6 janvier apr\u00e8s 19h. Les sapins ramass\u00e9s seront ensuite recycl\u00e9s. Concernant les sapins artificiels usag\u00e9s, vous pouvez les sortir le jour de ramassage&hellip;","_links":{"self":[{"href":"https:\/\/mairie-montataire.fr\/de\/wp-json\/wp\/v2\/event\/5486","targetHints":{"allow":["GET"]}}],"collection":[{"href":"https:\/\/mairie-montataire.fr\/de\/wp-json\/wp\/v2\/event"}],"about":[{"href":"https:\/\/mairie-montataire.fr\/de\/wp-json\/wp\/v2\/types\/event"}],"wp:featuredmedia":[{"embeddable":true,"href":"https:\/\/mairie-montataire.fr\/de\/wp-json\/wp\/v2\/media\/5483"}],"wp:attachment":[{"href":"https:\/\/mairie-montataire.fr\/de\/wp-json\/wp\/v2\/media?parent=5486"}],"wp:term":[{"taxonomy":"event-theme","embeddable":true,"href":"https:\/\/mairie-montataire.fr\/de\/wp-json\/wp\/v2\/event-theme?post=5486"}],"curies":[{"name":"wp","href":"https:\/\/api.w.org\/{rel}","templated":true}]}}

Einsammeln von Tannenbäumen

<p>Der Müllabfuhrdienst der’<a href="https://www.creilsudoise.fr/mon-quotidien/dechets/">Agglomeration Creil Sud Oise</a> organisiert seine jährliche Tannenbaumsammlung<strong> Mittwoch, 7. Januar 2026</strong> und bittet die Einwohner, ihre Weihnachtsbäume am Dienstag, dem 6. Januar, nach 19 Uhr vor die Tür zu stellen.</p>



<p>Die eingesammelten Tannenbäume werden anschließend recycelt.</p>



<p>Was die gebrauchten künstlichen Bäume betrifft, so können Sie diese am Tag der Müllabfuhr herausnehmen.</p>



<p></p>

Le service de ramassage des déchets de l&rsquo;Agglomération Creil Sud Oise organise sa collecte de sapins annuelle le mercredi 7 janvier 2026 et invite les habitants à sortir leurs sapins le mardi 6 janvier après 19h. Les sapins ramassés seront ensuite recyclés. Concernant les sapins artificiels usagés, vous pouvez les sortir le jour de ramassage&hellip;
