{"id":5376,"date":"2025-11-30T08:03:00","date_gmt":"2025-11-30T08:03:00","guid":{"rendered":"https:\/\/mairie-montataire.fr\/?post_type=event&#038;p=5376"},"modified":"2025-12-10T15:45:19","modified_gmt":"2025-12-10T15:45:19","slug":"festivals-zum-ende-des-dannenjahres-festivals-der-solidaritat","status":"publish","type":"event","link":"https:\/\/mairie-montataire.fr\/de\/agenda\/evenement\/festivites-de-fin-dannee-reveillon-de-la-solidarite\/","title":{"rendered":"Silvesterfeier der Solidarit\u00e4t"},"content":{"rendered":"<p class=\"has-text-align-left\">Feiern Sie das neue Jahr bei einem solidarischen Silvesterabend, kostenlos nach Anmeldung. Die teilnehmenden Familien sind eingeladen, Getr\u00e4nke mitzubringen, um ein von der Zentralk\u00fcche zubereitetes Raclette zu genie\u00dfen. Die G\u00e4ste kommen au\u00dferdem in den Genuss eines French Cancan und einer Zaubershow.<\/p>\n\n\n<div class=\"highlight\">\n                <div class=\"highlight__description\"><p>Die <strong>Anmeldungen sind ab dem 1.<sup>er<\/sup> bis zum 19. Dezember<\/strong> im Espace Huberte d'Hoker oder unter <a href=\"tel:03 44 24 55 80\">03 44 24 55 80<\/a>.<\/p>\n<\/div>\n    <\/div>\n\n\n<p><em>Die Stadt organisiert Veranstaltungen und soziale Aktionen, um die Festtage am 20., 23., 25. und 26. Dezember zu feiern. Sport, Unterhaltung, Momente des Miteinanders und Geselligkeit finden Sie im Veranstaltungskalender. Um die festliche Stimmung zu vervollst\u00e4ndigen, wird Montataire vom 8. Dezember bis zum 12. Januar mit Weihnachtsbeleuchtung geschm\u00fcckt sein.<\/em><\/p>\n\n\n\n<p><\/p>","protected":false},"featured_media":7262,"parent":0,"template":"","meta":{"_acf_changed":true,"_uag_custom_page_level_css":""},"event-theme":[88],"class_list":["post-5376","event","type-event","status-publish","has-post-thumbnail","hentry","event-theme-evenement"],"acf":[],"uagb_featured_image_src":{"full":["https:\/\/mairie-montataire.fr\/app\/uploads\/2024\/11\/Agenda_ReveillonSolidarite.jpg",450,335,false],"thumbnail":["https:\/\/mairie-montataire.fr\/app\/uploads\/2024\/11\/Agenda_ReveillonSolidarite-150x150.jpg",150,150,true],"medium":["https:\/\/mairie-montataire.fr\/app\/uploads\/2024\/11\/Agenda_ReveillonSolidarite-300x223.jpg",300,223,true],"medium_large":["https:\/\/mairie-montataire.fr\/app\/uploads\/2024\/11\/Agenda_ReveillonSolidarite.jpg",450,335,false],"large":["https:\/\/mairie-montataire.fr\/app\/uploads\/2024\/11\/Agenda_ReveillonSolidarite.jpg",450,335,false],"1536x1536":["https:\/\/mairie-montataire.fr\/app\/uploads\/2024\/11\/Agenda_ReveillonSolidarite.jpg",450,335,false],"2048x2048":["https:\/\/mairie-montataire.fr\/app\/uploads\/2024\/11\/Agenda_ReveillonSolidarite.jpg",450,335,false],"trp-custom-language-flag":["https:\/\/mairie-montataire.fr\/app\/uploads\/2024\/11\/Agenda_ReveillonSolidarite-16x12.jpg",16,12,true],"gform-image-choice-sm":["https:\/\/mairie-montataire.fr\/app\/uploads\/2024\/11\/Agenda_ReveillonSolidarite.jpg",300,223,false],"gform-image-choice-md":["https:\/\/mairie-montataire.fr\/app\/uploads\/2024\/11\/Agenda_ReveillonSolidarite.jpg",400,298,false],"gform-image-choice-lg":["https:\/\/mairie-montataire.fr\/app\/uploads\/2024\/11\/Agenda_ReveillonSolidarite.jpg",450,335,false]},"uagb_author_info":{"display_name":"Laure Pubert","author_link":"https:\/\/mairie-montataire.fr\/de\/actualites\/author\/"},"uagb_comment_info":0,"uagb_excerpt":"C\u00e9l\u00e9brez la nouvelle ann\u00e9e lors du r\u00e9veillon solidaire, gratuit sur inscription. Les familles participantes sont invit\u00e9es \u00e0 fournir des boissons, pour profiter d\u2019une raclette pr\u00e9par\u00e9e par la cuisine centrale. Les convives profiteront aussi d\u2019un french cancan et d\u2019un spectacle de magie. La Ville organise \u00e9v\u00e8nements et actions sociales pour c\u00e9l\u00e9brer les festivit\u00e9s les 20, 23,&hellip;","_links":{"self":[{"href":"https:\/\/mairie-montataire.fr\/de\/wp-json\/wp\/v2\/event\/5376","targetHints":{"allow":["GET"]}}],"collection":[{"href":"https:\/\/mairie-montataire.fr\/de\/wp-json\/wp\/v2\/event"}],"about":[{"href":"https:\/\/mairie-montataire.fr\/de\/wp-json\/wp\/v2\/types\/event"}],"wp:featuredmedia":[{"embeddable":true,"href":"https:\/\/mairie-montataire.fr\/de\/wp-json\/wp\/v2\/media\/7262"}],"wp:attachment":[{"href":"https:\/\/mairie-montataire.fr\/de\/wp-json\/wp\/v2\/media?parent=5376"}],"wp:term":[{"taxonomy":"event-theme","embeddable":true,"href":"https:\/\/mairie-montataire.fr\/de\/wp-json\/wp\/v2\/event-theme?post=5376"}],"curies":[{"name":"wp","href":"https:\/\/api.w.org\/{rel}","templated":true}]}}

Silvesterfeier der Solidarität

<p class="has-text-align-left">Feiern Sie das neue Jahr bei einem solidarischen Silvesterabend, kostenlos nach Anmeldung. Die teilnehmenden Familien sind eingeladen, Getränke mitzubringen, um ein von der Zentralküche zubereitetes Raclette zu genießen. Die Gäste kommen außerdem in den Genuss eines French Cancan und einer Zaubershow.</p>


<div class="highlight">
                <div class="highlight__description"><p>Die <strong>Anmeldungen sind ab dem 1.<sup>er</sup> bis zum 19. Dezember</strong> im Espace Huberte d'Hoker oder unter <a href="tel:03 44 24 55 80">03 44 24 55 80</a>.</p>
</div>
    </div>


<p><em>Die Stadt organisiert Veranstaltungen und soziale Aktionen, um die Festtage am 20., 23., 25. und 26. Dezember zu feiern. Sport, Unterhaltung, Momente des Miteinanders und Geselligkeit finden Sie im Veranstaltungskalender. Um die festliche Stimmung zu vervollständigen, wird Montataire vom 8. Dezember bis zum 12. Januar mit Weihnachtsbeleuchtung geschmückt sein.</em></p>



<p></p>

Célébrez la nouvelle année lors du réveillon solidaire, gratuit sur inscription. Les familles participantes sont invitées à fournir des boissons, pour profiter d’une raclette préparée par la cuisine centrale. Les convives profiteront aussi d’un french cancan et d’un spectacle de magie. La Ville organise évènements et actions sociales pour célébrer les festivités les 20, 23,&hellip;
