{"id":5375,"date":"2025-11-30T08:01:00","date_gmt":"2025-11-30T08:01:00","guid":{"rendered":"https:\/\/mairie-montataire.fr\/?post_type=event&#038;p=5375"},"modified":"2025-12-22T10:09:30","modified_gmt":"2025-12-22T10:09:30","slug":"festlichkeiten-zum-ende-des-jahres-4","status":"publish","type":"event","link":"https:\/\/mairie-montataire.fr\/de\/agenda\/evenement\/festivites-de-fin-dannee-4\/","title":{"rendered":"Feierlichkeiten zum Jahresende"},"content":{"rendered":"<p><strong>Die Stadt organisiert Veranstaltungen und soziale Aktionen, um die Festtage zu feiern. Sport, Unterhaltung, geselliges Beisammensein und Geselligkeit stehen im Dezember auf dem Programm. Um die festliche Stimmung zu vervollst\u00e4ndigen, wird Montataire vom 8. Dezember bis zum 12. Januar mit Weihnachtsbeleuchtung geschm\u00fcckt sein.<\/strong><\/p>\n\n\n\n<div class=\"wp-block-columns is-layout-flex wp-container-core-columns-is-layout-9d6595d7 wp-block-columns-is-layout-flex\">\n<div class=\"wp-block-column is-layout-flow wp-block-column-is-layout-flow\">\n<h4 class=\"wp-block-heading\"><mark style=\"background-color:rgba(0, 0, 0, 0);color:#00d084\" class=\"has-inline-color\">Samstag, 20. Dezember<\/mark><\/h4>\n\n\n\n<p><strong><mark style=\"background-color:rgba(0, 0, 0, 0)\" class=\"has-inline-color has-secondary-color\">Ab 13:15 Uhr \u2013 Rathausplatz<\/mark><\/strong><\/p>\n\n\n\n<p>Die <strong>Weihnachtsl\u00e4ufe<\/strong> fordern erfahrene Sportler und Anf\u00e4nger, die keine Angst vor der K\u00e4lte haben, mit zwei Rennen heraus. <\/p>\n\n\n\n<p>Die erste wird um <strong>13:15 Uhr<\/strong> und erstreckt sich \u00fcber 1,5 km f\u00fcr die L\u00e4ufer von <strong>6 bis 12 Jahre<\/strong>. <\/p>\n\n\n\n<p>Die zweite, die f\u00fcr <strong>12 Jahre und \u00e4lter<\/strong>, wird starten in <strong>13:30 Uhr<\/strong> f\u00fcr einen<br>3 km lange Strecke.<\/p>\n\n\n\n<p>Die <strong>Anmeldungen sind am Sonntag, 14. Dezember, auf dem Markt und am selben Morgen bis 13 Uhr m\u00f6glich.<\/strong>. Denken Sie daran, Ihr sch\u00f6nstes <strong>h\u00e4sslicher Weihnachtspullover<\/strong> und kommen Sie, um in geselliger Atmosph\u00e4re und mit Leidenschaft f\u00fcr den Sport zu laufen!<\/p>\n\n\n\n<p><strong><mark style=\"background-color:rgba(0, 0, 0, 0)\" class=\"has-inline-color has-secondary-color\">Von 14 bis 18 Uhr \u2013 Rathausplatz<\/mark><\/strong><\/p>\n\n\n\n<p>Ein echtes <strong>Weihnachtsdorf<\/strong> findet rund um das Rathaus mit Unterhaltungsprogramm und Spielen f\u00fcr Gro\u00df und Klein statt. Auf dem Programm stehen eine<br>Riesenrodelbahn, Karussell, Kutschfahrten, Kreativworkshops und Verteilung von S\u00fc\u00dfigkeiten. Eine Show und ein Konzert der AMEM<strong> <\/strong>verleihen diesem Dorf eine festliche Atmosph\u00e4re, und der Weihnachtsmann wird anwesend sein, um Fotos mit den Kindern zu machen, die dieses Jahr brav waren.<\/p>\n<\/div>\n\n\n\n<div class=\"wp-block-column is-layout-flow wp-block-column-is-layout-flow\">\n<h4 class=\"wp-block-heading\"><mark style=\"background-color:rgba(0, 0, 0, 0);color:#00d084\" class=\"has-inline-color\">Dienstag, 23. Dezember<\/mark><\/h4>\n\n\n\n<p><strong><mark style=\"background-color:rgba(0, 0, 0, 0)\" class=\"has-inline-color has-secondary-color\">Von 10 bis 15 Uhr \u2013 Marcel-Coene-Komplex<\/mark><\/strong><\/p>\n\n\n\n<p>Die Veranstaltung \u201cSportif et Citoyen\u201d (Sportler und B\u00fcrger) findet zum dritten Mal statt.<sup>e<\/sup> Ausgabe. Es sind verschiedene Disziplinen vertreten: Klettern, Boxen, Krafttraining, Basketball, Pickleball, Curling, Bowling, Picard-Spiele und Sportquiz.<\/p>\n\n\n\n<p>Der Tag steht offen f\u00fcr <strong>12-17 Jahre<\/strong> und die entschlossensten Sportlerinnen und Sportler erhalten einen <strong>Preis<\/strong>.<\/p>\n\n\n\n<h4 class=\"wp-block-heading\"><mark style=\"background-color:rgba(0, 0, 0, 0);color:#00d084\" class=\"has-inline-color\">Donnerstag, 25. und Freitag, 26. Dezember<\/mark><\/h4>\n\n\n\n<p><strong><mark style=\"background-color:rgba(0, 0, 0, 0)\" class=\"has-inline-color has-secondary-color\">Esplanade Fernand Tuil<\/mark><\/strong><\/p>\n\n\n\n<p>Auf der Eisbahn stehen Rutschen und Pirouetten auf dem Programm.<br>von der Stadt und der S.A HLM de l\u2019Oise.<\/p>\n\n\n\n<p><\/p>\n<\/div>\n<\/div>\n\n\n<div class=\"highlight\">\n                <div class=\"highlight__description\"><p>Von Freitag, 19. Dezember, 22 Uhr, bis Samstag, 20. Dezember, 20 Uhr, sind der Verkehr und das Parken auf dem Rathausplatz verboten.<\/p>\n<\/div>\n    <\/div>\n\n\n<p><\/p>","protected":false},"featured_media":7261,"parent":0,"template":"","meta":{"_acf_changed":true,"_uag_custom_page_level_css":""},"event-theme":[88],"class_list":["post-5375","event","type-event","status-publish","has-post-thumbnail","hentry","event-theme-evenement"],"acf":[],"uagb_featured_image_src":{"full":["https:\/\/mairie-montataire.fr\/app\/uploads\/2024\/11\/Actu-site-festivites.jpg",450,335,false],"thumbnail":["https:\/\/mairie-montataire.fr\/app\/uploads\/2024\/11\/Actu-site-festivites-150x150.jpg",150,150,true],"medium":["https:\/\/mairie-montataire.fr\/app\/uploads\/2024\/11\/Actu-site-festivites-300x223.jpg",300,223,true],"medium_large":["https:\/\/mairie-montataire.fr\/app\/uploads\/2024\/11\/Actu-site-festivites.jpg",450,335,false],"large":["https:\/\/mairie-montataire.fr\/app\/uploads\/2024\/11\/Actu-site-festivites.jpg",450,335,false],"1536x1536":["https:\/\/mairie-montataire.fr\/app\/uploads\/2024\/11\/Actu-site-festivites.jpg",450,335,false],"2048x2048":["https:\/\/mairie-montataire.fr\/app\/uploads\/2024\/11\/Actu-site-festivites.jpg",450,335,false],"trp-custom-language-flag":["https:\/\/mairie-montataire.fr\/app\/uploads\/2024\/11\/Actu-site-festivites-16x12.jpg",16,12,true],"gform-image-choice-sm":["https:\/\/mairie-montataire.fr\/app\/uploads\/2024\/11\/Actu-site-festivites.jpg",300,223,false],"gform-image-choice-md":["https:\/\/mairie-montataire.fr\/app\/uploads\/2024\/11\/Actu-site-festivites.jpg",400,298,false],"gform-image-choice-lg":["https:\/\/mairie-montataire.fr\/app\/uploads\/2024\/11\/Actu-site-festivites.jpg",450,335,false]},"uagb_author_info":{"display_name":"Laure Pubert","author_link":"https:\/\/mairie-montataire.fr\/de\/actualites\/author\/"},"uagb_comment_info":0,"uagb_excerpt":"La Ville organise \u00e9v\u00e8nements et actions sociales pour c\u00e9l\u00e9brer les festivit\u00e9s. Sport, divertissement, moments de partage et convivialit\u00e9 sont au programme de ce mois de d\u00e9cembre. Pour parfaire l\u2019ambiance des f\u00eates, Montataire arborera ses illuminations de No\u00ebl du 8 d\u00e9cembre au 12 janvier. Samedi 20 D\u00e9cembre \u00c0 partir de 13h15 &#8211; Place de la Mairie&hellip;","_links":{"self":[{"href":"https:\/\/mairie-montataire.fr\/de\/wp-json\/wp\/v2\/event\/5375","targetHints":{"allow":["GET"]}}],"collection":[{"href":"https:\/\/mairie-montataire.fr\/de\/wp-json\/wp\/v2\/event"}],"about":[{"href":"https:\/\/mairie-montataire.fr\/de\/wp-json\/wp\/v2\/types\/event"}],"wp:featuredmedia":[{"embeddable":true,"href":"https:\/\/mairie-montataire.fr\/de\/wp-json\/wp\/v2\/media\/7261"}],"wp:attachment":[{"href":"https:\/\/mairie-montataire.fr\/de\/wp-json\/wp\/v2\/media?parent=5375"}],"wp:term":[{"taxonomy":"event-theme","embeddable":true,"href":"https:\/\/mairie-montataire.fr\/de\/wp-json\/wp\/v2\/event-theme?post=5375"}],"curies":[{"name":"wp","href":"https:\/\/api.w.org\/{rel}","templated":true}]}}

<p><strong>Die Stadt organisiert Veranstaltungen und soziale Aktionen, um die Festtage zu feiern. Sport, Unterhaltung, geselliges Beisammensein und Geselligkeit stehen im Dezember auf dem Programm. Um die festliche Stimmung zu vervollständigen, wird Montataire vom 8. Dezember bis zum 12. Januar mit Weihnachtsbeleuchtung geschmückt sein.</strong></p>



<div class="wp-block-columns is-layout-flex wp-container-core-columns-is-layout-9d6595d7 wp-block-columns-is-layout-flex">
<div class="wp-block-column is-layout-flow wp-block-column-is-layout-flow">
<h4 class="wp-block-heading"><mark style="background-color:rgba(0, 0, 0, 0);color:#00d084" class="has-inline-color">Samstag, 20. Dezember</mark></h4>



<p><strong><mark style="background-color:rgba(0, 0, 0, 0)" class="has-inline-color has-secondary-color">Ab 13:15 Uhr – Rathausplatz</mark></strong></p>



<p>Die <strong>Weihnachtsläufe</strong> fordern erfahrene Sportler und Anfänger, die keine Angst vor der Kälte haben, mit zwei Rennen heraus. </p>



<p>Die erste wird um <strong>13:15 Uhr</strong> und erstreckt sich über 1,5 km für die Läufer von <strong>6 bis 12 Jahre</strong>. </p>



<p>Die zweite, die für <strong>12 Jahre und älter</strong>, wird starten in <strong>13:30 Uhr</strong> für einen<br>3 km lange Strecke.</p>



<p>Die <strong>Anmeldungen sind am Sonntag, 14. Dezember, auf dem Markt und am selben Morgen bis 13 Uhr möglich.</strong>. Denken Sie daran, Ihr schönstes <strong>hässlicher Weihnachtspullover</strong> und kommen Sie, um in geselliger Atmosphäre und mit Leidenschaft für den Sport zu laufen!</p>



<p><strong><mark style="background-color:rgba(0, 0, 0, 0)" class="has-inline-color has-secondary-color">Von 14 bis 18 Uhr – Rathausplatz</mark></strong></p>



<p>Ein echtes <strong>Weihnachtsdorf</strong> findet rund um das Rathaus mit Unterhaltungsprogramm und Spielen für Groß und Klein statt. Auf dem Programm stehen eine<br>Riesenrodelbahn, Karussell, Kutschfahrten, Kreativworkshops und Verteilung von Süßigkeiten. Eine Show und ein Konzert der AMEM<strong> </strong>verleihen diesem Dorf eine festliche Atmosphäre, und der Weihnachtsmann wird anwesend sein, um Fotos mit den Kindern zu machen, die dieses Jahr brav waren.</p>
</div>



<div class="wp-block-column is-layout-flow wp-block-column-is-layout-flow">
<h4 class="wp-block-heading"><mark style="background-color:rgba(0, 0, 0, 0);color:#00d084" class="has-inline-color">Dienstag, 23. Dezember</mark></h4>



<p><strong><mark style="background-color:rgba(0, 0, 0, 0)" class="has-inline-color has-secondary-color">Von 10 bis 15 Uhr – Marcel-Coene-Komplex</mark></strong></p>



<p>Die Veranstaltung “Sportif et Citoyen” (Sportler und Bürger) findet zum dritten Mal statt.<sup>e</sup> Ausgabe. Es sind verschiedene Disziplinen vertreten: Klettern, Boxen, Krafttraining, Basketball, Pickleball, Curling, Bowling, Picard-Spiele und Sportquiz.</p>



<p>Der Tag steht offen für <strong>12-17 Jahre</strong> und die entschlossensten Sportlerinnen und Sportler erhalten einen <strong>Preis</strong>.</p>



<h4 class="wp-block-heading"><mark style="background-color:rgba(0, 0, 0, 0);color:#00d084" class="has-inline-color">Donnerstag, 25. und Freitag, 26. Dezember</mark></h4>



<p><strong><mark style="background-color:rgba(0, 0, 0, 0)" class="has-inline-color has-secondary-color">Esplanade Fernand Tuil</mark></strong></p>



<p>Auf der Eisbahn stehen Rutschen und Pirouetten auf dem Programm.<br>von der Stadt und der S.A HLM de l’Oise.</p>



<p></p>
</div>
</div>


<div class="highlight">
                <div class="highlight__description"><p>Von Freitag, 19. Dezember, 22 Uhr, bis Samstag, 20. Dezember, 20 Uhr, sind der Verkehr und das Parken auf dem Rathausplatz verboten.</p>
</div>
    </div>


<p></p>

La Ville organise évènements et actions sociales pour célébrer les festivités. Sport, divertissement, moments de partage et convivialité sont au programme de ce mois de décembre. Pour parfaire l’ambiance des fêtes, Montataire arborera ses illuminations de Noël du 8 décembre au 12 janvier. Samedi 20 Décembre À partir de 13h15 &#8211; Place de la Mairie&hellip;
