{"id":5363,"date":"2024-11-26T14:43:50","date_gmt":"2024-11-26T14:43:50","guid":{"rendered":"https:\/\/mairie-montataire.fr\/?post_type=event&#038;p=5363"},"modified":"2024-11-26T14:45:45","modified_gmt":"2024-11-26T14:45:45","slug":"palastinensische-delegation-in-montataire","status":"publish","type":"event","link":"https:\/\/mairie-montataire.fr\/de\/agenda\/vie-associative\/delegation-palestinienne-a-montataire\/","title":{"rendered":"Pal\u00e4stinensische Delegation in Montataire"},"content":{"rendered":"<p><strong>Montataire unterh\u00e4lt eine St\u00e4dtepartnerschaft mit dem Fl\u00fcchtlingslager Dheisheh in Pal\u00e4stina. Im Rahmen dieser Partnerschaft empfangen wir vom 29. November bis 2. Dezember eine Delegation von dort, ein Besuch, der vom <a href=\"https:\/\/mairie-montataire.fr\/de\/verzeichnisse\/vereine-2\/stadtepartnerschaften-und-internationales\/partnerschaftskomitee-montataire-dheisheh\/\">Montataire Dheisheh Komitee<\/a>.<\/strong><\/p>\n\n\n\n<h3 class=\"wp-block-heading\">Highlights, die f\u00fcr alle offen sind :<\/h3>\n\n\n\n<ul class=\"wp-block-list\">\n<li style=\"font-style:normal;font-weight:400\"><strong>Samstag, 30. November<\/strong><br><strong>14h30 :<\/strong> Treffen mit der Delegation in der Salle de la Lib\u00e9ration (8 bis, rue des D\u00e9port\u00e9s).<br><strong>17h : <\/strong>Kundgebung f\u00fcr Pal\u00e4stina auf dem Vorplatz des Rathauses (Place Auguste G\u00e9nie).<\/li>\n<\/ul>\n\n\n\n<ul class=\"wp-block-list\">\n<li style=\"font-style:normal;font-weight:400\"><strong>Sonntag 1<sup>er<\/sup> Dezember<\/strong><br><strong>10h30 : <\/strong>Bummel \u00fcber den Markt. (Platz Auguste G\u00e9nie)<\/li>\n<\/ul>\n\n\n\n<div style=\"height:17px\" aria-hidden=\"true\" class=\"wp-block-spacer\"><\/div>\n\n\n\n<p><strong>Lassen Sie uns unsere Kulturen teilen, \u00fcber aktuelle Ereignisse diskutieren, unsere Solidarit\u00e4t einbringen!<\/strong><\/p>\n\n\n\n<p><\/p>","protected":false},"featured_media":5365,"parent":0,"template":"","meta":{"_acf_changed":true,"_uag_custom_page_level_css":""},"event-theme":[73],"class_list":["post-5363","event","type-event","status-publish","has-post-thumbnail","hentry","event-theme-vie-associative"],"acf":[],"uagb_featured_image_src":{"full":["https:\/\/mairie-montataire.fr\/app\/uploads\/2024\/11\/Agenda_DelegationPalestinienne.jpg",450,335,false],"thumbnail":["https:\/\/mairie-montataire.fr\/app\/uploads\/2024\/11\/Agenda_DelegationPalestinienne-150x150.jpg",150,150,true],"medium":["https:\/\/mairie-montataire.fr\/app\/uploads\/2024\/11\/Agenda_DelegationPalestinienne-300x223.jpg",300,223,true],"medium_large":["https:\/\/mairie-montataire.fr\/app\/uploads\/2024\/11\/Agenda_DelegationPalestinienne.jpg",450,335,false],"large":["https:\/\/mairie-montataire.fr\/app\/uploads\/2024\/11\/Agenda_DelegationPalestinienne.jpg",450,335,false],"1536x1536":["https:\/\/mairie-montataire.fr\/app\/uploads\/2024\/11\/Agenda_DelegationPalestinienne.jpg",450,335,false],"2048x2048":["https:\/\/mairie-montataire.fr\/app\/uploads\/2024\/11\/Agenda_DelegationPalestinienne.jpg",450,335,false],"trp-custom-language-flag":["https:\/\/mairie-montataire.fr\/app\/uploads\/2024\/11\/Agenda_DelegationPalestinienne-16x12.jpg",16,12,true],"gform-image-choice-sm":["https:\/\/mairie-montataire.fr\/app\/uploads\/2024\/11\/Agenda_DelegationPalestinienne.jpg",300,223,false],"gform-image-choice-md":["https:\/\/mairie-montataire.fr\/app\/uploads\/2024\/11\/Agenda_DelegationPalestinienne.jpg",400,298,false],"gform-image-choice-lg":["https:\/\/mairie-montataire.fr\/app\/uploads\/2024\/11\/Agenda_DelegationPalestinienne.jpg",450,335,false]},"uagb_author_info":{"display_name":"Laure Pubert","author_link":"https:\/\/mairie-montataire.fr\/de\/actualites\/author\/"},"uagb_comment_info":0,"uagb_excerpt":"Montataire est jumel\u00e9e avec le camp de r\u00e9fugi\u00e9s de Dheisheh en Palestine. Dans le cadre de ce jumelage, nous accueillons une d\u00e9l\u00e9gation venue de l\u00e0-bas, du 29 novembre au 2 d\u00e9cembre, une venue organis\u00e9e par le Comit\u00e9 Montataire Dheisheh. Temps forts ouverts \u00e0 tous : Partageons nos cultures, discutons de l\u2019actualit\u00e9, apportons notre solidarit\u00e9 !","_links":{"self":[{"href":"https:\/\/mairie-montataire.fr\/de\/wp-json\/wp\/v2\/event\/5363","targetHints":{"allow":["GET"]}}],"collection":[{"href":"https:\/\/mairie-montataire.fr\/de\/wp-json\/wp\/v2\/event"}],"about":[{"href":"https:\/\/mairie-montataire.fr\/de\/wp-json\/wp\/v2\/types\/event"}],"wp:featuredmedia":[{"embeddable":true,"href":"https:\/\/mairie-montataire.fr\/de\/wp-json\/wp\/v2\/media\/5365"}],"wp:attachment":[{"href":"https:\/\/mairie-montataire.fr\/de\/wp-json\/wp\/v2\/media?parent=5363"}],"wp:term":[{"taxonomy":"event-theme","embeddable":true,"href":"https:\/\/mairie-montataire.fr\/de\/wp-json\/wp\/v2\/event-theme?post=5363"}],"curies":[{"name":"wp","href":"https:\/\/api.w.org\/{rel}","templated":true}]}}

Palästinensische Delegation in Montataire

<p><strong>Montataire unterhält eine Städtepartnerschaft mit dem Flüchtlingslager Dheisheh in Palästina. Im Rahmen dieser Partnerschaft empfangen wir vom 29. November bis 2. Dezember eine Delegation von dort, ein Besuch, der vom <a href="https://mairie-montataire.fr/de/verzeichnisse/vereine-2/stadtepartnerschaften-und-internationales/partnerschaftskomitee-montataire-dheisheh/">Montataire Dheisheh Komitee</a>.</strong></p>



<h3 class="wp-block-heading">Highlights, die für alle offen sind :</h3>



<ul class="wp-block-list">
<li style="font-style:normal;font-weight:400"><strong>Samstag, 30. November</strong><br><strong>14h30 :</strong> Treffen mit der Delegation in der Salle de la Libération (8 bis, rue des Déportés).<br><strong>17h : </strong>Kundgebung für Palästina auf dem Vorplatz des Rathauses (Place Auguste Génie).</li>
</ul>



<ul class="wp-block-list">
<li style="font-style:normal;font-weight:400"><strong>Sonntag 1<sup>er</sup> Dezember</strong><br><strong>10h30 : </strong>Bummel über den Markt. (Platz Auguste Génie)</li>
</ul>



<div style="height:17px" aria-hidden="true" class="wp-block-spacer"></div>



<p><strong>Lassen Sie uns unsere Kulturen teilen, über aktuelle Ereignisse diskutieren, unsere Solidarität einbringen!</strong></p>



<p></p>

Montataire est jumelée avec le camp de réfugiés de Dheisheh en Palestine. Dans le cadre de ce jumelage, nous accueillons une délégation venue de là-bas, du 29 novembre au 2 décembre, une venue organisée par le Comité Montataire Dheisheh. Temps forts ouverts à tous : Partageons nos cultures, discutons de l’actualité, apportons notre solidarité !
