{"id":5274,"date":"2025-10-27T08:00:00","date_gmt":"2025-10-27T08:00:00","guid":{"rendered":"https:\/\/mairie-montataire.fr\/?post_type=event&#038;p=5274"},"modified":"2025-11-20T13:53:53","modified_gmt":"2025-11-20T13:53:53","slug":"kampf-gegen-gewalt-gegen-frauen","status":"publish","type":"event","link":"https:\/\/mairie-montataire.fr\/de\/agenda\/sensibilisation\/lutte-contre-les-violences-faites-aux-femmes\/","title":{"rendered":"Kampf gegen Gewalt gegen Frauen"},"content":{"rendered":"<h2 class=\"wp-block-heading\">Gewalt definieren, um besser bek\u00e4mpfen, informieren und begleiten zu k\u00f6nnen<\/h2>\n\n\n\n<p>Die sexistische und sexuelle Gewalt, mit der Frauen konfrontiert sind, macht regelm\u00e4\u00dfig Schlagzeilen in den Printmedien und im Fernsehen: die Feminizide, deren traurige Liste immer l\u00e4nger wird und die vielleicht h\u00e4tten verhindert werden k\u00f6nnen, die Vergewaltigungsaff\u00e4re von Mazan, die die wiederholten Schrecken ans Licht gebracht hat, die Frau Gis\u00e8le Pelicot erlitten hat, die zum Symbol aller Generationen im Kampf gegen Gewalt gegen Frauen geworden ist.<\/p>\n\n\n\n<p>Gewalt betrifft alle Frauen, ob jung, sehr jung, \u00e4lter, aus allen sozialen Schichten: Niemand bleibt verschont.<br>Aber haben Sie sich schon einmal gefragt, ob es in Ihrer Umgebung jemanden gibt, der sexistische Beleidigungen erlebt hat, der in den Verkehrsmitteln von einem Schrubber angemacht wurde, der auf der Stra\u00dfe, am Arbeitsplatz oder in der Schule \u00fcber die L\u00e4nge seines Rocks oder die Gr\u00f6\u00dfe seiner Br\u00fcste nachgedacht hat?<br>Gewalt ist nicht immer sichtbar und die Opfer melden sich nicht immer aus Scham oder aus Angst vor Vergeltung oder beidem.<\/p>\n\n\n\n<div style=\"height:39px\" aria-hidden=\"true\" class=\"wp-block-spacer\"><\/div>\n\n\n\n<div class=\"wp-block-uagb-buttons uagb-buttons__outer-wrap uagb-btn__default-btn uagb-btn-tablet__default-btn uagb-btn-mobile__default-btn uagb-block-de18af4f\"><div class=\"uagb-buttons__wrap uagb-buttons-layout-wrap\">\n<div class=\"wp-block-uagb-buttons-child uagb-buttons__outer-wrap uagb-block-6839a33a wp-block-button\"><div class=\"uagb-button__wrapper\"><a class=\"uagb-buttons-repeater wp-block-button__link\" aria-label=\"\" href=\"https:\/\/mairie-montataire.fr\/de\/aktuelle-nachrichten\/\" rel=\"follow noopener\" target=\"_self\" role=\"button\"><div class=\"uagb-button__link\">Dossier in Vivre! Nr. 218 zur Bestandsaufnahme von Gewalt :<br>Wie wird Gewalt definiert? <br>Welche Schritte muss ich unternehmen, um den Sachverhalt zu melden, wenn ich Opfer oder Zeuge bin? <br>Wer kann mir helfen und was droht den T\u00e4tern?<\/div><\/a><\/div><\/div>\n<\/div><\/div>\n\n\n\n<div style=\"height:39px\" aria-hidden=\"true\" class=\"wp-block-spacer\"><\/div>\n\n\n\n<h2 class=\"wp-block-heading\">Aktionen in Montataire werden vom 24. bis 29. November 2025 angeboten<\/h2>\n\n\n\n<p>F\u00fcr alle Aktionen ist eine Anmeldung bei der\u2019<a href=\"https:\/\/mairie-montataire.fr\/de\/verzeichnisse\/gemeindedienste\/dcsdt\/espace-huberte-dhoker\/\">Raum Huberte d'Hoker<\/a> und finden dort statt (au\u00dfer samstags).<\/p>\n\n\n\n<div class=\"wp-block-columns is-layout-flex wp-container-core-columns-is-layout-9d6595d7 wp-block-columns-is-layout-flex\">\n<div class=\"wp-block-column is-layout-flow wp-block-column-is-layout-flow\">\n<h3 class=\"wp-block-heading\">Montag, 24. November<\/h3>\n\n\n\n<p><strong>14h bis 16h<\/strong><br>Intervention zum Thema Gewalt und Diskriminierung durch die Juristin des CIDFF<\/p>\n\n\n\n<p><br><\/p>\n<\/div>\n\n\n\n<div class=\"wp-block-column is-layout-flow wp-block-column-is-layout-flow\">\n<h3 class=\"wp-block-heading\">Dienstag, 25. November<\/h3>\n\n\n\n<p><strong>14h bis 16h<\/strong><br>Kabarett-Lesung, angeboten von der\u2019<a href=\"https:\/\/mairie-montataire.fr\/de\/verzeichnisse\/vereine-2\/solidaritat\/solidarische-frauen\/\">Verein Femmes solidaires<\/a><\/p>\n\n\n\n<p><br><\/p>\n<\/div>\n\n\n\n<div class=\"wp-block-column is-layout-flow wp-block-column-is-layout-flow\">\n<h3 class=\"wp-block-heading\">Mittwoch, 26. November<\/h3>\n\n\n\n<p><strong>14h bis 16h<br><\/strong>Selbstverteidigungskurs<\/p>\n<\/div>\n<\/div>\n\n\n\n<div class=\"wp-block-columns is-layout-flex wp-container-core-columns-is-layout-9d6595d7 wp-block-columns-is-layout-flex\">\n<div class=\"wp-block-column is-layout-flow wp-block-column-is-layout-flow\">\n<h3 class=\"wp-block-heading\">Donnerstag, 27. November <br><mark style=\"background-color:rgba(0, 0, 0, 0)\" class=\"has-inline-color has-secondary-700-color\">(ANNULLIERT)<\/mark><\/h3>\n\n\n\n<p><strong><s>14h bis 16h<\/s><\/strong><br><s>Videokonferenz mit Pal\u00e4stinenserinnen aus dem <a href=\"https:\/\/mairie-montataire.fr\/de\/sich-informieren\/die-werte\/partnerschaften-internationale-solidaritat\/\">Dheisheh-Lager<\/a><\/s><\/p>\n\n\n\n<p><br><\/p>\n<\/div>\n\n\n\n<div class=\"wp-block-column is-layout-flow wp-block-column-is-layout-flow\">\n<h3 class=\"wp-block-heading\">Freitag, 28. November<\/h3>\n\n\n\n<p><strong>14h bis 16h<\/strong><br>Wellness-Nachmittag (Blumenatelier, Pflege, Diskussionen, Verkostungen...)<\/p>\n<\/div>\n\n\n\n<div class=\"wp-block-column is-layout-flow wp-block-column-is-layout-flow\">\n<h3 class=\"wp-block-heading\">Samstag, 29. November<\/h3>\n\n\n\n<p><strong>10h - <a href=\"https:\/\/www.google.com\/maps\/dir\/\/49.2655971,2.4329843\/@49.2654174,2.4324248,208m\/data=!3m1!1e3!4m2!4m1!3e0?authuser=0&amp;entry=ttu&amp;g_ep=EgoyMDI1MTAyMC4wIKXMDSoASAFQAw%3D%3D\" target=\"_blank\" rel=\"noreferrer noopener\">Raum Tausend Gesichter von Frauen<\/a><\/strong><s><strong><br><\/strong><\/s>Einweihung im Espace Milles visages de femmes und Ehrung der afghanischen Frauen. Anschlie\u00dfend Debatte in den R\u00e4umlichkeiten des Vereins in der\u2019<a href=\"https:\/\/www.google.com\/maps\/dir\/\/Espace+Elsa+Triolet,+92+Av.+Anatole+France,+60160+Montataire\/@49.2654174,2.4324248,208m\/data=!3m1!1e3!4m17!1m7!3m6!1s0x47e64bdbb54baf3b:0x8c9673c91b45f9cd!2sEspace+Elsa+Triolet!8m2!3d49.2657343!4d2.4319222!16s%2Fg%2F11dxdbt2xf!4m8!1m0!1m5!1m1!1s0x47e64bdbb54baf3b:0x8c9673c91b45f9cd!2m2!1d2.4319346!2d49.2657383!3e0?authuser=0&amp;entry=ttu&amp;g_ep=EgoyMDI1MTAyMC4wIKXMDSoASAFQAw%3D%3D\" target=\"_blank\" rel=\"noreferrer noopener\">Raum Elsa Triolet<\/a>.<\/p>\n\n\n\n<p><br><\/p>\n<\/div>\n<\/div>\n\n\n\n<div style=\"height:39px\" aria-hidden=\"true\" class=\"wp-block-spacer\"><\/div>\n\n\n\n<figure class=\"wp-block-image aligncenter size-full\"><img loading=\"lazy\" decoding=\"async\" width=\"567\" height=\"802\" src=\"https:\/\/mairie-montataire.fr\/app\/uploads\/2024\/11\/ViolencesFaitesAuxFemmes2025.png\" alt=\"\" class=\"wp-image-7053\" srcset=\"https:\/\/mairie-montataire.fr\/app\/uploads\/2024\/11\/ViolencesFaitesAuxFemmes2025.png 567w, https:\/\/mairie-montataire.fr\/app\/uploads\/2024\/11\/ViolencesFaitesAuxFemmes2025-212x300.png 212w, https:\/\/mairie-montataire.fr\/app\/uploads\/2024\/11\/ViolencesFaitesAuxFemmes2025-8x12.png 8w\" sizes=\"auto, (max-width: 567px) 100vw, 567px\" \/><\/figure>","protected":false},"featured_media":7051,"parent":0,"template":"","meta":{"_acf_changed":false,"_uag_custom_page_level_css":""},"event-theme":[98],"class_list":["post-5274","event","type-event","status-publish","has-post-thumbnail","hentry","event-theme-sensibilisation"],"acf":[],"uagb_featured_image_src":{"full":["https:\/\/mairie-montataire.fr\/app\/uploads\/2024\/11\/Agenda_25nov25.jpg",450,335,false],"thumbnail":["https:\/\/mairie-montataire.fr\/app\/uploads\/2024\/11\/Agenda_25nov25-150x150.jpg",150,150,true],"medium":["https:\/\/mairie-montataire.fr\/app\/uploads\/2024\/11\/Agenda_25nov25-300x223.jpg",300,223,true],"medium_large":["https:\/\/mairie-montataire.fr\/app\/uploads\/2024\/11\/Agenda_25nov25.jpg",450,335,false],"large":["https:\/\/mairie-montataire.fr\/app\/uploads\/2024\/11\/Agenda_25nov25.jpg",450,335,false],"1536x1536":["https:\/\/mairie-montataire.fr\/app\/uploads\/2024\/11\/Agenda_25nov25.jpg",450,335,false],"2048x2048":["https:\/\/mairie-montataire.fr\/app\/uploads\/2024\/11\/Agenda_25nov25.jpg",450,335,false],"trp-custom-language-flag":["https:\/\/mairie-montataire.fr\/app\/uploads\/2024\/11\/Agenda_25nov25-16x12.jpg",16,12,true],"gform-image-choice-sm":["https:\/\/mairie-montataire.fr\/app\/uploads\/2024\/11\/Agenda_25nov25.jpg",300,223,false],"gform-image-choice-md":["https:\/\/mairie-montataire.fr\/app\/uploads\/2024\/11\/Agenda_25nov25.jpg",400,298,false],"gform-image-choice-lg":["https:\/\/mairie-montataire.fr\/app\/uploads\/2024\/11\/Agenda_25nov25.jpg",450,335,false]},"uagb_author_info":{"display_name":"Laure Pubert","author_link":"https:\/\/mairie-montataire.fr\/de\/actualites\/author\/"},"uagb_comment_info":0,"uagb_excerpt":"D\u00e9finir la violence pour mieux lutter, informer, accompagner Les violences sexistes et sexuelles auxquelles sont confront\u00e9es les femmes font la une r\u00e9guli\u00e8rement de la presse \u00e9crite et t\u00e9l\u00e9vis\u00e9e : les f\u00e9minicides dont la triste liste s\u2019allonge et qui auraient pu \u00eatre \u00e9vit\u00e9s peut-\u00eatre, l\u2019affaire des viols de Mazan qui a mis en lumi\u00e8re les horreurs&hellip;","_links":{"self":[{"href":"https:\/\/mairie-montataire.fr\/de\/wp-json\/wp\/v2\/event\/5274","targetHints":{"allow":["GET"]}}],"collection":[{"href":"https:\/\/mairie-montataire.fr\/de\/wp-json\/wp\/v2\/event"}],"about":[{"href":"https:\/\/mairie-montataire.fr\/de\/wp-json\/wp\/v2\/types\/event"}],"wp:featuredmedia":[{"embeddable":true,"href":"https:\/\/mairie-montataire.fr\/de\/wp-json\/wp\/v2\/media\/7051"}],"wp:attachment":[{"href":"https:\/\/mairie-montataire.fr\/de\/wp-json\/wp\/v2\/media?parent=5274"}],"wp:term":[{"taxonomy":"event-theme","embeddable":true,"href":"https:\/\/mairie-montataire.fr\/de\/wp-json\/wp\/v2\/event-theme?post=5274"}],"curies":[{"name":"wp","href":"https:\/\/api.w.org\/{rel}","templated":true}]}}

<h2 class="wp-block-heading">Gewalt definieren, um besser bekämpfen, informieren und begleiten zu können</h2>



<p>Die sexistische und sexuelle Gewalt, mit der Frauen konfrontiert sind, macht regelmäßig Schlagzeilen in den Printmedien und im Fernsehen: die Feminizide, deren traurige Liste immer länger wird und die vielleicht hätten verhindert werden können, die Vergewaltigungsaffäre von Mazan, die die wiederholten Schrecken ans Licht gebracht hat, die Frau Gisèle Pelicot erlitten hat, die zum Symbol aller Generationen im Kampf gegen Gewalt gegen Frauen geworden ist.</p>



<p>Gewalt betrifft alle Frauen, ob jung, sehr jung, älter, aus allen sozialen Schichten: Niemand bleibt verschont.<br>Aber haben Sie sich schon einmal gefragt, ob es in Ihrer Umgebung jemanden gibt, der sexistische Beleidigungen erlebt hat, der in den Verkehrsmitteln von einem Schrubber angemacht wurde, der auf der Straße, am Arbeitsplatz oder in der Schule über die Länge seines Rocks oder die Größe seiner Brüste nachgedacht hat?<br>Gewalt ist nicht immer sichtbar und die Opfer melden sich nicht immer aus Scham oder aus Angst vor Vergeltung oder beidem.</p>



<div style="height:39px" aria-hidden="true" class="wp-block-spacer"></div>



<div class="wp-block-uagb-buttons uagb-buttons__outer-wrap uagb-btn__default-btn uagb-btn-tablet__default-btn uagb-btn-mobile__default-btn uagb-block-de18af4f"><div class="uagb-buttons__wrap uagb-buttons-layout-wrap">
<div class="wp-block-uagb-buttons-child uagb-buttons__outer-wrap uagb-block-6839a33a wp-block-button"><div class="uagb-button__wrapper"><a class="uagb-buttons-repeater wp-block-button__link" aria-label="" href="https://mairie-montataire.fr/de/aktuelle-nachrichten/" rel="follow noopener" target="_self" role="button"><div class="uagb-button__link">Dossier in Vivre! Nr. 218 zur Bestandsaufnahme von Gewalt :<br>Wie wird Gewalt definiert? <br>Welche Schritte muss ich unternehmen, um den Sachverhalt zu melden, wenn ich Opfer oder Zeuge bin? <br>Wer kann mir helfen und was droht den Tätern?</div></a></div></div>
</div></div>



<div style="height:39px" aria-hidden="true" class="wp-block-spacer"></div>



<h2 class="wp-block-heading">Aktionen in Montataire werden vom 24. bis 29. November 2025 angeboten</h2>



<p>Für alle Aktionen ist eine Anmeldung bei der’<a href="https://mairie-montataire.fr/de/verzeichnisse/gemeindedienste/dcsdt/espace-huberte-dhoker/">Raum Huberte d'Hoker</a> und finden dort statt (außer samstags).</p>



<div class="wp-block-columns is-layout-flex wp-container-core-columns-is-layout-9d6595d7 wp-block-columns-is-layout-flex">
<div class="wp-block-column is-layout-flow wp-block-column-is-layout-flow">
<h3 class="wp-block-heading">Montag, 24. November</h3>



<p><strong>14h bis 16h</strong><br>Intervention zum Thema Gewalt und Diskriminierung durch die Juristin des CIDFF</p>



<p><br></p>
</div>



<div class="wp-block-column is-layout-flow wp-block-column-is-layout-flow">
<h3 class="wp-block-heading">Dienstag, 25. November</h3>



<p><strong>14h bis 16h</strong><br>Kabarett-Lesung, angeboten von der’<a href="https://mairie-montataire.fr/de/verzeichnisse/vereine-2/solidaritat/solidarische-frauen/">Verein Femmes solidaires</a></p>



<p><br></p>
</div>



<div class="wp-block-column is-layout-flow wp-block-column-is-layout-flow">
<h3 class="wp-block-heading">Mittwoch, 26. November</h3>



<p><strong>14h bis 16h<br></strong>Selbstverteidigungskurs</p>
</div>
</div>



<div class="wp-block-columns is-layout-flex wp-container-core-columns-is-layout-9d6595d7 wp-block-columns-is-layout-flex">
<div class="wp-block-column is-layout-flow wp-block-column-is-layout-flow">
<h3 class="wp-block-heading">Donnerstag, 27. November <br><mark style="background-color:rgba(0, 0, 0, 0)" class="has-inline-color has-secondary-700-color">(ANNULLIERT)</mark></h3>



<p><strong><s>14h bis 16h</s></strong><br><s>Videokonferenz mit Palästinenserinnen aus dem <a href="https://mairie-montataire.fr/de/sich-informieren/die-werte/partnerschaften-internationale-solidaritat/">Dheisheh-Lager</a></s></p>



<p><br></p>
</div>



<div class="wp-block-column is-layout-flow wp-block-column-is-layout-flow">
<h3 class="wp-block-heading">Freitag, 28. November</h3>



<p><strong>14h bis 16h</strong><br>Wellness-Nachmittag (Blumenatelier, Pflege, Diskussionen, Verkostungen...)</p>
</div>



<div class="wp-block-column is-layout-flow wp-block-column-is-layout-flow">
<h3 class="wp-block-heading">Samstag, 29. November</h3>



<p><strong>10h - <a href="https://www.google.com/maps/dir//49.2655971,2.4329843/@49.2654174,2.4324248,208m/data=!3m1!1e3!4m2!4m1!3e0?authuser=0&amp;entry=ttu&amp;g_ep=EgoyMDI1MTAyMC4wIKXMDSoASAFQAw%3D%3D" target="_blank" rel="noreferrer noopener">Raum Tausend Gesichter von Frauen</a></strong><s><strong><br></strong></s>Einweihung im Espace Milles visages de femmes und Ehrung der afghanischen Frauen. Anschließend Debatte in den Räumlichkeiten des Vereins in der’<a href="https://www.google.com/maps/dir//Espace+Elsa+Triolet,+92+Av.+Anatole+France,+60160+Montataire/@49.2654174,2.4324248,208m/data=!3m1!1e3!4m17!1m7!3m6!1s0x47e64bdbb54baf3b:0x8c9673c91b45f9cd!2sEspace+Elsa+Triolet!8m2!3d49.2657343!4d2.4319222!16s%2Fg%2F11dxdbt2xf!4m8!1m0!1m5!1m1!1s0x47e64bdbb54baf3b:0x8c9673c91b45f9cd!2m2!1d2.4319346!2d49.2657383!3e0?authuser=0&amp;entry=ttu&amp;g_ep=EgoyMDI1MTAyMC4wIKXMDSoASAFQAw%3D%3D" target="_blank" rel="noreferrer noopener">Raum Elsa Triolet</a>.</p>



<p><br></p>
</div>
</div>



<div style="height:39px" aria-hidden="true" class="wp-block-spacer"></div>



<figure class="wp-block-image aligncenter size-full"><img loading="lazy" decoding="async" width="567" height="802" src="https://mairie-montataire.fr/app/uploads/2024/11/ViolencesFaitesAuxFemmes2025.png" alt="" class="wp-image-7053" srcset="https://mairie-montataire.fr/app/uploads/2024/11/ViolencesFaitesAuxFemmes2025.png 567w, https://mairie-montataire.fr/app/uploads/2024/11/ViolencesFaitesAuxFemmes2025-212x300.png 212w, https://mairie-montataire.fr/app/uploads/2024/11/ViolencesFaitesAuxFemmes2025-8x12.png 8w" sizes="auto, (max-width: 567px) 100vw, 567px" /></figure>

Définir la violence pour mieux lutter, informer, accompagner Les violences sexistes et sexuelles auxquelles sont confrontées les femmes font la une régulièrement de la presse écrite et télévisée : les féminicides dont la triste liste s’allonge et qui auraient pu être évités peut-être, l’affaire des viols de Mazan qui a mis en lumière les horreurs&hellip;
