{"id":5268,"date":"2025-11-07T09:45:21","date_gmt":"2025-11-07T09:45:21","guid":{"rendered":"https:\/\/mairie-montataire.fr\/?post_type=event&#038;p=5268"},"modified":"2025-11-04T09:46:55","modified_gmt":"2025-11-04T09:46:55","slug":"anmeldungen-ausflug-renten","status":"publish","type":"event","link":"https:\/\/mairie-montataire.fr\/de\/agenda\/retraites\/inscriptions-sortie-retraites\/","title":{"rendered":"Einschreibung Ausflug Rentner"},"content":{"rendered":"<h2 class=\"wp-block-heading\"><strong>AUSFLUG ZUM WEIHNACHTSMARKT IN LILLE<\/strong> \u2013 <strong>Freitag, 6. Dezember<\/strong><\/h2>\n\n\n\n<p>Begeben Sie sich auf einen zauberhaften Tag im Herzen des Weihnachtsmarktes von Lille!<\/p>\n\n\n<div class=\"highlight\">\n                <div class=\"highlight__description\"><p style=\"text-align: center;\"><strong>Einschreibung am Freitag, den 28. November um 14 Uhr in der Residenz.<br \/>\n10\u20ac pro Person<\/strong><\/p>\n<\/div>\n    <\/div>\n\n\n<p>Die Abreise am 6. Dezember erfolgt um <strong>10 Uhr ab dem Parkplatz Ambroise Croizat<\/strong>, und Sie w\u00fcrden zur\u00fcckgehen auf <strong>21 Uhr auf Montataire<\/strong>. Nutzen Sie die geschm\u00fcckten Chalets, die festliche Beleuchtung und das lokale Kunsthandwerk, um sich mit Geschenken einzudecken und die Weihnachtsstimmung zu genie\u00dfen.<\/p>\n\n\n\n<p><\/p>","protected":false},"featured_media":7155,"parent":0,"template":"","meta":{"_acf_changed":true,"_uag_custom_page_level_css":""},"event-theme":[99],"class_list":["post-5268","event","type-event","status-publish","has-post-thumbnail","hentry","event-theme-retraites"],"acf":[],"uagb_featured_image_src":{"full":["https:\/\/mairie-montataire.fr\/app\/uploads\/2025\/10\/Agenda_InscriptionVieuxMarcheNoelLille25.jpg",450,335,false],"thumbnail":["https:\/\/mairie-montataire.fr\/app\/uploads\/2025\/10\/Agenda_InscriptionVieuxMarcheNoelLille25-150x150.jpg",150,150,true],"medium":["https:\/\/mairie-montataire.fr\/app\/uploads\/2025\/10\/Agenda_InscriptionVieuxMarcheNoelLille25-300x223.jpg",300,223,true],"medium_large":["https:\/\/mairie-montataire.fr\/app\/uploads\/2025\/10\/Agenda_InscriptionVieuxMarcheNoelLille25.jpg",450,335,false],"large":["https:\/\/mairie-montataire.fr\/app\/uploads\/2025\/10\/Agenda_InscriptionVieuxMarcheNoelLille25.jpg",450,335,false],"1536x1536":["https:\/\/mairie-montataire.fr\/app\/uploads\/2025\/10\/Agenda_InscriptionVieuxMarcheNoelLille25.jpg",450,335,false],"2048x2048":["https:\/\/mairie-montataire.fr\/app\/uploads\/2025\/10\/Agenda_InscriptionVieuxMarcheNoelLille25.jpg",450,335,false],"trp-custom-language-flag":["https:\/\/mairie-montataire.fr\/app\/uploads\/2025\/10\/Agenda_InscriptionVieuxMarcheNoelLille25-16x12.jpg",16,12,true],"gform-image-choice-sm":["https:\/\/mairie-montataire.fr\/app\/uploads\/2025\/10\/Agenda_InscriptionVieuxMarcheNoelLille25.jpg",300,223,false],"gform-image-choice-md":["https:\/\/mairie-montataire.fr\/app\/uploads\/2025\/10\/Agenda_InscriptionVieuxMarcheNoelLille25.jpg",400,298,false],"gform-image-choice-lg":["https:\/\/mairie-montataire.fr\/app\/uploads\/2025\/10\/Agenda_InscriptionVieuxMarcheNoelLille25.jpg",450,335,false]},"uagb_author_info":{"display_name":"Laure Pubert","author_link":"https:\/\/mairie-montataire.fr\/de\/actualites\/author\/"},"uagb_comment_info":0,"uagb_excerpt":"SORTIE MARCH\u00c9 DE NO\u00cbL \u00c0 LILLE &#8211; Vendredi 6 d\u00e9cembre Embarquez pour une journ\u00e9e enchant\u00e9e au c\u0153ur du march\u00e9 de No\u00ebl de Lille ! Le d\u00e9part le 6 d\u00e9cembre se fera \u00e0 10h depuis le parking Ambroise Croizat, et vous reviendriez \u00e0 21h sur Montataire. Profitez des chalets d\u00e9cor\u00e9s, des illuminations festives et de l\u2019artisanat&hellip;","_links":{"self":[{"href":"https:\/\/mairie-montataire.fr\/de\/wp-json\/wp\/v2\/event\/5268","targetHints":{"allow":["GET"]}}],"collection":[{"href":"https:\/\/mairie-montataire.fr\/de\/wp-json\/wp\/v2\/event"}],"about":[{"href":"https:\/\/mairie-montataire.fr\/de\/wp-json\/wp\/v2\/types\/event"}],"wp:featuredmedia":[{"embeddable":true,"href":"https:\/\/mairie-montataire.fr\/de\/wp-json\/wp\/v2\/media\/7155"}],"wp:attachment":[{"href":"https:\/\/mairie-montataire.fr\/de\/wp-json\/wp\/v2\/media?parent=5268"}],"wp:term":[{"taxonomy":"event-theme","embeddable":true,"href":"https:\/\/mairie-montataire.fr\/de\/wp-json\/wp\/v2\/event-theme?post=5268"}],"curies":[{"name":"wp","href":"https:\/\/api.w.org\/{rel}","templated":true}]}}

<h2 class="wp-block-heading"><strong>AUSFLUG ZUM WEIHNACHTSMARKT IN LILLE</strong> – <strong>Freitag, 6. Dezember</strong></h2>



<p>Begeben Sie sich auf einen zauberhaften Tag im Herzen des Weihnachtsmarktes von Lille!</p>


<div class="highlight">
                <div class="highlight__description"><p style="text-align: center;"><strong>Einschreibung am Freitag, den 28. November um 14 Uhr in der Residenz.<br />
10€ pro Person</strong></p>
</div>
    </div>


<p>Die Abreise am 6. Dezember erfolgt um <strong>10 Uhr ab dem Parkplatz Ambroise Croizat</strong>, und Sie würden zurückgehen auf <strong>21 Uhr auf Montataire</strong>. Nutzen Sie die geschmückten Chalets, die festliche Beleuchtung und das lokale Kunsthandwerk, um sich mit Geschenken einzudecken und die Weihnachtsstimmung zu genießen.</p>



<p></p>

SORTIE MARCHÉ DE NOËL À LILLE &#8211; Vendredi 6 décembre Embarquez pour une journée enchantée au cœur du marché de Noël de Lille ! Le départ le 6 décembre se fera à 10h depuis le parking Ambroise Croizat, et vous reviendriez à 21h sur Montataire. Profitez des chalets décorés, des illuminations festives et de l’artisanat&hellip;
