{"id":4782,"date":"2025-10-03T08:30:25","date_gmt":"2025-10-03T08:30:25","guid":{"rendered":"https:\/\/mairie-montataire.fr\/?post_type=event&#038;p=4782"},"modified":"2025-10-03T08:48:38","modified_gmt":"2025-10-03T08:48:38","slug":"tage-des-kulturerbes-4","status":"publish","type":"event","link":"https:\/\/mairie-montataire.fr\/de\/agenda\/rencontres\/reunion-publique\/","title":{"rendered":"\u00d6ffentliches Treffen"},"content":{"rendered":"<p><strong>Die Stadt Montataire setzt die Umgestaltung des Viertels Martinets im Rahmen des Nouveau Programme National de Renouvellement Urbain (NPNRU) fort. Nach einer ersten, bereits begonnenen Etappe wird Phase 2 des Projekts bei einer \u00f6ffentlichen Versammlung vorgestellt: Entdecken Sie die neuen Gr\u00fcnfl\u00e4chen und die Umgebung des Coll\u00e8ge Anatole France. <\/strong><\/p>\n\n\n\n<div style=\"height:30px\" aria-hidden=\"true\" class=\"wp-block-spacer\"><\/div>\n\n\n\n<p><strong>Ab 16:45 Uhr :<\/strong> Empfang Ihrer Kinder f\u00fcr einen Workshop zum Bemalen der B\u00fccherkiste w\u00e4hrend des \u00f6ffentlichen Treffens (Sch\u00fcrzen oder alte Kleidung empfohlen).<br><strong>Anmeldungen bei der Abteilung f\u00fcr Stadtpolitik : <a href=\"tel:0344644444\"><strong>03 44 64 44 44<\/strong><\/a>.<\/strong><\/p>\n\n\n\n<p><strong>17h :<\/strong> \u00d6ffentliches Treffen zur Vorstellung der Arbeiten, gefolgt von einem Umtrunk.<\/p>\n\n\n\n<div style=\"height:30px\" aria-hidden=\"true\" class=\"wp-block-spacer\"><\/div>\n\n\n\n<p><strong>Bis bald im Quartier des Martinets: ein neues Herz zum Leben!<\/strong><\/p>\n\n\n\n<p><\/p>","protected":false},"featured_media":6989,"parent":0,"template":"","meta":{"_acf_changed":true,"_uag_custom_page_level_css":""},"event-theme":[78],"class_list":["post-4782","event","type-event","status-publish","has-post-thumbnail","hentry","event-theme-rencontres"],"acf":[],"uagb_featured_image_src":{"full":["https:\/\/mairie-montataire.fr\/app\/uploads\/2024\/10\/Agenda_ReuPubliquePhase2PRU.jpg",450,335,false],"thumbnail":["https:\/\/mairie-montataire.fr\/app\/uploads\/2024\/10\/Agenda_ReuPubliquePhase2PRU-150x150.jpg",150,150,true],"medium":["https:\/\/mairie-montataire.fr\/app\/uploads\/2024\/10\/Agenda_ReuPubliquePhase2PRU-300x223.jpg",300,223,true],"medium_large":["https:\/\/mairie-montataire.fr\/app\/uploads\/2024\/10\/Agenda_ReuPubliquePhase2PRU.jpg",450,335,false],"large":["https:\/\/mairie-montataire.fr\/app\/uploads\/2024\/10\/Agenda_ReuPubliquePhase2PRU.jpg",450,335,false],"1536x1536":["https:\/\/mairie-montataire.fr\/app\/uploads\/2024\/10\/Agenda_ReuPubliquePhase2PRU.jpg",450,335,false],"2048x2048":["https:\/\/mairie-montataire.fr\/app\/uploads\/2024\/10\/Agenda_ReuPubliquePhase2PRU.jpg",450,335,false],"trp-custom-language-flag":["https:\/\/mairie-montataire.fr\/app\/uploads\/2024\/10\/Agenda_ReuPubliquePhase2PRU-16x12.jpg",16,12,true],"gform-image-choice-sm":["https:\/\/mairie-montataire.fr\/app\/uploads\/2024\/10\/Agenda_ReuPubliquePhase2PRU.jpg",300,223,false],"gform-image-choice-md":["https:\/\/mairie-montataire.fr\/app\/uploads\/2024\/10\/Agenda_ReuPubliquePhase2PRU.jpg",400,298,false],"gform-image-choice-lg":["https:\/\/mairie-montataire.fr\/app\/uploads\/2024\/10\/Agenda_ReuPubliquePhase2PRU.jpg",450,335,false]},"uagb_author_info":{"display_name":"Laure Pubert","author_link":"https:\/\/mairie-montataire.fr\/de\/actualites\/author\/"},"uagb_comment_info":0,"uagb_excerpt":"La Ville de Montataire poursuit la transformation du quartier des Martinets dans le cadre du Nouveau Programme National de Renouvellement Urbain (NPNRU). Apr\u00e8s une premi\u00e8re \u00e9tape d\u00e9j\u00e0 engag\u00e9e, la phase 2 du projet sera pr\u00e9sent\u00e9e lors d\u2019une r\u00e9union publique : d\u00e9couvrez les nouveaux espaces verts et les abords du coll\u00e8ge Anatole France. D\u00e8s 16h45 :&hellip;","_links":{"self":[{"href":"https:\/\/mairie-montataire.fr\/de\/wp-json\/wp\/v2\/event\/4782","targetHints":{"allow":["GET"]}}],"collection":[{"href":"https:\/\/mairie-montataire.fr\/de\/wp-json\/wp\/v2\/event"}],"about":[{"href":"https:\/\/mairie-montataire.fr\/de\/wp-json\/wp\/v2\/types\/event"}],"wp:featuredmedia":[{"embeddable":true,"href":"https:\/\/mairie-montataire.fr\/de\/wp-json\/wp\/v2\/media\/6989"}],"wp:attachment":[{"href":"https:\/\/mairie-montataire.fr\/de\/wp-json\/wp\/v2\/media?parent=4782"}],"wp:term":[{"taxonomy":"event-theme","embeddable":true,"href":"https:\/\/mairie-montataire.fr\/de\/wp-json\/wp\/v2\/event-theme?post=4782"}],"curies":[{"name":"wp","href":"https:\/\/api.w.org\/{rel}","templated":true}]}}

Öffentliches Treffen

<p><strong>Die Stadt Montataire setzt die Umgestaltung des Viertels Martinets im Rahmen des Nouveau Programme National de Renouvellement Urbain (NPNRU) fort. Nach einer ersten, bereits begonnenen Etappe wird Phase 2 des Projekts bei einer öffentlichen Versammlung vorgestellt: Entdecken Sie die neuen Grünflächen und die Umgebung des Collège Anatole France. </strong></p>



<div style="height:30px" aria-hidden="true" class="wp-block-spacer"></div>



<p><strong>Ab 16:45 Uhr :</strong> Empfang Ihrer Kinder für einen Workshop zum Bemalen der Bücherkiste während des öffentlichen Treffens (Schürzen oder alte Kleidung empfohlen).<br><strong>Anmeldungen bei der Abteilung für Stadtpolitik : <a href="tel:0344644444"><strong>03 44 64 44 44</strong></a>.</strong></p>



<p><strong>17h :</strong> Öffentliches Treffen zur Vorstellung der Arbeiten, gefolgt von einem Umtrunk.</p>



<div style="height:30px" aria-hidden="true" class="wp-block-spacer"></div>



<p><strong>Bis bald im Quartier des Martinets: ein neues Herz zum Leben!</strong></p>



<p></p>

La Ville de Montataire poursuit la transformation du quartier des Martinets dans le cadre du Nouveau Programme National de Renouvellement Urbain (NPNRU). Après une première étape déjà engagée, la phase 2 du projet sera présentée lors d’une réunion publique : découvrez les nouveaux espaces verts et les abords du collège Anatole France. Dès 16h45 :&hellip;
