{"id":4236,"date":"2024-09-03T13:16:31","date_gmt":"2024-09-03T13:16:31","guid":{"rendered":"https:\/\/montataire.mentalworks.me\/?post_type=event&#038;p=4236"},"modified":"2024-09-11T07:51:24","modified_gmt":"2024-09-11T07:51:24","slug":"stammtische","status":"publish","type":"event","link":"https:\/\/mairie-montataire.fr\/de\/agenda\/rencontres\/tables-de-quartier\/","title":{"rendered":"Nachbarschaftstische"},"content":{"rendered":"<p>Die Tables de Quartier richten sich f\u00fcr einige Stunden in Ihrer N\u00e4he ein! <\/p>\n\n\n\n<p>Dies ist eine ideale Gelegenheit, um zu kommen und einen gem\u00fctlichen Moment mit Ihren Nachbarn zu verbringen und sich bei einer Tasse Kaffee \u00fcber Themen auszutauschen, die Ihnen am Herzen liegen. <\/p>\n\n\n\n<p>Ob Sie nun \u00fcber den Alltag in Ihrem Viertel diskutieren, Ihre Ideen zur Verbesserung Ihres Lebensumfelds mitteilen oder die zuk\u00fcnftigen Projekte f\u00fcr unsere Stadt entdecken m\u00f6chten, diese Treffen sind f\u00fcr Sie gemacht. <strong>Kommen Sie zahlreich, Ihre Meinung und Ihre Ideen sind wichtig, um gemeinsam eine Zukunft zu gestalten, die uns gef\u00e4llt!<\/strong><\/p>","protected":false},"featured_media":4234,"parent":0,"template":"","meta":{"_acf_changed":true,"_uag_custom_page_level_css":""},"event-theme":[78],"class_list":["post-4236","event","type-event","status-publish","has-post-thumbnail","hentry","event-theme-rencontres"],"acf":[],"uagb_featured_image_src":{"full":["https:\/\/mairie-montataire.fr\/app\/uploads\/2024\/09\/Agenda_TablesQuartier.jpg",450,335,false],"thumbnail":["https:\/\/mairie-montataire.fr\/app\/uploads\/2024\/09\/Agenda_TablesQuartier-150x150.jpg",150,150,true],"medium":["https:\/\/mairie-montataire.fr\/app\/uploads\/2024\/09\/Agenda_TablesQuartier-300x223.jpg",300,223,true],"medium_large":["https:\/\/mairie-montataire.fr\/app\/uploads\/2024\/09\/Agenda_TablesQuartier.jpg",450,335,false],"large":["https:\/\/mairie-montataire.fr\/app\/uploads\/2024\/09\/Agenda_TablesQuartier.jpg",450,335,false],"1536x1536":["https:\/\/mairie-montataire.fr\/app\/uploads\/2024\/09\/Agenda_TablesQuartier.jpg",450,335,false],"2048x2048":["https:\/\/mairie-montataire.fr\/app\/uploads\/2024\/09\/Agenda_TablesQuartier.jpg",450,335,false],"trp-custom-language-flag":["https:\/\/mairie-montataire.fr\/app\/uploads\/2024\/09\/Agenda_TablesQuartier-16x12.jpg",16,12,true],"gform-image-choice-sm":["https:\/\/mairie-montataire.fr\/app\/uploads\/2024\/09\/Agenda_TablesQuartier.jpg",300,223,false],"gform-image-choice-md":["https:\/\/mairie-montataire.fr\/app\/uploads\/2024\/09\/Agenda_TablesQuartier.jpg",400,298,false],"gform-image-choice-lg":["https:\/\/mairie-montataire.fr\/app\/uploads\/2024\/09\/Agenda_TablesQuartier.jpg",450,335,false]},"uagb_author_info":{"display_name":"Laure Pubert","author_link":"https:\/\/mairie-montataire.fr\/de\/actualites\/author\/"},"uagb_comment_info":0,"uagb_excerpt":"Les Tables de Quartier s&rsquo;installent pour quelques heures pr\u00e8s de chez vous ! C&rsquo;est une occasion id\u00e9ale pour venir partager un moment convivial avec vos voisins et \u00e9changer autour d&rsquo;un caf\u00e9 sur les sujets qui vous tiennent \u00e0 c\u0153ur. Que vous souhaitiez discuter de la vie quotidienne dans votre quartier, partager vos id\u00e9es pour am\u00e9liorer&hellip;","_links":{"self":[{"href":"https:\/\/mairie-montataire.fr\/de\/wp-json\/wp\/v2\/event\/4236","targetHints":{"allow":["GET"]}}],"collection":[{"href":"https:\/\/mairie-montataire.fr\/de\/wp-json\/wp\/v2\/event"}],"about":[{"href":"https:\/\/mairie-montataire.fr\/de\/wp-json\/wp\/v2\/types\/event"}],"wp:featuredmedia":[{"embeddable":true,"href":"https:\/\/mairie-montataire.fr\/de\/wp-json\/wp\/v2\/media\/4234"}],"wp:attachment":[{"href":"https:\/\/mairie-montataire.fr\/de\/wp-json\/wp\/v2\/media?parent=4236"}],"wp:term":[{"taxonomy":"event-theme","embeddable":true,"href":"https:\/\/mairie-montataire.fr\/de\/wp-json\/wp\/v2\/event-theme?post=4236"}],"curies":[{"name":"wp","href":"https:\/\/api.w.org\/{rel}","templated":true}]}}

<p>Die Tables de Quartier richten sich für einige Stunden in Ihrer Nähe ein! </p>



<p>Dies ist eine ideale Gelegenheit, um zu kommen und einen gemütlichen Moment mit Ihren Nachbarn zu verbringen und sich bei einer Tasse Kaffee über Themen auszutauschen, die Ihnen am Herzen liegen. </p>



<p>Ob Sie nun über den Alltag in Ihrem Viertel diskutieren, Ihre Ideen zur Verbesserung Ihres Lebensumfelds mitteilen oder die zukünftigen Projekte für unsere Stadt entdecken möchten, diese Treffen sind für Sie gemacht. <strong>Kommen Sie zahlreich, Ihre Meinung und Ihre Ideen sind wichtig, um gemeinsam eine Zukunft zu gestalten, die uns gefällt!</strong></p>

Les Tables de Quartier s&rsquo;installent pour quelques heures près de chez vous ! C&rsquo;est une occasion idéale pour venir partager un moment convivial avec vos voisins et échanger autour d&rsquo;un café sur les sujets qui vous tiennent à cœur. Que vous souhaitiez discuter de la vie quotidienne dans votre quartier, partager vos idées pour améliorer&hellip;
