{"id":98,"date":"2024-05-03T09:20:05","date_gmt":"2024-05-03T09:20:05","guid":{"rendered":"https:\/\/montataire.local\/?page_id=98"},"modified":"2024-08-19T12:01:35","modified_gmt":"2024-08-19T12:01:35","slug":"marche","status":"publish","type":"page","link":"https:\/\/mairie-montataire.fr\/ar\/visiter\/marche\/","title":{"rendered":"\u0627\u0644\u0633\u0648\u0642"},"content":{"rendered":"<p><strong>\u0627\u0644\u0633\u0648\u0642 \u0627\u0644\u0645\u062d\u0644\u064a \u0647\u0648 \u0645\u0643\u0627\u0646 \u064a\u062c\u062a\u0645\u0639 \u0641\u064a\u0647 \u0627\u0644\u0645\u0646\u062a\u062c\u0648\u0646 \u0648\u0627\u0644\u062d\u0631\u0641\u064a\u0648\u0646 \u0645\u0639\u0627\u064b. \u0625\u0646\u0647 \u0645\u0643\u0627\u0646 \u064a\u0645\u0643\u0646 \u0644\u0644\u0633\u0643\u0627\u0646 \u0627\u0644\u0645\u062d\u0644\u064a\u064a\u0646 \u0627\u0644\u0639\u062b\u0648\u0631 \u0641\u064a\u0647 \u0639\u0644\u0649 \u0627\u0644\u0645\u0646\u062a\u062c\u0627\u062a \u0627\u0644\u064a\u0648\u0645\u064a\u0629. \u0643\u0645\u0627 \u0623\u0646\u0647 \u0645\u0643\u0627\u0646 \u0631\u0627\u0626\u0639 \u0644\u0644\u0627\u0644\u062a\u0642\u0627\u0621 \u0648\u0627\u0644\u062a\u062d\u062f\u062b.<\/strong><\/p>\n\n\n\n<p><strong>\u062f\u0639\u0645 \u0627\u0644\u0633\u0648\u0642 \u0627\u0644\u0645\u062d\u0644\u064a\u0629 \u064a\u0639\u0646\u064a \u062f\u0639\u0645 \u0627\u0642\u062a\u0635\u0627\u062f\u0646\u0627 \u0627\u0644\u0645\u062d\u0644\u064a \u0648\u062a\u0639\u0632\u064a\u0632 \u0627\u0644\u062a\u0646\u0645\u064a\u0629 \u0627\u0644\u0645\u0633\u062a\u062f\u0627\u0645\u0629.<\/strong><\/p>\n\n\n\t\t\t\t\t<div\n\t\t\t\t\t\tclass=\"wp-block-uagb-image-gallery uagb-block-0b35d1a4\"\n\t\t\t\t\t\tstyle=\"\"\n\t\t\t\t\t>\n\t\t\t\t\t\t\t\t\t\t\t<div class=\"spectra-image-gallery spectra-image-gallery__layout--grid spectra-image-gallery__layout--grid-col-3 spectra-image-gallery__layout--grid-col-tab-3 spectra-image-gallery__layout--grid-col-mob-2\">\n\t\t\t\t\t\t\t\t\t\t\t<div class='spectra-image-gallery__media-wrapper' data-spectra-gallery-image-id='1720' tabindex=\"0\">\n\t\t\t\t\t\t\t<div class=\"spectra-image-gallery__media spectra-image-gallery__media--grid\">\n\t\t\t\t<picture>\n\t\t\t\t\t<source media=\"(min-width: 1024px)\" srcset=\"https:\/\/mairie-montataire.fr\/app\/uploads\/2024\/07\/2024-07-14-marche-place-mairie-2-1024x683.jpg\">\n\t\t\t\t\t<source media=\"(min-width: 768px)\" srcset=\"https:\/\/mairie-montataire.fr\/app\/uploads\/2024\/07\/2024-07-14-marche-place-mairie-2-1024x683.jpg\">\n\t\t\t\t\t<img decoding=\"async\" class=\"spectra-image-gallery__media-thumbnail spectra-image-gallery__media-thumbnail--grid\" src=\"https:\/\/mairie-montataire.fr\/app\/uploads\/2024\/07\/2024-07-14-marche-place-mairie-2-300x200.jpg\" alt=\"\u0643\u0634\u0643 \u0627\u0644\u0646\u0628\u0627\u062a\u0627\u062a \u0641\u064a \u0627\u0644\u0633\u0648\u0642\" loading=\"lazy\" \/>\n\t\t\t\t<\/picture>\n\t\t\t\t<div class=\"spectra-image-gallery__media-thumbnail-blurrer\"><\/div>\n\t\t\t\t\t\t\t\t\t\t\t<div class=\"spectra-image-gallery__media-thumbnail-caption-wrapper spectra-image-gallery__media-thumbnail-caption-wrapper--overlay\"><\/div>\n\t\t\t\t\t\t\t\t<\/div>\n\t\t\t\t\t\t<\/div>\n\t\t\t\t\t\t<div class='spectra-image-gallery__media-wrapper' data-spectra-gallery-image-id='1719' tabindex=\"0\">\n\t\t\t\t\t\t\t<div class=\"spectra-image-gallery__media spectra-image-gallery__media--grid\">\n\t\t\t\t<picture>\n\t\t\t\t\t<source media=\"(min-width: 1024px)\" srcset=\"https:\/\/mairie-montataire.fr\/app\/uploads\/2024\/07\/2024-07-14-marche-place-mairie-1-683x1024.jpg\">\n\t\t\t\t\t<source media=\"(min-width: 768px)\" srcset=\"https:\/\/mairie-montataire.fr\/app\/uploads\/2024\/07\/2024-07-14-marche-place-mairie-1-683x1024.jpg\">\n\t\t\t\t\t<img decoding=\"async\" class=\"spectra-image-gallery__media-thumbnail spectra-image-gallery__media-thumbnail--grid\" src=\"https:\/\/mairie-montataire.fr\/app\/uploads\/2024\/07\/2024-07-14-marche-place-mairie-1-200x300.jpg\" alt=\"\u0643\u0634\u0643 \u0627\u0644\u0641\u0627\u0643\u0647\u0629 \u0648\u0627\u0644\u062e\u0636\u0631\u0648\u0627\u062a \u0641\u064a \u0627\u0644\u0633\u0648\u0642\" loading=\"lazy\" \/>\n\t\t\t\t<\/picture>\n\t\t\t\t<div class=\"spectra-image-gallery__media-thumbnail-blurrer\"><\/div>\n\t\t\t\t\t\t\t\t\t\t\t<div class=\"spectra-image-gallery__media-thumbnail-caption-wrapper spectra-image-gallery__media-thumbnail-caption-wrapper--overlay\"><\/div>\n\t\t\t\t\t\t\t\t<\/div>\n\t\t\t\t\t\t<\/div>\n\t\t\t\t\t\t<div class='spectra-image-gallery__media-wrapper' data-spectra-gallery-image-id='1718' tabindex=\"0\">\n\t\t\t\t\t\t\t<div class=\"spectra-image-gallery__media spectra-image-gallery__media--grid\">\n\t\t\t\t<picture>\n\t\t\t\t\t<source media=\"(min-width: 1024px)\" srcset=\"https:\/\/mairie-montataire.fr\/app\/uploads\/2024\/07\/2024-07-14-marche-place-mairie-8-683x1024.jpg\">\n\t\t\t\t\t<source media=\"(min-width: 768px)\" srcset=\"https:\/\/mairie-montataire.fr\/app\/uploads\/2024\/07\/2024-07-14-marche-place-mairie-8-683x1024.jpg\">\n\t\t\t\t\t<img decoding=\"async\" class=\"spectra-image-gallery__media-thumbnail spectra-image-gallery__media-thumbnail--grid\" src=\"https:\/\/mairie-montataire.fr\/app\/uploads\/2024\/07\/2024-07-14-marche-place-mairie-8-200x300.jpg\" alt=\"\u0643\u0634\u0643 \u0627\u0644\u0641\u0627\u0643\u0647\u0629 \u0648\u0627\u0644\u062e\u0636\u0631\u0648\u0627\u062a \u0641\u064a \u0627\u0644\u0633\u0648\u0642\" loading=\"lazy\" \/>\n\t\t\t\t<\/picture>\n\t\t\t\t<div class=\"spectra-image-gallery__media-thumbnail-blurrer\"><\/div>\n\t\t\t\t\t\t\t\t\t\t\t<div class=\"spectra-image-gallery__media-thumbnail-caption-wrapper spectra-image-gallery__media-thumbnail-caption-wrapper--overlay\"><\/div>\n\t\t\t\t\t\t\t\t<\/div>\n\t\t\t\t\t\t<\/div>\n\t\t\t\t\t\t\t\t\t\t<\/div>\n\t\t\t\t\t\t\t\t\t\t\t\t\t\t\t\t\t\t<\/div>\n\t\t\t\t\t\t\t\t\t\t\t<div class='spectra-image-gallery__control-lightbox' tabindex='0'>\n\t\t\t\t\t\t\t\t\t\t\t<div class=\"swiper spectra-image-gallery__control-lightbox--main\" dir=\"\">\n\t\t\t\t\t<div class=\"swiper-wrapper\">\n\t\t\t\t\t\t\t\t\t\t\t\t\t\n\t\t\t\t\t\t\t<div class=\"swiper-slide\">\n\t\t\t\t\t\t\t\t<img class=\"swiper-lazy\" data-src=\"https:\/\/mairie-montataire.fr\/app\/uploads\/2024\/07\/2024-07-14-marche-place-mairie-2-scaled.jpg\" alt=\"\u0643\u0634\u0643 \u0627\u0644\u0646\u0628\u0627\u062a\u0627\u062a \u0641\u064a \u0627\u0644\u0633\u0648\u0642\"\/>\n\t\t\t\t\t\t\t\t<div class=\"swiper-lazy-preloader swiper-lazy-preloader-white\"><\/div>\n\t\t\t\t\t\t\t\t\t\t\t\t\t\t\t<\/div>\n\t\t\t\t\t\t\t\t\t\t\t\t\t\n\t\t\t\t\t\t\t<div class=\"swiper-slide\">\n\t\t\t\t\t\t\t\t<img class=\"swiper-lazy\" data-src=\"https:\/\/mairie-montataire.fr\/app\/uploads\/2024\/07\/2024-07-14-marche-place-mairie-1-scaled.jpg\" alt=\"\u0643\u0634\u0643 \u0627\u0644\u0641\u0627\u0643\u0647\u0629 \u0648\u0627\u0644\u062e\u0636\u0631\u0648\u0627\u062a \u0641\u064a \u0627\u0644\u0633\u0648\u0642\"\/>\n\t\t\t\t\t\t\t\t<div class=\"swiper-lazy-preloader swiper-lazy-preloader-white\"><\/div>\n\t\t\t\t\t\t\t\t\t\t\t\t\t\t\t<\/div>\n\t\t\t\t\t\t\t\t\t\t\t\t\t\n\t\t\t\t\t\t\t<div class=\"swiper-slide\">\n\t\t\t\t\t\t\t\t<img class=\"swiper-lazy\" data-src=\"https:\/\/mairie-montataire.fr\/app\/uploads\/2024\/07\/2024-07-14-marche-place-mairie-8-scaled.jpg\" alt=\"\u0643\u0634\u0643 \u0627\u0644\u0641\u0627\u0643\u0647\u0629 \u0648\u0627\u0644\u062e\u0636\u0631\u0648\u0627\u062a \u0641\u064a \u0627\u0644\u0633\u0648\u0642\"\/>\n\t\t\t\t\t\t\t\t<div class=\"swiper-lazy-preloader swiper-lazy-preloader-white\"><\/div>\n\t\t\t\t\t\t\t\t\t\t\t\t\t\t\t<\/div>\n\t\t\t\t\t\t\t\t\t\t\t<\/div>\n\t\t\t\t\t<div class=\"swiper-button-next\"><\/div>\n\t\t\t\t\t<div class=\"swiper-button-prev\"><\/div>\n\t\t\t\t<\/div>\t\t\t\n\t\t\t\t\t\t\t\t\t\t\t\t\t\t\t\t\t\t\t\t\t\t\t\t\t\t\t\t\t\t\t\t<button class='spectra-image-gallery__control-lightbox--close' aria-label=\"\u0625\u063a\u0644\u0627\u0642\">\n\t\t\t\t\t\t\t\t\t\t\t\t\t<svg xmlns=\"https:\/\/www.w3.org\/2000\/svg\" viewbox= \"0 0 320 512\"><path d=\"M310.6 361.4c12.5 12.5 12.5 32.75 0 45.25C304.4 412.9 296.2 416 288 416s-16.38-3.125-22.62-9.375L160 301.3L54.63 406.6C48.38 412.9 40.19 416 32 416S15.63 412.9 9.375 406.6c-12.5-12.5-12.5-32.75 0-45.25l105.4-105.4L9.375 150.6c-12.5-12.5-12.5-32.75 0-45.25s32.75-12.5 45.25 0L160 210.8l105.4-105.4c12.5-12.5 32.75-12.5 45.25 0s12.5 32.75 0 45.25l-105.4 105.4L310.6 361.4z\"><\/path><\/svg>\n\t\t\t\t\t\t\t\t\t\t\t\t<\/button>\n\t\t\t\t\t\t\t\t\t\t\t\t\t<\/div>","protected":false},"excerpt":{"rendered":"<p>Le march\u00e9 local est un lieu de vie o\u00f9 se c\u00f4toient producteur\u00b7trice\u00b7s et artisans. Les habitant\u00b7e\u00b7s y trouvent les produits du quotidien. C\u2019est \u00e9galement le bon endroit pour se retrouver et \u00e9changer. Soutenir le march\u00e9 local, c&rsquo;est soutenir notre \u00e9conomie locale et favoriser le d\u00e9veloppement durable.<\/p>","protected":false},"author":1,"featured_media":1126,"parent":38,"menu_order":78,"comment_status":"closed","ping_status":"closed","template":"","meta":{"_acf_changed":false,"_uag_custom_page_level_css":"","footnotes":""},"class_list":["post-98","page","type-page","status-publish","has-post-thumbnail","hentry"],"acf":[],"uagb_featured_image_src":{"full":["https:\/\/mairie-montataire.fr\/app\/uploads\/2024\/07\/4.4_marche.jpg",497,310,false],"thumbnail":["https:\/\/mairie-montataire.fr\/app\/uploads\/2024\/07\/4.4_marche-150x150.jpg",150,150,true],"medium":["https:\/\/mairie-montataire.fr\/app\/uploads\/2024\/07\/4.4_marche-300x187.jpg",300,187,true],"medium_large":["https:\/\/mairie-montataire.fr\/app\/uploads\/2024\/07\/4.4_marche.jpg",497,310,false],"large":["https:\/\/mairie-montataire.fr\/app\/uploads\/2024\/07\/4.4_marche.jpg",497,310,false],"1536x1536":["https:\/\/mairie-montataire.fr\/app\/uploads\/2024\/07\/4.4_marche.jpg",497,310,false],"2048x2048":["https:\/\/mairie-montataire.fr\/app\/uploads\/2024\/07\/4.4_marche.jpg",497,310,false],"trp-custom-language-flag":["https:\/\/mairie-montataire.fr\/app\/uploads\/2024\/07\/4.4_marche.jpg",18,12,false],"gform-image-choice-sm":["https:\/\/mairie-montataire.fr\/app\/uploads\/2024\/07\/4.4_marche.jpg",300,187,false],"gform-image-choice-md":["https:\/\/mairie-montataire.fr\/app\/uploads\/2024\/07\/4.4_marche.jpg",400,249,false],"gform-image-choice-lg":["https:\/\/mairie-montataire.fr\/app\/uploads\/2024\/07\/4.4_marche.jpg",497,310,false]},"uagb_author_info":{"display_name":"mentalworks","author_link":"https:\/\/mairie-montataire.fr\/ar\/actualites\/author\/mentalworks\/"},"uagb_comment_info":0,"uagb_excerpt":"Le march\u00e9 local est un lieu de vie o\u00f9 se c\u00f4toient producteur\u00b7trice\u00b7s et artisans. Les habitant\u00b7e\u00b7s y trouvent les produits du quotidien. C\u2019est \u00e9galement le bon endroit pour se retrouver et \u00e9changer. Soutenir le march\u00e9 local, c&rsquo;est soutenir notre \u00e9conomie locale et favoriser le d\u00e9veloppement durable.","_links":{"self":[{"href":"https:\/\/mairie-montataire.fr\/ar\/wp-json\/wp\/v2\/pages\/98","targetHints":{"allow":["GET"]}}],"collection":[{"href":"https:\/\/mairie-montataire.fr\/ar\/wp-json\/wp\/v2\/pages"}],"about":[{"href":"https:\/\/mairie-montataire.fr\/ar\/wp-json\/wp\/v2\/types\/page"}],"author":[{"embeddable":true,"href":"https:\/\/mairie-montataire.fr\/ar\/wp-json\/wp\/v2\/users\/1"}],"replies":[{"embeddable":true,"href":"https:\/\/mairie-montataire.fr\/ar\/wp-json\/wp\/v2\/comments?post=98"}],"version-history":[{"count":9,"href":"https:\/\/mairie-montataire.fr\/ar\/wp-json\/wp\/v2\/pages\/98\/revisions"}],"predecessor-version":[{"id":3602,"href":"https:\/\/mairie-montataire.fr\/ar\/wp-json\/wp\/v2\/pages\/98\/revisions\/3602"}],"up":[{"embeddable":true,"href":"https:\/\/mairie-montataire.fr\/ar\/wp-json\/wp\/v2\/pages\/38"}],"wp:featuredmedia":[{"embeddable":true,"href":"https:\/\/mairie-montataire.fr\/ar\/wp-json\/wp\/v2\/media\/1126"}],"wp:attachment":[{"href":"https:\/\/mairie-montataire.fr\/ar\/wp-json\/wp\/v2\/media?parent=98"}],"curies":[{"name":"\u062f\u0628\u0644\u064a\u0648 \u0628\u064a","href":"https:\/\/api.w.org\/{rel}","templated":true}]}}

السوق

<p><strong>السوق المحلي هو مكان يجتمع فيه المنتجون والحرفيون معاً. إنه مكان يمكن للسكان المحليين العثور فيه على المنتجات اليومية. كما أنه مكان رائع للالتقاء والتحدث.</strong></p>



<p><strong>دعم السوق المحلية يعني دعم اقتصادنا المحلي وتعزيز التنمية المستدامة.</strong></p>


					<div
						class="wp-block-uagb-image-gallery uagb-block-0b35d1a4"
						style=""
					>
											<div class="spectra-image-gallery spectra-image-gallery__layout--grid spectra-image-gallery__layout--grid-col-3 spectra-image-gallery__layout--grid-col-tab-3 spectra-image-gallery__layout--grid-col-mob-2">
											<div class='spectra-image-gallery__media-wrapper' data-spectra-gallery-image-id='1720' tabindex="0">
							<div class="spectra-image-gallery__media spectra-image-gallery__media--grid">
				<picture>
					<source media="(min-width: 1024px)" srcset="https://mairie-montataire.fr/app/uploads/2024/07/2024-07-14-marche-place-mairie-2-1024x683.jpg">
					<source media="(min-width: 768px)" srcset="https://mairie-montataire.fr/app/uploads/2024/07/2024-07-14-marche-place-mairie-2-1024x683.jpg">
					<img decoding="async" class="spectra-image-gallery__media-thumbnail spectra-image-gallery__media-thumbnail--grid" src="https://mairie-montataire.fr/app/uploads/2024/07/2024-07-14-marche-place-mairie-2-300x200.jpg" alt="كشك النباتات في السوق" loading="lazy" />
				</picture>
				<div class="spectra-image-gallery__media-thumbnail-blurrer"></div>
											<div class="spectra-image-gallery__media-thumbnail-caption-wrapper spectra-image-gallery__media-thumbnail-caption-wrapper--overlay"></div>
								</div>
						</div>
						<div class='spectra-image-gallery__media-wrapper' data-spectra-gallery-image-id='1719' tabindex="0">
							<div class="spectra-image-gallery__media spectra-image-gallery__media--grid">
				<picture>
					<source media="(min-width: 1024px)" srcset="https://mairie-montataire.fr/app/uploads/2024/07/2024-07-14-marche-place-mairie-1-683x1024.jpg">
					<source media="(min-width: 768px)" srcset="https://mairie-montataire.fr/app/uploads/2024/07/2024-07-14-marche-place-mairie-1-683x1024.jpg">
					<img decoding="async" class="spectra-image-gallery__media-thumbnail spectra-image-gallery__media-thumbnail--grid" src="https://mairie-montataire.fr/app/uploads/2024/07/2024-07-14-marche-place-mairie-1-200x300.jpg" alt="كشك الفاكهة والخضروات في السوق" loading="lazy" />
				</picture>
				<div class="spectra-image-gallery__media-thumbnail-blurrer"></div>
											<div class="spectra-image-gallery__media-thumbnail-caption-wrapper spectra-image-gallery__media-thumbnail-caption-wrapper--overlay"></div>
								</div>
						</div>
						<div class='spectra-image-gallery__media-wrapper' data-spectra-gallery-image-id='1718' tabindex="0">
							<div class="spectra-image-gallery__media spectra-image-gallery__media--grid">
				<picture>
					<source media="(min-width: 1024px)" srcset="https://mairie-montataire.fr/app/uploads/2024/07/2024-07-14-marche-place-mairie-8-683x1024.jpg">
					<source media="(min-width: 768px)" srcset="https://mairie-montataire.fr/app/uploads/2024/07/2024-07-14-marche-place-mairie-8-683x1024.jpg">
					<img decoding="async" class="spectra-image-gallery__media-thumbnail spectra-image-gallery__media-thumbnail--grid" src="https://mairie-montataire.fr/app/uploads/2024/07/2024-07-14-marche-place-mairie-8-200x300.jpg" alt="كشك الفاكهة والخضروات في السوق" loading="lazy" />
				</picture>
				<div class="spectra-image-gallery__media-thumbnail-blurrer"></div>
											<div class="spectra-image-gallery__media-thumbnail-caption-wrapper spectra-image-gallery__media-thumbnail-caption-wrapper--overlay"></div>
								</div>
						</div>
										</div>
																		</div>
											<div class='spectra-image-gallery__control-lightbox' tabindex='0'>
											<div class="swiper spectra-image-gallery__control-lightbox--main" dir="">
					<div class="swiper-wrapper">
													
							<div class="swiper-slide">
								<img class="swiper-lazy" data-src="https://mairie-montataire.fr/app/uploads/2024/07/2024-07-14-marche-place-mairie-2-scaled.jpg" alt="كشك النباتات في السوق"/>
								<div class="swiper-lazy-preloader swiper-lazy-preloader-white"></div>
															</div>
													
							<div class="swiper-slide">
								<img class="swiper-lazy" data-src="https://mairie-montataire.fr/app/uploads/2024/07/2024-07-14-marche-place-mairie-1-scaled.jpg" alt="كشك الفاكهة والخضروات في السوق"/>
								<div class="swiper-lazy-preloader swiper-lazy-preloader-white"></div>
															</div>
													
							<div class="swiper-slide">
								<img class="swiper-lazy" data-src="https://mairie-montataire.fr/app/uploads/2024/07/2024-07-14-marche-place-mairie-8-scaled.jpg" alt="كشك الفاكهة والخضروات في السوق"/>
								<div class="swiper-lazy-preloader swiper-lazy-preloader-white"></div>
															</div>
											</div>
					<div class="swiper-button-next"></div>
					<div class="swiper-button-prev"></div>
				</div>			
																																<button class='spectra-image-gallery__control-lightbox--close' aria-label="إغلاق">
													<svg xmlns="https://www.w3.org/2000/svg" viewbox= "0 0 320 512"><path d="M310.6 361.4c12.5 12.5 12.5 32.75 0 45.25C304.4 412.9 296.2 416 288 416s-16.38-3.125-22.62-9.375L160 301.3L54.63 406.6C48.38 412.9 40.19 416 32 416S15.63 412.9 9.375 406.6c-12.5-12.5-12.5-32.75 0-45.25l105.4-105.4L9.375 150.6c-12.5-12.5-12.5-32.75 0-45.25s32.75-12.5 45.25 0L160 210.8l105.4-105.4c12.5-12.5 32.75-12.5 45.25 0s12.5 32.75 0 45.25l-105.4 105.4L310.6 361.4z"></path></svg>
												</button>
													</div>

<p>Le marché local est un lieu de vie où se côtoient producteur·trice·s et artisans. Les habitant·e·s y trouvent les produits du quotidien. C’est également le bon endroit pour se retrouver et échanger. Soutenir le marché local, c&rsquo;est soutenir notre économie locale et favoriser le développement durable.</p>

Le marché local est un lieu de vie où se côtoient producteur·trice·s et artisans. Les habitant·e·s y trouvent les produits du quotidien. C’est également le bon endroit pour se retrouver et échanger. Soutenir le marché local, c&rsquo;est soutenir notre économie locale et favoriser le développement durable.

دبليو بي
