{"id":435,"date":"2024-05-20T10:02:57","date_gmt":"2024-05-20T10:02:57","guid":{"rendered":"https:\/\/montataire.mentalworks.me\/?page_id=435"},"modified":"2024-09-19T13:49:51","modified_gmt":"2024-09-19T13:49:51","slug":"%d8%ae%d8%af%d9%85%d8%a7%d8%aa-%d8%a7%d9%84%d9%85%d8%aa%d9%82%d8%a7%d8%b9%d8%af%d9%8a%d9%86","status":"publish","type":"page","link":"https:\/\/mairie-montataire.fr\/ar\/habiter\/retraite-e-s\/services-des-retraite-e-s\/","title":{"rendered":"\u062e\u062f\u0645\u0627\u062a \u0627\u0644\u0645\u062a\u0642\u0627\u0639\u062f\u064a\u0646"},"content":{"rendered":"<p><strong>\u062a\u0642\u0639 \u062f\u0627\u0626\u0631\u0629 \u0627\u0644\u0645\u062a\u0642\u0627\u0639\u062f\u064a\u0646 \u062f\u0627\u062e\u0644 \u0633\u0643\u0646 \u0645\u0648\u0631\u064a\u0633 \u0645\u064a\u0646\u064a\u0648\u0646 \u0627\u0644\u0645\u0633\u062a\u0642\u0644 \u0648\u062a\u0631\u062d\u0628 \u0628\u062c\u0645\u064a\u0639 \u0627\u0644\u0645\u062a\u0642\u0627\u0639\u062f\u064a\u0646 \u0645\u0646 \u0633\u0643\u0627\u0646 \u0627\u0644\u0628\u0644\u062f\u0629.<\/strong><\/p>\n\n\n\n<h2 class=\"wp-block-heading has-text-align-center\">1 \u0642\u0633\u0645 - 3 \u0628\u0639\u062b\u0627\u062a<\/h2>\n\n\n\n<div class=\"wp-block-columns is-layout-flex wp-container-core-columns-is-layout-9d6595d7 wp-block-columns-is-layout-flex\">\n<div class=\"wp-block-column is-layout-flow wp-block-column-is-layout-flow\">\n<h3 class=\"wp-block-heading has-text-align-center\"><strong>\u0627\u0644\u0645\u0639\u0644\u0648\u0645\u0627\u062a<\/strong><\/h3>\n\n\n\n<p>\u0627\u0644\u062a\u0631\u062d\u064a\u0628 \u0628\u062c\u0645\u064a\u0639 \u0645\u062a\u0642\u0627\u0639\u062f\u064a \u0627\u0644\u0628\u0644\u062f\u0629 \u0648\u0625\u0639\u0644\u0627\u0645\u0647\u0645 \u0648\u0627\u0644\u0627\u0633\u062a\u0645\u0627\u0639 \u0625\u0644\u064a\u0647\u0645.<\/p>\n<\/div>\n\n\n\n<div class=\"wp-block-column is-layout-flow wp-block-column-is-layout-flow\">\n<h3 class=\"wp-block-heading has-text-align-center\"><strong>\u0627\u0644\u0631\u0633\u0648\u0645 \u0627\u0644\u0645\u062a\u062d\u0631\u0643\u0629<\/strong><\/h3>\n\n\n\n<p>\u062a\u0642\u062f\u0645 \u0623\u0646\u0634\u0637\u0629 \u0648\u0648\u0631\u0634 \u0639\u0645\u0644 \u0648\u0646\u0632\u0647\u0627\u062a \u0648\u062e\u062f\u0645\u0627\u062a \u0645\u062c\u062a\u0645\u0639\u064a\u0629 \u0645\u0641\u062a\u0648\u062d\u0629 \u0644\u062c\u0645\u064a\u0639 \u0627\u0644\u0645\u062a\u0642\u0627\u0639\u062f\u064a\u0646 \u0641\u064a \u0627\u0644\u0645\u062f\u064a\u0646\u0629.&nbsp;<\/p>\n<\/div>\n\n\n\n<div class=\"wp-block-column is-layout-flow wp-block-column-is-layout-flow\">\n<h3 class=\"wp-block-heading has-text-align-center\"><strong>\u0625\u062f\u0627\u0631\u0629 \u0646\u0638\u0627\u0645 \u0625\u062f\u0627\u0631\u0629 \u0627\u0644\u0631\u0633\u0627\u0626\u0644 \u0627\u0644\u0646\u0635\u064a\u0629 \u0627\u0644\u0642\u0635\u064a\u0631\u0629<\/strong>*<\/h3>\n\n\n\n<p>\u0625\u062f\u0627\u0631\u0629 \u0627\u0644\u0645\u0631\u0641\u0642 \u0648\u0625\u062f\u0627\u0631\u062a\u0647 \u0648\u062a\u0634\u063a\u064a\u0644\u0647 \u0644\u0644\u0645\u062a\u0642\u0627\u0639\u062f\u064a\u0646 \u0627\u0644\u0645\u0633\u062a\u0642\u0644\u064a\u0646 \u0645\u0646 \u0645\u062a\u0642\u0627\u0639\u062f\u064a \u0645\u0648\u0646\u062a\u0627\u062a\u064a\u0631\u064a\u0646.<\/p>\n<\/div>\n<\/div>\n\n\n\n<p>*<em>\u0627\u0644\u0645\u0624\u0633\u0633\u0627\u062a \u0648\u0627\u0644\u062e\u062f\u0645\u0627\u062a \u0627\u0644\u0627\u062c\u062a\u0645\u0627\u0639\u064a\u0629 \u0648\u0627\u0644\u0637\u0628\u064a\u0629 - \u0627\u0644\u0627\u062c\u062a\u0645\u0627\u0639\u064a\u0629 \u0648\u0627\u0644\u0627\u062c\u062a\u0645\u0627\u0639\u064a\u0629<\/em><\/p>\n\n\n\n<p>\u062a\u062a\u062c\u0644\u0649 \u0627\u0644\u0631\u063a\u0628\u0629 \u0641\u064a \u062a\u062d\u0633\u064a\u0646 \u0627\u0644\u062d\u064a\u0627\u0629 \u0627\u0644\u064a\u0648\u0645\u064a\u0629 \u0644\u0644\u0645\u062a\u0642\u0627\u0639\u062f\u064a\u0646 \u0623\u064a\u0636\u064b\u0627 \u0645\u0646 \u062e\u0644\u0627\u0644 \u0627\u0644\u062a\u0632\u0627\u0645 \u0645\u062c\u0644\u0633 \u0627\u0644\u0645\u062f\u064a\u0646\u0629 \u0628\u0625\u0646\u0634\u0627\u0621 \u0645\u0624\u0633\u0633\u0629 \u0631\u0639\u0627\u064a\u0629 \u0627\u0644\u0645\u062a\u0642\u0627\u0639\u062f\u064a\u0646 (<strong>EHPAD<\/strong>) \u0641\u064a \u0645\u0648\u0646\u062a\u0627\u062a\u064a\u0631.<\/p>\n\n\n\n<div style=\"height:20px\" aria-hidden=\"true\" class=\"wp-block-spacer\"><\/div>\n\n\n\n<div class=\"wp-block-uagb-separator uagb-block-1b39294a\"><div class=\"uagb-separator-spacing-wrapper\"><div class=\"wp-block-uagb-separator__inner\" style=\"--my-background-image:\"><\/div><\/div><\/div>\n\n\n\n<div style=\"height:42px\" aria-hidden=\"true\" class=\"wp-block-spacer\"><\/div>\n\n\n\n<div class=\"wp-block-uagb-buttons uagb-buttons__outer-wrap uagb-btn__default-btn uagb-btn-tablet__default-btn uagb-btn-mobile__default-btn uagb-block-880ff14b\"><div class=\"uagb-buttons__wrap uagb-buttons-layout-wrap\">\n<div class=\"wp-block-uagb-buttons-child uagb-buttons__outer-wrap uagb-block-892171ac wp-block-button\"><div class=\"uagb-button__wrapper\"><a class=\"uagb-buttons-repeater wp-block-button__link\" aria-label=\"\" href=\"https:\/\/mairie-montataire.fr\/ar\/%d8%a7%d9%84%d8%a5%d8%ac%d8%b1%d8%a7%d8%a1%d8%a7%d8%aa-%d8%b9%d8%a8%d8%b1-%d8%a7%d9%84%d8%a5%d9%86%d8%aa%d8%b1%d9%86%d8%aa\/%d8%a7%d9%84%d8%aa%d8%b3%d8%ac%d9%8a%d9%84-%d9%81%d9%8a-%d9%85%d9%84%d9%81-%d8%a7%d9%84%d8%aa%d9%82%d8%a7%d8%b9%d8%af\/\" rel=\"follow noopener\" target=\"_self\" role=\"button\"><div class=\"uagb-button__link\"><strong>\u0633\u062c\u0651\u0644 \u0641\u064a \u0642\u0627\u0639\u062f\u0629 \u0628\u064a\u0627\u0646\u0627\u062a \u0627\u0644\u0645\u062a\u0642\u0627\u0639\u062f\u064a\u0646 \u0644\u0644\u0627\u0633\u062a\u0641\u0627\u062f\u0629 \u0645\u0646 \u0627\u0644\u0641\u0639\u0627\u0644\u064a\u0627\u062a \u0627\u0644\u0645\u062a\u0646\u0648\u0639\u0629 \u0627\u0644\u0645\u0639\u0631\u0648\u0636\u0629<\/strong><br><strong>(\u0627\u0644\u0646\u0632\u0647\u0627\u062a \u0648\u0648\u0631\u0634 \u0627\u0644\u0639\u0645\u0644 \u0648\u0627\u0644\u0648\u062c\u0628\u0627\u062a \u0648\u0627\u0644\u0631\u062d\u0644\u0627\u062a \u0627\u0644\u0633\u0646\u0648\u064a\u0629 \u0648\u0627\u0644\u0637\u0631\u0648\u062f)<\/strong><\/div><span class=\"uagb-button__icon uagb-button__icon-position-after\"><svg xmlns=\"https:\/\/www.w3.org\/2000\/svg\" viewbox=\"0 0 448 512\" aria-hidden=\"true\" focussable=\"false\"><path d=\"M438.6 278.6l-160 160C272.4 444.9 264.2 448 256 448s-16.38-3.125-22.62-9.375c-12.5-12.5-12.5-32.75 0-45.25L338.8 288H32C14.33 288 .0016 273.7 .0016 256S14.33 224 32 224h306.8l-105.4-105.4c-12.5-12.5-12.5-32.75 0-45.25s32.75-12.5 45.25 0l160 160C451.1 245.9 451.1 266.1 438.6 278.6z\"><\/path><\/svg><\/span><\/a><\/div><\/div>\n<\/div><\/div>","protected":false},"excerpt":{"rendered":"<p>Le service retrait\u00e9 est situ\u00e9 dans l\u2019enceinte de la r\u00e9sidence autonomie Maurice Mignon et accueille tous les retrait\u00e9s\u00b7e\u00b7s de la ville. 1 SERVICE &#8211; 3 MISSIONS INFORMATION Accueillir, informer et \u00eatre \u00e0 l\u2019\u00e9coute de l\u2019ensemble des retrait\u00e9s de la ville. ANIMATION Proposer des activit\u00e9s, ateliers, sorties et des services collectifs ouverts \u00e0 tous les retrait\u00e9s [&hellip;]<\/p>\n","protected":false},"author":1,"featured_media":1024,"parent":116,"menu_order":24,"comment_status":"closed","ping_status":"closed","template":"","meta":{"_acf_changed":false,"_uag_custom_page_level_css":"","footnotes":""},"class_list":["post-435","page","type-page","status-publish","has-post-thumbnail","hentry"],"acf":[],"uagb_featured_image_src":{"full":["https:\/\/mairie-montataire.fr\/app\/uploads\/2024\/07\/1.4.jpg",500,333,false],"thumbnail":["https:\/\/mairie-montataire.fr\/app\/uploads\/2024\/07\/1.4-150x150.jpg",150,150,true],"medium":["https:\/\/mairie-montataire.fr\/app\/uploads\/2024\/07\/1.4-300x200.jpg",300,200,true],"medium_large":["https:\/\/mairie-montataire.fr\/app\/uploads\/2024\/07\/1.4.jpg",500,333,false],"large":["https:\/\/mairie-montataire.fr\/app\/uploads\/2024\/07\/1.4.jpg",500,333,false],"1536x1536":["https:\/\/mairie-montataire.fr\/app\/uploads\/2024\/07\/1.4.jpg",500,333,false],"2048x2048":["https:\/\/mairie-montataire.fr\/app\/uploads\/2024\/07\/1.4.jpg",500,333,false],"trp-custom-language-flag":["https:\/\/mairie-montataire.fr\/app\/uploads\/2024\/07\/1.4.jpg",18,12,false],"gform-image-choice-sm":["https:\/\/mairie-montataire.fr\/app\/uploads\/2024\/07\/1.4.jpg",300,200,false],"gform-image-choice-md":["https:\/\/mairie-montataire.fr\/app\/uploads\/2024\/07\/1.4.jpg",400,266,false],"gform-image-choice-lg":["https:\/\/mairie-montataire.fr\/app\/uploads\/2024\/07\/1.4.jpg",500,333,false]},"uagb_author_info":{"display_name":"mentalworks","author_link":"https:\/\/mairie-montataire.fr\/ar\/actualites\/author\/mentalworks\/"},"uagb_comment_info":0,"uagb_excerpt":"Le service retrait\u00e9 est situ\u00e9 dans l\u2019enceinte de la r\u00e9sidence autonomie Maurice Mignon et accueille tous les retrait\u00e9s\u00b7e\u00b7s de la ville. 1 SERVICE &#8211; 3 MISSIONS INFORMATION Accueillir, informer et \u00eatre \u00e0 l\u2019\u00e9coute de l\u2019ensemble des retrait\u00e9s de la ville. ANIMATION Proposer des activit\u00e9s, ateliers, sorties et des services collectifs ouverts \u00e0 tous les retrait\u00e9s&hellip;","_links":{"self":[{"href":"https:\/\/mairie-montataire.fr\/ar\/wp-json\/wp\/v2\/pages\/435","targetHints":{"allow":["GET"]}}],"collection":[{"href":"https:\/\/mairie-montataire.fr\/ar\/wp-json\/wp\/v2\/pages"}],"about":[{"href":"https:\/\/mairie-montataire.fr\/ar\/wp-json\/wp\/v2\/types\/page"}],"author":[{"embeddable":true,"href":"https:\/\/mairie-montataire.fr\/ar\/wp-json\/wp\/v2\/users\/1"}],"replies":[{"embeddable":true,"href":"https:\/\/mairie-montataire.fr\/ar\/wp-json\/wp\/v2\/comments?post=435"}],"version-history":[{"count":18,"href":"https:\/\/mairie-montataire.fr\/ar\/wp-json\/wp\/v2\/pages\/435\/revisions"}],"predecessor-version":[{"id":4702,"href":"https:\/\/mairie-montataire.fr\/ar\/wp-json\/wp\/v2\/pages\/435\/revisions\/4702"}],"up":[{"embeddable":true,"href":"https:\/\/mairie-montataire.fr\/ar\/wp-json\/wp\/v2\/pages\/116"}],"wp:featuredmedia":[{"embeddable":true,"href":"https:\/\/mairie-montataire.fr\/ar\/wp-json\/wp\/v2\/media\/1024"}],"wp:attachment":[{"href":"https:\/\/mairie-montataire.fr\/ar\/wp-json\/wp\/v2\/media?parent=435"}],"curies":[{"name":"\u062f\u0628\u0644\u064a\u0648 \u0628\u064a","href":"https:\/\/api.w.org\/{rel}","templated":true}]}}

خدمات المتقاعدين

<p><strong>تقع دائرة المتقاعدين داخل سكن موريس مينيون المستقل وترحب بجميع المتقاعدين من سكان البلدة.</strong></p>



<h2 class="wp-block-heading has-text-align-center">1 قسم - 3 بعثات</h2>



<div class="wp-block-columns is-layout-flex wp-container-core-columns-is-layout-9d6595d7 wp-block-columns-is-layout-flex">
<div class="wp-block-column is-layout-flow wp-block-column-is-layout-flow">
<h3 class="wp-block-heading has-text-align-center"><strong>المعلومات</strong></h3>



<p>الترحيب بجميع متقاعدي البلدة وإعلامهم والاستماع إليهم.</p>
</div>



<div class="wp-block-column is-layout-flow wp-block-column-is-layout-flow">
<h3 class="wp-block-heading has-text-align-center"><strong>الرسوم المتحركة</strong></h3>



<p>تقدم أنشطة وورش عمل ونزهات وخدمات مجتمعية مفتوحة لجميع المتقاعدين في المدينة.&nbsp;</p>
</div>



<div class="wp-block-column is-layout-flow wp-block-column-is-layout-flow">
<h3 class="wp-block-heading has-text-align-center"><strong>إدارة نظام إدارة الرسائل النصية القصيرة</strong>*</h3>



<p>إدارة المرفق وإدارته وتشغيله للمتقاعدين المستقلين من متقاعدي مونتاتيرين.</p>
</div>
</div>



<p>*<em>المؤسسات والخدمات الاجتماعية والطبية - الاجتماعية والاجتماعية</em></p>



<p>تتجلى الرغبة في تحسين الحياة اليومية للمتقاعدين أيضًا من خلال التزام مجلس المدينة بإنشاء مؤسسة رعاية المتقاعدين (<strong>EHPAD</strong>) في مونتاتير.</p>



<div style="height:20px" aria-hidden="true" class="wp-block-spacer"></div>



<div class="wp-block-uagb-separator uagb-block-1b39294a"><div class="uagb-separator-spacing-wrapper"><div class="wp-block-uagb-separator__inner" style="--my-background-image:"></div></div></div>



<div style="height:42px" aria-hidden="true" class="wp-block-spacer"></div>



<div class="wp-block-uagb-buttons uagb-buttons__outer-wrap uagb-btn__default-btn uagb-btn-tablet__default-btn uagb-btn-mobile__default-btn uagb-block-880ff14b"><div class="uagb-buttons__wrap uagb-buttons-layout-wrap">
<div class="wp-block-uagb-buttons-child uagb-buttons__outer-wrap uagb-block-892171ac wp-block-button"><div class="uagb-button__wrapper"><a class="uagb-buttons-repeater wp-block-button__link" aria-label="" href="https://mairie-montataire.fr/ar/%d8%a7%d9%84%d8%a5%d8%ac%d8%b1%d8%a7%d8%a1%d8%a7%d8%aa-%d8%b9%d8%a8%d8%b1-%d8%a7%d9%84%d8%a5%d9%86%d8%aa%d8%b1%d9%86%d8%aa/%d8%a7%d9%84%d8%aa%d8%b3%d8%ac%d9%8a%d9%84-%d9%81%d9%8a-%d9%85%d9%84%d9%81-%d8%a7%d9%84%d8%aa%d9%82%d8%a7%d8%b9%d8%af/" rel="follow noopener" target="_self" role="button"><div class="uagb-button__link"><strong>سجّل في قاعدة بيانات المتقاعدين للاستفادة من الفعاليات المتنوعة المعروضة</strong><br><strong>(النزهات وورش العمل والوجبات والرحلات السنوية والطرود)</strong></div><span class="uagb-button__icon uagb-button__icon-position-after"><svg xmlns="https://www.w3.org/2000/svg" viewbox="0 0 448 512" aria-hidden="true" focussable="false"><path d="M438.6 278.6l-160 160C272.4 444.9 264.2 448 256 448s-16.38-3.125-22.62-9.375c-12.5-12.5-12.5-32.75 0-45.25L338.8 288H32C14.33 288 .0016 273.7 .0016 256S14.33 224 32 224h306.8l-105.4-105.4c-12.5-12.5-12.5-32.75 0-45.25s32.75-12.5 45.25 0l160 160C451.1 245.9 451.1 266.1 438.6 278.6z"></path></svg></span></a></div></div>
</div></div>

<p>Le service retraité est situé dans l’enceinte de la résidence autonomie Maurice Mignon et accueille tous les retraités·e·s de la ville. 1 SERVICE &#8211; 3 MISSIONS INFORMATION Accueillir, informer et être à l’écoute de l’ensemble des retraités de la ville. ANIMATION Proposer des activités, ateliers, sorties et des services collectifs ouverts à tous les retraités [&hellip;]</p>

Le service retraité est situé dans l’enceinte de la résidence autonomie Maurice Mignon et accueille tous les retraités·e·s de la ville. 1 SERVICE &#8211; 3 MISSIONS INFORMATION Accueillir, informer et être à l’écoute de l’ensemble des retraités de la ville. ANIMATION Proposer des activités, ateliers, sorties et des services collectifs ouverts à tous les retraités&hellip;

دبليو بي
