{"id":980,"date":"2024-07-08T14:14:24","date_gmt":"2024-07-08T14:14:24","guid":{"rendered":"https:\/\/montataire.mentalworks.me\/?post_type=online-approach&#038;p=980"},"modified":"2025-05-23T12:28:59","modified_gmt":"2025-05-23T12:28:59","slug":"%d8%b7%d9%84%d8%a8-%d9%88%d8%b6%d8%b9-%d8%b4%d8%ae%d8%b5-%d8%a8%d8%a7%d9%84%d8%ba-%d8%b6%d8%b9%d9%8a%d9%81-%d8%aa%d8%ad%d8%aa-%d8%a7%d9%84%d8%ad%d9%85%d8%a7%d9%8a%d8%a9-%d8%a7%d9%84%d9%82%d8%a7%d9%86","status":"publish","type":"online-approach","link":"https:\/\/mairie-montataire.fr\/ar\/demarches-en-ligne\/demande-de-mise-sous-protection-juridique-dun-majeur-vulnerable\/","title":{"rendered":"\u0637\u0644\u0628 \u0648\u0636\u0639 \u0634\u062e\u0635 \u0628\u0627\u0644\u063a \u0636\u0639\u064a\u0641 \u062a\u062d\u062a \u0627\u0644\u062d\u0645\u0627\u064a\u0629 \u0627\u0644\u0642\u0627\u0646\u0648\u0646\u064a\u0629"},"content":{"rendered":"<h2 class=\"wp-block-heading\">\u0637\u0644\u0628 \u0648\u0636\u0639 \u0634\u062e\u0635 \u0628\u0627\u0644\u063a \u0636\u0639\u064a\u0641 \u062a\u062d\u062a \u0627\u0644\u062d\u0645\u0627\u064a\u0629 \u0627\u0644\u0642\u0627\u0646\u0648\u0646\u064a\u0629<\/h2>\n\n\n\n<p><strong>&nbsp;\u0634\u062e\u0635 \u063a\u064a\u0631 \u0642\u0627\u062f\u0631 \u0639\u0644\u0649 \u0631\u0639\u0627\u064a\u0629 \u0645\u0635\u0627\u0644\u062d\u0647 \u0627\u0644\u062e\u0627\u0635\u0629 \u0628\u0633\u0628\u0628 \u0636\u0639\u0641 \u0641\u064a \u0627\u0644\u0642\u062f\u0631\u0627\u062a \u0627\u0644\u0639\u0642\u0644\u064a\u0629 \u0648\/\u0623\u0648 \u0627\u0644\u0628\u062f\u0646\u064a\u0629 \u0623\u0648 \u0625\u0639\u0627\u0642\u0629 \u0639\u0642\u0644\u064a\u0629 \u0623\u0648 \u0628\u062f\u0646\u064a\u0629.&nbsp;<a href=\"https:\/\/www.justice.fr\/lexique\/letter_m#Mesure_de_protection\" target=\"_blank\" rel=\"noreferrer noopener\">\u062a\u062f\u0627\u0628\u064a\u0631 \u0627\u0644\u062d\u0645\u0627\u064a\u0629<\/a>&nbsp;\u064a\u0645\u0643\u0646 \u0648\u0636\u0639\u0647\u0627 \u0641\u064a \u0645\u0643\u0627\u0646\u0647\u0627 (<a href=\"https:\/\/www.justice.fr\/lexique\/letter_s#Sauvegarde_de_justice\" target=\"_blank\" rel=\"noreferrer noopener\">\u062d\u0645\u0627\u064a\u0629 \u0627\u0644\u0639\u062f\u0627\u0644\u0629<\/a>,&nbsp;<a href=\"https:\/\/www.justice.fr\/lexique\/letter_c#Curatelle\" target=\"_blank\" rel=\"noreferrer noopener\">\u0627\u0644\u0648\u0635\u0627\u064a\u0629<\/a>,&nbsp;<a href=\"https:\/\/www.justice.fr\/lexique\/letter_t#Tutelle\" target=\"_blank\" rel=\"noreferrer noopener\">\u0627\u0644\u0648\u0635\u0627\u064a\u0629<\/a>, <a href=\"https:\/\/www.service-public.fr\/particuliers\/vosdroits\/F33367\" target=\"_blank\" rel=\"noreferrer noopener\">\u062a\u0645\u0643\u064a\u0646 \u0627\u0644\u0623\u0633\u0631\u0629<\/a>).<\/strong><\/p>\n\n\n\n<h2 class=\"wp-block-heading\">\u0643\u064a\u0641 \u062a\u0642\u0648\u0645 \u0628\u0630\u0644\u0643\u061f<\/h2>\n\n\n\n<p>\u0625\u0631\u0633\u0627\u0644 \u0627\u0644\u0637\u0644\u0628 \u0648\u062a\u0642\u0631\u064a\u0631 \u0627\u0644\u062e\u0628\u064a\u0631 \u0648\u0627\u0644\u0648\u062b\u0627\u0626\u0642 \u0627\u0644\u0645\u0637\u0644\u0648\u0628 \u062a\u0642\u062f\u064a\u0645\u0647\u0627 \u0625\u0644\u0649 \u0645\u062d\u0643\u0645\u0629 \u0645\u062d\u0644 \u0627\u0644\u0625\u0642\u0627\u0645\u0629 \u0627\u0644\u0645\u0639\u062a\u0627\u062f \u0644\u0644\u0634\u062e\u0635 \u0627\u0644\u0645\u0637\u0644\u0648\u0628 \u062d\u0645\u0627\u064a\u062a\u0647.<\/p>\n\n\n\n<h3 class=\"wp-block-heading\">\u0627\u0644\u0645\u0633\u062a\u0646\u062f\u0627\u062a \u0627\u0644\u0645\u0637\u0644\u0648\u0628 \u062a\u0642\u062f\u064a\u0645\u0647\u0627<\/h3>\n\n\n\n<ul style=\"padding-right:var(--wp--preset--spacing--60);padding-left:var(--wp--preset--spacing--60)\" class=\"wp-block-list\">\n<li><a href=\"https:\/\/mairie-montataire.fr\/ar\/app\/uploads\/2024\/07\/notice-mise-sous-protection-juridique-d_un-majeur-_5225704.pdf\/\" target=\"_blank\" rel=\"noreferrer noopener\">\u0625\u0634\u0639\u0627\u0631 - \u0637\u0644\u0628 \u0627\u0644\u062d\u0645\u0627\u064a\u0629 \u0627\u0644\u0642\u0627\u0646\u0648\u0646\u064a\u0629 \u0644\u0634\u062e\u0635 \u0628\u0644\u063a \u0633\u0646 \u0627\u0644\u0631\u0634\u062f (\u0627\u0644\u062a\u0623\u0647\u064a\u0644 \u0627\u0644\u0639\u0627\u0626\u0644\u064a \u0623\u0648 \u0627\u0644\u062d\u0645\u0627\u064a\u0629 \u0627\u0644\u0642\u0636\u0627\u0626\u064a\u0629) - Cerfa \u0631\u0642\u0645 52257#04 <\/a>(\u0645\u062a\u0648\u0641\u0631\u0629 \u0645\u0646 \u0645\u0631\u0643\u0632 \u0627\u0644\u062f\u0631\u0627\u0633\u0627\u062a \u0627\u0644\u0627\u0633\u062a\u0634\u0627\u0631\u064a\u0629 \u0641\u064a \u0645\u062c\u0627\u0644 \u0627\u0644\u0639\u0644\u0648\u0645 \u0648\u0627\u0644\u062a\u0643\u0646\u0648\u0644\u0648\u062c\u064a\u0627 \u0648\u0627\u0644\u0627\u0628\u062a\u0643\u0627\u0631)<\/li>\n\n\n\n<li><a href=\"https:\/\/mairie-montataire.fr\/ar\/app\/uploads\/2024\/07\/cerfa-mise-sous-protection-juridique-d_un-majeur-_15891-03.pdf\/\" target=\"_blank\" rel=\"noreferrer noopener\">\u0637\u0644\u0628 \u0627\u0644\u062d\u0645\u0627\u064a\u0629 \u0627\u0644\u0642\u0627\u0646\u0648\u0646\u064a\u0629 \u0644\u0634\u062e\u0635 \u0628\u0644\u063a \u0633\u0646 \u0627\u0644\u0631\u0634\u062f (\u0627\u0644\u062a\u0623\u0647\u064a\u0644 \u0627\u0644\u0639\u0627\u0626\u0644\u064a \u0623\u0648 \u0627\u0644\u062d\u0645\u0627\u064a\u0629 \u0627\u0644\u0642\u0636\u0627\u0626\u064a\u0629) - \u0633\u064a\u0631\u0641\u0627 \u0631\u0642\u0645 15891*03 <\/a>(\u0645\u062a\u0648\u0641\u0631\u0629 \u0645\u0646 \u0645\u0631\u0643\u0632 \u0627\u0644\u062f\u0631\u0627\u0633\u0627\u062a \u0627\u0644\u0627\u0633\u062a\u0634\u0627\u0631\u064a\u0629 \u0641\u064a \u0645\u062c\u0627\u0644 \u0627\u0644\u0639\u0644\u0648\u0645 \u0648\u0627\u0644\u062a\u0643\u0646\u0648\u0644\u0648\u062c\u064a\u0627 \u0648\u0627\u0644\u0627\u0628\u062a\u0643\u0627\u0631)<\/li>\n\n\n\n<li>\u0625\u0630\u0627 \u062a\u0645 \u062a\u0642\u062f\u064a\u0645 \u0627\u0644\u0637\u0644\u0628 \u0645\u0646 \u0642\u0628\u0644 \u0627\u0644\u0639\u0627\u0626\u0644\u0629 \u0623\u0648 \u0623\u062d\u062f \u0627\u0644\u0623\u0635\u062f\u0642\u0627\u0621 \u0627\u0644\u0645\u0642\u0631\u0628\u064a\u0646 \u0623\u0648 \u0627\u0644\u0634\u062e\u0635 \u0646\u0641\u0633\u0647, <strong>\u0627\u0644\u062e\u0628\u0631\u0629 \u0627\u0644\u0637\u0628\u064a\u0629<\/strong>\u064a\u062c\u0628 \u0623\u0646 \u064a\u062d\u0631\u0631 \u0630\u0644\u0643 \u0645\u0646 \u0642\u0628\u0644 \u0637\u0628\u064a\u0628 \u0645\u0639\u062a\u0645\u062f \u0645\u0646 \u0642\u0628\u0644 \u0627\u0644\u0645\u062f\u0639\u064a \u0627\u0644\u0639\u0627\u0645 \u0648\u064a\u0631\u0641\u0642 \u0628\u0631\u0633\u0627\u0644\u0629 \u0645\u0641\u0635\u0644\u0629 \u062a\u0631\u0633\u0644 \u0625\u0644\u0649 \u0642\u0627\u0636\u064a \u0627\u0644\u0648\u0635\u0627\u064a\u0629.&nbsp;<br>\u064a\u0645\u0643\u0646\u0643 \u0627\u0644\u062d\u0635\u0648\u0644 \u0639\u0644\u0649 \u0642\u0627\u0626\u0645\u0629 \u0627\u0644\u0623\u0637\u0628\u0627\u0621 \u0627\u0644\u062a\u064a \u0648\u0636\u0639\u0647\u0627 \u0627\u0644\u0645\u062f\u0639\u064a \u0627\u0644\u0639\u0627\u0645 \u0645\u0646 \u0645\u0643\u062a\u0628 \u0643\u0627\u062a\u0628 \u0627\u0644\u0645\u062d\u0643\u0645\u0629 \u0627\u0644\u0642\u0636\u0627\u0626\u064a\u0629 \u0623\u0648 \u0645\u0643\u062a\u0628 \u0643\u0627\u062a\u0628 \u0627\u0644\u0645\u062d\u0643\u0645\u0629 \u0627\u0644\u0645\u062d\u0644\u064a\u0629.<\/li>\n<\/ul>\n\n\n\n<h2 class=\"wp-block-heading\">\u062c\u0647\u0627\u062a \u0627\u0644\u0627\u062a\u0635\u0627\u0644<\/h2>\n\n\n\n<p>\u0645\u062d\u0643\u0645\u0629 \u0627\u0644\u0625\u0642\u0627\u0645\u0629<\/p>\n\n\n\n<div style=\"height:69px\" aria-hidden=\"true\" class=\"wp-block-spacer\"><\/div>\n\n\n\n<p><strong>\u0627\u0644\u0645\u0633\u0627\u0639\u062f\u0629 \u0645\u0646 \u0627\u0644\u0645\u0631\u0643\u0632 \u0627\u0644\u0645\u062c\u062a\u0645\u0639\u064a \u0644\u0644\u0639\u0645\u0644 \u0627\u0644\u0627\u062c\u062a\u0645\u0627\u0639\u064a (<a href=\"https:\/\/montataire.mentalworks.me\/habiter\/solidarite\/ccas\/\" target=\"_blank\" rel=\"noreferrer noopener\">CCAS<\/a>)<\/strong><br><a href=\"https:\/\/www.google.com\/maps\/dir\/\/2+Rue+Armand+Desnosse,+60160+Montataire\/@49.2579942,2.3900756,13z\/data=!4m8!4m7!1m0!1m5!1m1!1s0x47e649626fe27ea9:0x2e76bff6999cd4ff!2m2!1d2.4313606!2d49.2580016?entry=ttu\" target=\"_blank\" rel=\"noreferrer noopener\">2, rue Armand Desnosse - 60160 Montataire<\/a><br>\u0627\u0644\u0627\u062b\u0646\u064a\u0646 \u0648\u0627\u0644\u0623\u0631\u0628\u0639\u0627\u0621 \u0648\u0627\u0644\u062e\u0645\u064a\u0633\u060c \u0645\u0646 8:30 \u0635\u0628\u0627\u062d\u0627\u064b \u0625\u0644\u0649 12 \u0638\u0647\u0631\u0627\u064b \u0648\u0645\u0646 1:30 \u0638\u0647\u0631\u0627\u064b \u0625\u0644\u0649 5:30 \u0645\u0633\u0627\u0621\u064b<br>\u0627\u0644\u062b\u0644\u0627\u062b\u0627\u0621 \u0645\u0646 1:30 \u0638\u0647\u0631\u0627\u064b \u0625\u0644\u0649 5:30 \u0645\u0633\u0627\u0621\u064b<br>\u0627\u0644\u062c\u0645\u0639\u0629 \u0645\u0646 8:30 \u0635\u0628\u0627\u062d\u0627\u064b \u0625\u0644\u0649 12 \u0638\u0647\u0631\u0627\u064b \u0648\u0645\u0646 1:30 \u0638\u0647\u0631\u0627\u064b \u0625\u0644\u0649 5 \u0645\u0633\u0627\u0621\u064b<br><a href=\"tel:03 44 27 55 31\">03 44 27 55 31<\/a><\/p>","protected":false},"featured_media":0,"template":"","meta":{"_acf_changed":false,"_uag_custom_page_level_css":""},"online-approach-category":[17],"class_list":["post-980","online-approach","type-online-approach","status-publish","hentry","online-approach-category-centre-communal-daction-sociale-ccas"],"acf":[],"uagb_featured_image_src":{"full":false,"thumbnail":false,"medium":false,"medium_large":false,"large":false,"1536x1536":false,"2048x2048":false,"trp-custom-language-flag":false,"gform-image-choice-sm":false,"gform-image-choice-md":false,"gform-image-choice-lg":false},"uagb_author_info":{"display_name":"Laure Pubert","author_link":"https:\/\/mairie-montataire.fr\/ar\/actualites\/author\/"},"uagb_comment_info":0,"uagb_excerpt":"Demande de mise sous protection juridique d\u2019un majeur vuln\u00e9rable &nbsp;Une personne se retrouve dans l\u2019impossibilit\u00e9 de pourvoir seule \u00e0 ses int\u00e9r\u00eats en raison d\u2019une alt\u00e9ration de ses facult\u00e9s mentales et\/ou corporelles, une&nbsp;mesure de protection&nbsp;juridique peut \u00eatre mise en place (sauvegarde de justice,&nbsp;curatelle,&nbsp;tutelle, habilitation familiale). Comment faire ? Envoyer la requ\u00eate, l\u2019expertise et les pi\u00e8ces \u00e0&hellip;","_links":{"self":[{"href":"https:\/\/mairie-montataire.fr\/ar\/wp-json\/wp\/v2\/online-approach\/980","targetHints":{"allow":["GET"]}}],"collection":[{"href":"https:\/\/mairie-montataire.fr\/ar\/wp-json\/wp\/v2\/online-approach"}],"about":[{"href":"https:\/\/mairie-montataire.fr\/ar\/wp-json\/wp\/v2\/types\/online-approach"}],"wp:attachment":[{"href":"https:\/\/mairie-montataire.fr\/ar\/wp-json\/wp\/v2\/media?parent=980"}],"wp:term":[{"taxonomy":"online-approach-category","embeddable":true,"href":"https:\/\/mairie-montataire.fr\/ar\/wp-json\/wp\/v2\/online-approach-category?post=980"}],"curies":[{"name":"\u062f\u0628\u0644\u064a\u0648 \u0628\u064a","href":"https:\/\/api.w.org\/{rel}","templated":true}]}}

طلب وضع شخص بالغ ضعيف تحت الحماية القانونية

<h2 class="wp-block-heading">طلب وضع شخص بالغ ضعيف تحت الحماية القانونية</h2>



<p><strong>&nbsp;شخص غير قادر على رعاية مصالحه الخاصة بسبب ضعف في القدرات العقلية و/أو البدنية أو إعاقة عقلية أو بدنية.&nbsp;<a href="https://www.justice.fr/lexique/letter_m#Mesure_de_protection" target="_blank" rel="noreferrer noopener">تدابير الحماية</a>&nbsp;يمكن وضعها في مكانها (<a href="https://www.justice.fr/lexique/letter_s#Sauvegarde_de_justice" target="_blank" rel="noreferrer noopener">حماية العدالة</a>,&nbsp;<a href="https://www.justice.fr/lexique/letter_c#Curatelle" target="_blank" rel="noreferrer noopener">الوصاية</a>,&nbsp;<a href="https://www.justice.fr/lexique/letter_t#Tutelle" target="_blank" rel="noreferrer noopener">الوصاية</a>, <a href="https://www.service-public.fr/particuliers/vosdroits/F33367" target="_blank" rel="noreferrer noopener">تمكين الأسرة</a>).</strong></p>



<h2 class="wp-block-heading">كيف تقوم بذلك؟</h2>



<p>إرسال الطلب وتقرير الخبير والوثائق المطلوب تقديمها إلى محكمة محل الإقامة المعتاد للشخص المطلوب حمايته.</p>



<h3 class="wp-block-heading">المستندات المطلوب تقديمها</h3>



<ul style="padding-right:var(--wp--preset--spacing--60);padding-left:var(--wp--preset--spacing--60)" class="wp-block-list">
<li><a href="https://mairie-montataire.fr/ar/app/uploads/2024/07/notice-mise-sous-protection-juridique-d_un-majeur-_5225704.pdf/" target="_blank" rel="noreferrer noopener">إشعار - طلب الحماية القانونية لشخص بلغ سن الرشد (التأهيل العائلي أو الحماية القضائية) - Cerfa رقم 52257#04 </a>(متوفرة من مركز الدراسات الاستشارية في مجال العلوم والتكنولوجيا والابتكار)</li>



<li><a href="https://mairie-montataire.fr/ar/app/uploads/2024/07/cerfa-mise-sous-protection-juridique-d_un-majeur-_15891-03.pdf/" target="_blank" rel="noreferrer noopener">طلب الحماية القانونية لشخص بلغ سن الرشد (التأهيل العائلي أو الحماية القضائية) - سيرفا رقم 15891*03 </a>(متوفرة من مركز الدراسات الاستشارية في مجال العلوم والتكنولوجيا والابتكار)</li>



<li>إذا تم تقديم الطلب من قبل العائلة أو أحد الأصدقاء المقربين أو الشخص نفسه, <strong>الخبرة الطبية</strong>يجب أن يحرر ذلك من قبل طبيب معتمد من قبل المدعي العام ويرفق برسالة مفصلة ترسل إلى قاضي الوصاية.&nbsp;<br>يمكنك الحصول على قائمة الأطباء التي وضعها المدعي العام من مكتب كاتب المحكمة القضائية أو مكتب كاتب المحكمة المحلية.</li>
</ul>



<h2 class="wp-block-heading">جهات الاتصال</h2>



<p>محكمة الإقامة</p>



<div style="height:69px" aria-hidden="true" class="wp-block-spacer"></div>



<p><strong>المساعدة من المركز المجتمعي للعمل الاجتماعي (<a href="https://montataire.mentalworks.me/habiter/solidarite/ccas/" target="_blank" rel="noreferrer noopener">CCAS</a>)</strong><br><a href="https://www.google.com/maps/dir//2+Rue+Armand+Desnosse,+60160+Montataire/@49.2579942,2.3900756,13z/data=!4m8!4m7!1m0!1m5!1m1!1s0x47e649626fe27ea9:0x2e76bff6999cd4ff!2m2!1d2.4313606!2d49.2580016?entry=ttu" target="_blank" rel="noreferrer noopener">2, rue Armand Desnosse - 60160 Montataire</a><br>الاثنين والأربعاء والخميس، من 8:30 صباحاً إلى 12 ظهراً ومن 1:30 ظهراً إلى 5:30 مساءً<br>الثلاثاء من 1:30 ظهراً إلى 5:30 مساءً<br>الجمعة من 8:30 صباحاً إلى 12 ظهراً ومن 1:30 ظهراً إلى 5 مساءً<br><a href="tel:03 44 27 55 31">03 44 27 55 31</a></p>

Demande de mise sous protection juridique d’un majeur vulnérable &nbsp;Une personne se retrouve dans l’impossibilité de pourvoir seule à ses intérêts en raison d’une altération de ses facultés mentales et/ou corporelles, une&nbsp;mesure de protection&nbsp;juridique peut être mise en place (sauvegarde de justice,&nbsp;curatelle,&nbsp;tutelle, habilitation familiale). Comment faire ? Envoyer la requête, l’expertise et les pièces à&hellip;

دبليو بي
