{"id":656,"date":"2024-06-19T09:16:06","date_gmt":"2024-06-19T09:16:06","guid":{"rendered":"https:\/\/montataire.mentalworks.me\/?post_type=online-approach&#038;p=656"},"modified":"2025-05-23T12:06:09","modified_gmt":"2025-05-23T12:06:09","slug":"%d8%b1%d8%ae%d8%b5%d8%a9-%d8%aa%d8%b1%d8%a8%d9%8a%d8%a9-%d9%83%d9%84%d8%a8-%d9%85%d8%b5%d9%86%d9%81","status":"publish","type":"online-approach","link":"https:\/\/mairie-montataire.fr\/ar\/demarches-en-ligne\/permis-de-detention-de-chien-categorise\/","title":{"rendered":"\u0631\u062e\u0635\u0629 \u062a\u0631\u0628\u064a\u0629 \u0643\u0644\u0628 \u0645\u0635\u0646\u0641"},"content":{"rendered":"<h2 class=\"wp-block-heading\">\u0631\u062e\u0635\u0629 \u062a\u0631\u0628\u064a\u0629 \u0643\u0644\u0628 \u0645\u0635\u0646\u0641<\/h2>\n\n\n\n<p><strong>\u062a\u062e\u0636\u0639 \u0628\u0639\u0636 \u0627\u0644\u0643\u0644\u0627\u0628 \u0627\u0644\u062a\u064a \u062a\u0639\u062a\u0628\u0631 \u062e\u0637\u0631\u0629 \u0644\u0642\u0648\u0627\u0639\u062f \u0645\u062d\u062f\u062f\u0629. \u062a\u0635\u0646\u0641 \u0647\u0630\u0647 \u0627\u0644\u0643\u0644\u0627\u0628 \u0625\u0644\u0649 \u0641\u0626\u062a\u064a\u0646: \u0643\u0644\u0627\u0628 \u0627\u0644\u0647\u062c\u0648\u0645 \u0648\u0643\u0644\u0627\u0628 \u0627\u0644\u062d\u0631\u0627\u0633\u0629 \u0648\u0627\u0644\u062f\u0641\u0627\u0639. \u0625\u0630\u0627 \u0643\u0646\u062a \u062a\u0645\u062a\u0644\u0643 \u0643\u0644\u0628\u064b\u0627 \u0641\u064a \u0625\u062d\u062f\u0649 \u0647\u0627\u062a\u064a\u0646 \u0627\u0644\u0641\u0626\u062a\u064a\u0646\u060c \u0641\u0623\u0646\u062a \u062a\u062e\u0636\u0639 \u0644\u0627\u0644\u062a\u0632\u0627\u0645\u0627\u062a \u0645\u0639\u064a\u0646\u0629.<\/strong><\/p>\n\n\n\n<div style=\"height:29px\" aria-hidden=\"true\" class=\"wp-block-spacer\"><\/div>\n\n\n\n<p>\u0644\u0645\u0639\u0631\u0641\u0629 \u0645\u0627 \u0625\u0630\u0627 \u0643\u0627\u0646 \u0643\u0644\u0628\u0643 \u0645\u0635\u0646\u0641\u0627\u064b <a href=\"https:\/\/www.service-public.fr\/particuliers\/vosdroits\/F1839\" target=\"_blank\" rel=\"noreferrer noopener\">Service-public.fr\/individuals\/yourrights\/F1839<\/a><\/p>\n\n\n\n<div style=\"height:29px\" aria-hidden=\"true\" class=\"wp-block-spacer\"><\/div>\n\n\n\n<p><strong>\u0625\u0630\u0627 \u0643\u0627\u0646 \u0643\u0644\u0628\u0643 \u064a\u0646\u062f\u0631\u062c \u062a\u062d\u062a \u0647\u0630\u0647 \u0627\u0644\u0641\u0626\u0629\u060c \u0641\u064a\u062c\u0628 \u0627\u0644\u062d\u0635\u0648\u0644 \u0639\u0644\u0649 \u062a\u0631\u062e\u064a\u0635.<\/strong>. \u064a\u0643\u0648\u0646 \u0627\u0644\u062a\u0631\u062e\u064a\u0635 \u0625\u0645\u0627 \u0645\u0624\u0642\u062a\u064b\u0627 \u0644\u0644\u0643\u0644\u0627\u0628 \u0627\u0644\u062a\u064a \u064a\u0642\u0644 \u0639\u0645\u0631\u0647\u0627 \u0639\u0646 \u0639\u0627\u0645 \u0648\u0627\u062d\u062f\u060c \u0623\u0648 \u062f\u0627\u0626\u0645\u064b\u0627 \u0644\u0644\u0643\u0644\u0627\u0628 \u0627\u0644\u062a\u064a \u064a\u0632\u064a\u062f \u0639\u0645\u0631\u0647\u0627 \u0639\u0646 \u0639\u0627\u0645 \u0648\u0627\u062d\u062f.<\/p>\n\n\n\n<h2 class=\"wp-block-heading\">\u0643\u064a\u0641 \u062a\u0642\u0648\u0645 \u0628\u0630\u0644\u0643\u061f <\/h2>\n\n\n\n<p>\u0627\u0643\u062a\u0634\u0641 \u0627\u0644\u0645\u0632\u064a\u062f \u0639\u0646 <a href=\"https:\/\/www.oise.gouv.fr\/Services-de-l-Etat\/Direction-departementale-de-la-protection-des-populations-DDPP\/Thematiques-de-la-direction-departementale-de-la-protection-des-populations\/Sante-et-protection-animales\/Animaux-mordeurs-divagants-ou-dangereux\/Les-chiens-categorises-le-permis-de-detention\" target=\"_blank\" rel=\"noreferrer noopener\">\u0627\u0644\u0628\u0631\u0648\u062a\u0648\u0643\u0648\u0644<\/a> \u0639\u0628\u0631 \u0627\u0644\u0625\u0646\u062a\u0631\u0646\u062a \u0644\u0644\u062d\u0635\u0648\u0644 \u0639\u0644\u0649 \u062a\u0635\u0631\u064a\u062d \u0627\u062d\u062a\u062c\u0627\u0632.<br><br>\u0642\u0645 \u0628\u062a\u0633\u0644\u064a\u0645 \u0637\u0644\u0628\u0643 \u0641\u064a \u0645\u0643\u062a\u0628 \u0634\u0631\u0637\u0629 \u0627\u0644\u0628\u0644\u062f\u064a\u0629 \u062e\u0644\u0627\u0644 \u0633\u0627\u0639\u0627\u062a \u0627\u0644\u0639\u0645\u0644.<\/p>\n\n\n\n<h3 class=\"wp-block-heading\">\u0627\u0644\u0645\u0633\u062a\u0646\u062f\u0627\u062a \u0627\u0644\u0645\u0637\u0644\u0648\u0628 \u062a\u0642\u062f\u064a\u0645\u0647\u0627 :<\/h3>\n\n\n\n<ul class=\"wp-block-list\">\n<li><a href=\"https:\/\/mairie-montataire.fr\/ar\/app\/uploads\/2024\/07\/cerfa_13996-01.pdf\/\">\u0637\u0644\u0628 \u0627\u0644\u062d\u0635\u0648\u0644 \u0639\u0644\u0649 \u062a\u0631\u062e\u064a\u0635 \u0644\u062a\u0631\u0628\u064a\u0629 \u0643\u0644\u0628 \u0645\u0635\u0646\u0641 - Cerfa \u0631\u0642\u0645 13996*01<\/a><\/li>\n<\/ul>\n\n\n<div class=\"highlight\">\n                <div class=\"highlight__description\"><p><!-- wp:paragraph --><\/p>\n<p>\u0639\u0646\u062f \u0627\u0633\u062a\u0644\u0627\u0645 \u0631\u062e\u0635\u0629 \u0627\u0644\u0643\u0644\u0628 \u0627\u0644\u062e\u0627\u0635 \u0628\u0643\u060c \u064a\u0631\u062c\u0649 \u0625\u062d\u0636\u0627\u0631 \u062c\u0648\u0627\u0632 \u0627\u0644\u0633\u0641\u0631 \u0627\u0644\u0623\u0648\u0631\u0648\u0628\u064a \u0627\u0644\u0623\u0635\u0644\u064a \u0644\u0644\u062d\u064a\u0648\u0627\u0646\u0627\u062a \u0627\u0644\u0623\u0644\u064a\u0641\u0629 \u0627\u0644\u0645\u0637\u0644\u0648\u0628 \u0628\u0645\u0648\u062c\u0628 \u0644\u0627\u0626\u062d\u0629 \u0627\u0644\u0628\u0631\u0644\u0645\u0627\u0646 \u0627\u0644\u0623\u0648\u0631\u0648\u0628\u064a \u0648\u0627\u0644\u0645\u062c\u0644\u0633 \u0627\u0644\u0623\u0648\u0631\u0648\u0628\u064a \u0631\u0642\u0645 998\/2003 \u0627\u0644\u0645\u0624\u0631\u062e\u0629 26 \u0645\u0627\u064a\u0648 2003. <strong>\u0644\u0646 \u064a\u062a\u0645 \u0625\u0635\u062f\u0627\u0631 \u0623\u064a \u062a\u0635\u0631\u064a\u062d \u0627\u062d\u062a\u062c\u0627\u0632 \u062f\u0648\u0646 \u0625\u0628\u0631\u0627\u0632 \u062c\u0648\u0627\u0632 \u0627\u0644\u0633\u0641\u0631 \u0647\u0630\u0627.<\/strong><\/p>\n<p>&nbsp;<\/p>\n<p><!-- \/wp:paragraph --> <!-- wp:paragraph --><\/p>\n<p>\u0625\u0630\u0627 \u0643\u0646\u062a \u0645\u0627\u0644\u0643\u064b\u0627 \u0623\u0648 \u062d\u0627\u0631\u0633\u064b\u0627 \u0644\u0623\u0643\u062b\u0631 \u0645\u0646 1<sup>\u0625\u0639\u0627\u062f\u0629<\/sup> \u0623\u0648 2<sup>e<\/sup> \u0627\u0644\u0641\u0626\u0629\u060c \u064a\u0631\u062c\u0649 \u0625\u0631\u0633\u0627\u0644 \u0623\u0648 \u0625\u0631\u0633\u0627\u0644 <strong>1 \u0645\u0644\u0641 \u0644\u0643\u0644 \u0643\u0644 \u0643\u0644\u0628<\/strong> \u0641\u064a \u062f\u0627\u0631 \u0627\u0644\u0628\u0644\u062f\u064a\u0629 \u0627\u0644\u0645\u062d\u0644\u064a\u0629<\/p>\n<p><!-- \/wp:paragraph --><\/p>\n<\/div>\n    <\/div>\n\n\n<h2 class=\"wp-block-heading\">\u062c\u0647\u0627\u062a \u0627\u0644\u0627\u062a\u0635\u0627\u0644:<\/h2>\n\n\n\n<p><strong><a href=\"https:\/\/mairie-montataire.fr\/ar\/%d8%a8%d8%ab-%d9%85%d8%a8%d8%a7%d8%b4%d8%b1-%d9%81%d9%8a\/%d8%a7%d9%84%d8%a8%d9%8a%d8%a6%d8%a9-%d8%a7%d9%84%d9%85%d8%b9%d9%8a%d8%b4%d9%8a%d8%a9\/%d8%a7%d9%84%d9%87%d8%af%d9%88%d8%a1-%d8%a7%d9%84%d8%b9%d8%a7%d9%85\/\" target=\"_blank\" rel=\"noreferrer noopener\">\u0634\u0631\u0637\u0629 \u0627\u0644\u0628\u0644\u062f\u064a\u0629<\/a> \u062f\u064a \u0645\u0648\u0646\u062a\u0627\u062a\u064a\u0631<\/strong><br>\u0645\u0646 \u0627\u0644\u0627\u062b\u0646\u064a\u0646 \u0625\u0644\u0649 \u0627\u0644\u062e\u0645\u064a\u0633\u060c \u0645\u0646 8 \u0635\u0628\u0627\u062d\u0627\u064b \u0625\u0644\u0649 5 \u0645\u0633\u0627\u0621\u064b<br>\u0627\u0644\u062c\u0645\u0639\u0629 \u0645\u0646 8 \u0635\u0628\u0627\u062d\u0627\u064b \u0625\u0644\u0649 4:30 \u0639\u0635\u0631\u0627\u064b<br><a href=\"tel:03 44 55 02 33\">03 44 55 02 33<\/a><br><a href=\"mailto:policemunicipale@mairie-montataire.fr\">policemunicipale@mairie-montataire.fr<\/a><\/p>","protected":false},"featured_media":0,"template":"","meta":{"_acf_changed":false,"_uag_custom_page_level_css":""},"online-approach-category":[26],"class_list":["post-656","online-approach","type-online-approach","status-publish","hentry","online-approach-category-ma-rue-mon-quartier-ma-ville"],"acf":[],"uagb_featured_image_src":{"full":false,"thumbnail":false,"medium":false,"medium_large":false,"large":false,"1536x1536":false,"2048x2048":false,"trp-custom-language-flag":false,"gform-image-choice-sm":false,"gform-image-choice-md":false,"gform-image-choice-lg":false},"uagb_author_info":{"display_name":"Laure Pubert","author_link":"https:\/\/mairie-montataire.fr\/ar\/actualites\/author\/"},"uagb_comment_info":0,"uagb_excerpt":"Permis de d\u00e9tention de chien cat\u00e9goris\u00e9 Certains chiens consid\u00e9r\u00e9s comme pouvant \u00eatre dangereux sont soumis \u00e0 une r\u00e9glementation sp\u00e9cifique. Ces chiens sont class\u00e9s en&nbsp;2&nbsp;cat\u00e9gories&nbsp;:&nbsp;chien d&rsquo;attaque&nbsp;et&nbsp;chien de garde et de d\u00e9fense. Si vous d\u00e9tenez un chien appartenant \u00e0 l&rsquo;une de ces 2&nbsp;cat\u00e9gories, vous \u00eates soumis \u00e0 certaines obligations. Pour savoir si votre chien est cat\u00e9goris\u00e9&nbsp;: service-public.fr\/particuliers\/vosdroits\/F1839&hellip;","_links":{"self":[{"href":"https:\/\/mairie-montataire.fr\/ar\/wp-json\/wp\/v2\/online-approach\/656","targetHints":{"allow":["GET"]}}],"collection":[{"href":"https:\/\/mairie-montataire.fr\/ar\/wp-json\/wp\/v2\/online-approach"}],"about":[{"href":"https:\/\/mairie-montataire.fr\/ar\/wp-json\/wp\/v2\/types\/online-approach"}],"wp:attachment":[{"href":"https:\/\/mairie-montataire.fr\/ar\/wp-json\/wp\/v2\/media?parent=656"}],"wp:term":[{"taxonomy":"online-approach-category","embeddable":true,"href":"https:\/\/mairie-montataire.fr\/ar\/wp-json\/wp\/v2\/online-approach-category?post=656"}],"curies":[{"name":"\u062f\u0628\u0644\u064a\u0648 \u0628\u064a","href":"https:\/\/api.w.org\/{rel}","templated":true}]}}

رخصة تربية كلب مصنف

<h2 class="wp-block-heading">رخصة تربية كلب مصنف</h2>



<p><strong>تخضع بعض الكلاب التي تعتبر خطرة لقواعد محددة. تصنف هذه الكلاب إلى فئتين: كلاب الهجوم وكلاب الحراسة والدفاع. إذا كنت تمتلك كلبًا في إحدى هاتين الفئتين، فأنت تخضع لالتزامات معينة.</strong></p>



<div style="height:29px" aria-hidden="true" class="wp-block-spacer"></div>



<p>لمعرفة ما إذا كان كلبك مصنفاً <a href="https://www.service-public.fr/particuliers/vosdroits/F1839" target="_blank" rel="noreferrer noopener">Service-public.fr/individuals/yourrights/F1839</a></p>



<div style="height:29px" aria-hidden="true" class="wp-block-spacer"></div>



<p><strong>إذا كان كلبك يندرج تحت هذه الفئة، فيجب الحصول على ترخيص.</strong>. يكون الترخيص إما مؤقتًا للكلاب التي يقل عمرها عن عام واحد، أو دائمًا للكلاب التي يزيد عمرها عن عام واحد.</p>



<h2 class="wp-block-heading">كيف تقوم بذلك؟ </h2>



<p>اكتشف المزيد عن <a href="https://www.oise.gouv.fr/Services-de-l-Etat/Direction-departementale-de-la-protection-des-populations-DDPP/Thematiques-de-la-direction-departementale-de-la-protection-des-populations/Sante-et-protection-animales/Animaux-mordeurs-divagants-ou-dangereux/Les-chiens-categorises-le-permis-de-detention" target="_blank" rel="noreferrer noopener">البروتوكول</a> عبر الإنترنت للحصول على تصريح احتجاز.<br><br>قم بتسليم طلبك في مكتب شرطة البلدية خلال ساعات العمل.</p>



<h3 class="wp-block-heading">المستندات المطلوب تقديمها :</h3>



<ul class="wp-block-list">
<li><a href="https://mairie-montataire.fr/ar/app/uploads/2024/07/cerfa_13996-01.pdf/">طلب الحصول على ترخيص لتربية كلب مصنف - Cerfa رقم 13996*01</a></li>
</ul>


<div class="highlight">
                <div class="highlight__description"><p><!-- wp:paragraph --></p>
<p>عند استلام رخصة الكلب الخاص بك، يرجى إحضار جواز السفر الأوروبي الأصلي للحيوانات الأليفة المطلوب بموجب لائحة البرلمان الأوروبي والمجلس الأوروبي رقم 998/2003 المؤرخة 26 مايو 2003. <strong>لن يتم إصدار أي تصريح احتجاز دون إبراز جواز السفر هذا.</strong></p>
<p>&nbsp;</p>
<p><!-- /wp:paragraph --> <!-- wp:paragraph --></p>
<p>إذا كنت مالكًا أو حارسًا لأكثر من 1<sup>إعادة</sup> أو 2<sup>e</sup> الفئة، يرجى إرسال أو إرسال <strong>1 ملف لكل كل كلب</strong> في دار البلدية المحلية</p>
<p><!-- /wp:paragraph --></p>
</div>
    </div>


<h2 class="wp-block-heading">جهات الاتصال:</h2>



<p><strong><a href="https://mairie-montataire.fr/ar/%d8%a8%d8%ab-%d9%85%d8%a8%d8%a7%d8%b4%d8%b1-%d9%81%d9%8a/%d8%a7%d9%84%d8%a8%d9%8a%d8%a6%d8%a9-%d8%a7%d9%84%d9%85%d8%b9%d9%8a%d8%b4%d9%8a%d8%a9/%d8%a7%d9%84%d9%87%d8%af%d9%88%d8%a1-%d8%a7%d9%84%d8%b9%d8%a7%d9%85/" target="_blank" rel="noreferrer noopener">شرطة البلدية</a> دي مونتاتير</strong><br>من الاثنين إلى الخميس، من 8 صباحاً إلى 5 مساءً<br>الجمعة من 8 صباحاً إلى 4:30 عصراً<br><a href="tel:03 44 55 02 33">03 44 55 02 33</a><br><a href="mailto:policemunicipale@mairie-montataire.fr">policemunicipale@mairie-montataire.fr</a></p>

Permis de détention de chien catégorisé Certains chiens considérés comme pouvant être dangereux sont soumis à une réglementation spécifique. Ces chiens sont classés en&nbsp;2&nbsp;catégories&nbsp;:&nbsp;chien d&rsquo;attaque&nbsp;et&nbsp;chien de garde et de défense. Si vous détenez un chien appartenant à l&rsquo;une de ces 2&nbsp;catégories, vous êtes soumis à certaines obligations. Pour savoir si votre chien est catégorisé&nbsp;: service-public.fr/particuliers/vosdroits/F1839&hellip;

دبليو بي
