{"id":648,"date":"2024-06-18T15:55:52","date_gmt":"2024-06-18T15:55:52","guid":{"rendered":"https:\/\/montataire.mentalworks.me\/?post_type=online-approach&#038;p=648"},"modified":"2024-09-06T09:23:53","modified_gmt":"2024-09-06T09:23:53","slug":"%d8%aa%d9%85%d8%b1%d9%8a%d8%b1%d8%a9-%d8%a3%d8%ba%d9%84%d9%88","status":"publish","type":"online-approach","link":"https:\/\/mairie-montataire.fr\/ar\/demarches-en-ligne\/pass-agglo\/","title":{"rendered":"\u0623\u063a\u0644\u0648 \u0628\u0627\u0633"},"content":{"rendered":"<h2 class=\"wp-block-heading\">\u0623\u063a\u0644\u0648 \u0628\u0627\u0633<\/h2>\n\n\n\n<p><strong>\u062a\u062d\u0631\u0635 \u0628\u0644\u062f\u064a\u0629 \u0643\u0631\u064a\u0644 \u0633\u0648\u062f \u0623\u0648\u0632 \u0639\u0644\u0649 \u062a\u0639\u0632\u064a\u0632 \u0627\u0644\u0648\u0635\u0648\u0644 \u0625\u0644\u0649 \u0627\u0644\u062b\u0642\u0627\u0641\u0629 \u0648\u0627\u0644\u0623\u0646\u0634\u0637\u0629 \u0627\u0644\u062a\u0631\u0641\u064a\u0647\u064a\u0629 \u0648\u0627\u0644\u0631\u064a\u0627\u0636\u064a\u0629 \u0644\u062c\u0645\u064a\u0639 \u0627\u0644\u0633\u0643\u0627\u0646 \u0627\u0644\u0645\u062d\u0644\u064a\u064a\u0646.<br><\/strong><br>\u0644\u0644\u0645\u0632\u064a\u062f \u0645\u0646 \u0627\u0644\u0645\u0639\u0644\u0648\u0645\u0627\u062a <a href=\"https:\/\/www.creilsudoise.fr\/mon-passagglo\/?section=mon-passagglo\" target=\"_blank\" rel=\"noreferrer noopener\">creilsududoise.fr\/my-passagglo<\/a><\/p>\n\n\n\n<h2 class=\"wp-block-heading\">\u0643\u064a\u0641 \u062a\u0642\u0648\u0645 \u0628\u0630\u0644\u0643\u061f <\/h2>\n\n\n\n<p>\u0627\u0646\u062a\u0642\u0644 \u0625\u0644\u0649 \u0646\u0642\u0627\u0637 \u0627\u0644\u0633\u062d\u0628 \u0645\u0639 \u0627\u0644\u0645\u0633\u062a\u0646\u062f\u0627\u062a \u0627\u0644\u062a\u064a \u062a\u062d\u062a\u0627\u062c \u0625\u0644\u0649 \u062a\u0642\u062f\u064a\u0645\u0647\u0627:<\/p>\n\n\n\n<ul class=\"wp-block-list\">\n<li>\u0625\u0646 <strong>\u0642\u0627\u0639\u0627\u062a \u0627\u0644\u0645\u062f\u064a\u0646\u0629<\/strong> \u0645\u0646 \u0628\u0644\u062f\u064a\u0627\u062a ACSO \u0627\u0644 11<\/li>\n\n\n\n<li><strong>\u0643\u0631\u064a\u0644 \u0633\u0648\u062f \u0623\u0648\u0632 \u0627\u0644\u0643\u0628\u0631\u0649<\/strong> <br><a href=\"https:\/\/www.google.fr\/maps\/dir\/\/24+Rue+de+la+Villageoise,+60100+Creil\/@49.2605956,2.4546292,17z\/data=!4m9!4m8!1m0!1m5!1m1!1s0x47e64bb96958dc49:0xc6fc736ad1adfd0d!2m2!1d2.4572041!2d49.2605921!3e0?entry=ttu&amp;g_ep=EgoyMDI0MDkwMi4xIKXMDSoASAFQAw%3D%3D\" target=\"_blank\" rel=\"noreferrer noopener\">24 \u0634\u0627\u0631\u0639 24 \u062f\u0648 \u0644\u0627 \u0641\u064a\u0644\u0627\u062c\u0648\u0627\u0632 - 60100 \u0643\u0631\u064a\u0644<\/a><br><a href=\"tel:03 44 64 74 74\">03 44 64 74 74<\/a><\/li>\n\n\n\n<li><strong>\u0645\u0643\u062a\u0628\u0629 \u0627\u0644\u0648\u0633\u0627\u0626\u0637 \u0627\u0644\u0645\u062a\u0639\u062f\u062f\u0629 \u062c\u0627\u0646 \u0628\u064a\u064a\u0631 \u0628\u064a\u0633\u0647<br><\/strong><a href=\"https:\/\/www.google.fr\/maps\/dir\/\/346+Av.+L%C3%A9onard+de+Vinci,+60100+Creil\/@49.2576452,2.4501107,13.75z\/data=!4m9!4m8!1m0!1m5!1m1!1s0x47e64a01c22a7ed1:0xc15c15dd6dd3c57!2m2!1d2.4879697!2d49.2584368!3e0?entry=ttu&amp;g_ep=EgoyMDI0MDkwMi4xIKXMDSoASAFQAw%3D%3D\" target=\"_blank\" rel=\"noreferrer noopener\">346, av. L\u00e9onard de Vinci - 60100 Creil<\/a><br><a href=\"tel:03 44 29 51 80\">03 44 29 51 80<\/a><\/li>\n\n\n\n<li><strong>\u062e\u062f\u0645\u0629 \u0641\u064a\u0644\u064a\u0631 \u0633\u0627\u0646 \u0628\u0648\u0644 \u0627\u0644\u062b\u0642\u0627\u0641\u064a\u0629 <br><\/strong><a href=\"https:\/\/www.google.fr\/maps\/dir\/\/26+Bd+de+la+R%C3%A9publique,+60870+Villers-Saint-Paul\/@49.2924216,2.4300905,13.75z\/data=!4m9!4m8!1m0!1m5!1m1!1s0x47e64a65798f291f:0xdb75791ea759b394!2m2!1d2.4808125!2d49.2885343!3e0?entry=ttu&amp;g_ep=EgoyMDI0MDkwMi4xIKXMDSoASAFQAw%3D%3D\" target=\"_blank\" rel=\"noreferrer noopener\">26, bd. de la R\u00e9publique - 60870 Villers-Saint-Paul <\/a><br><a href=\"tel:03 44 74 04 92\">03 44 74 04 92<\/a><\/li>\n\n\n\n<li><strong>\u062a\u0631\u064a\u062a \u062f\u064a \u064a\u0648\u0646\u064a\u0648\u0646 \u0641\u064a \u0641\u064a\u0644\u064a\u0631 \u0633\u0627\u0646 \u0628\u0648\u0644 \u0625\u0633\u0628\u0627\u0633 \u0628\u064a\u064a\u0631 \u0628\u064a\u0631\u064a\u0647<br><\/strong><a href=\"https:\/\/www.google.fr\/maps\/dir\/\/Cav%C3%A9e+des+Renards,+60870+Villers-Saint-Paul\/@49.2924309,2.4894791,15z\/data=!4m9!4m8!1m0!1m5!1m1!1s0x47e63586b40b4657:0x2d4a47520776182c!2m2!1d2.4997788!2d49.2924174!3e0?entry=ttu&amp;g_ep=EgoyMDI0MDkwMi4xIKXMDSoASAFQAw%3D%3D\" target=\"_blank\" rel=\"noreferrer noopener\">\u0643\u0627\u0641\u064a\u0647 \u062f\u064a \u0631\u064a\u0646\u0627\u0631\u062f\u0632 - 60870 \u0641\u064a\u0644\u064a\u0631 \u0633\u0627\u0646 \u0628\u0648\u0644 <br><\/a><a href=\"tel:03 44 66 32 55\">03 44 66 32 55<\/a><\/li>\n<\/ul>\n\n\n\n<h3 class=\"wp-block-heading\">\u0627\u0644\u0645\u0633\u062a\u0646\u062f\u0627\u062a \u0627\u0644\u0645\u0637\u0644\u0648\u0628 \u062a\u0642\u062f\u064a\u0645\u0647\u0627 :<\/h3>\n\n\n\n<ul style=\"padding-right:var(--wp--preset--spacing--60);padding-left:var(--wp--preset--spacing--60)\" class=\"wp-block-list\">\n<li>\u0628\u0637\u0627\u0642\u0629 \u0627\u0644\u0647\u0648\u064a\u0629<\/li>\n\n\n\n<li>\u0625\u062b\u0628\u0627\u062a \u0627\u0644\u0639\u0646\u0648\u0627\u0646 \u0623\u0642\u0644 \u0645\u0646 3 \u0623\u0634\u0647\u0631<\/li>\n\n\n\n<li>\u0635\u0648\u0631\u0629 \u062d\u062f\u064a\u062b\u0629 \u0644\u062c\u0648\u0627\u0632 \u0627\u0644\u0633\u0641\u0631<\/li>\n\n\n\n<li>\u062f\u0641\u062a\u0631 \u0633\u062c\u0644 \u0627\u0644\u0623\u0633\u0631\u0629 \u0644\u0645\u0646 \u0647\u0645 \u062f\u0648\u0646 18 \u0639\u0627\u0645\u0627\u064b<\/li>\n<\/ul>\n\n\n\n<h2 class=\"wp-block-heading\">\u0627\u0644\u0633\u0639\u0631 :<\/h2>\n\n\n\n<p>\u0645\u062c\u0627\u0646\u0627\u064b \u0644\u062c\u0645\u064a\u0639 \u0627\u0644\u0645\u0642\u064a\u0645\u064a\u0646 \u0641\u064a \u062a\u062c\u0645\u0639 \u0643\u0631\u064a\u0644 \u0633\u0648\u062f \u0623\u0648\u0632<\/p>\n\n\n\n<h2 class=\"wp-block-heading\">\u0627\u0644\u0645\u0648\u0627\u0639\u064a\u062f \u0627\u0644\u0646\u0647\u0627\u0626\u064a\u0629 :<\/h2>\n\n\n\n<p><strong>\u0635\u0627\u0644\u062d\u0629 \u0644\u0645\u062f\u0629 \u0639\u0627\u0645 \u0648\u0627\u062d\u062f \u0645\u0646 \u062a\u0627\u0631\u064a\u062e \u0627\u0644\u0625\u0635\u062f\u0627\u0631 \u0648\u0642\u0627\u0628\u0644\u0629 \u0644\u0644\u062a\u062c\u062f\u064a\u062f \u0643\u0644 \u0639\u0627\u0645 \u0641\u064a \u0646\u0642\u0627\u0637 \u0627\u0644\u062a\u062d\u0635\u064a\u0644.<\/strong><\/p>\n\n\n\n<h2 class=\"wp-block-heading\">\u062c\u0647\u0627\u062a \u0627\u0644\u0627\u062a\u0635\u0627\u0644:<\/h2>\n\n\n\n<p><a href=\"https:\/\/www.creilsudoise.fr\/\" target=\"_blank\" rel=\"noreferrer noopener\"><strong>\u0643\u0631\u064a\u0644 \u0633\u0648\u062f \u0623\u0648\u0632 \u0627\u0644\u0643\u0628\u0631\u0649<\/strong> <br><\/a><a href=\"https:\/\/www.google.fr\/maps\/dir\/\/24+Rue+de+la+Villageoise,+60100+Creil\/@49.2605956,2.4546292,17z\/data=!4m9!4m8!1m0!1m5!1m1!1s0x47e64bb96958dc49:0xc6fc736ad1adfd0d!2m2!1d2.4572041!2d49.2605921!3e0?entry=ttu&amp;g_ep=EgoyMDI0MDkwMi4xIKXMDSoASAFQAw%3D%3D\" target=\"_blank\" rel=\"noreferrer noopener\">24 \u0634\u0627\u0631\u0639 24 \u062f\u0648 \u0644\u0627 \u0641\u064a\u0644\u0627\u062c\u0648\u0627\u0632 - 60100 \u0643\u0631\u064a\u0644<\/a><br><a href=\"tel:03 44 64 74 74\">03 44 64 74 74<\/a><br><a href=\"mailto:contact@creilsudoise.fr\">contact@creilsudoise.fr<\/a><\/p>","protected":false},"featured_media":0,"template":"","meta":{"_acf_changed":false,"_uag_custom_page_level_css":""},"online-approach-category":[26],"class_list":["post-648","online-approach","type-online-approach","status-publish","hentry","online-approach-category-ma-rue-mon-quartier-ma-ville"],"acf":[],"uagb_featured_image_src":{"full":false,"thumbnail":false,"medium":false,"medium_large":false,"large":false,"1536x1536":false,"2048x2048":false,"trp-custom-language-flag":false,"gform-image-choice-sm":false,"gform-image-choice-md":false,"gform-image-choice-lg":false},"uagb_author_info":{"display_name":"Laure Pubert","author_link":"https:\/\/mairie-montataire.fr\/ar\/actualites\/author\/"},"uagb_comment_info":0,"uagb_excerpt":"Pass&nbsp;\u2018Agglo La communaut\u00e9 d\u2019Agglom\u00e9ration Creil Sud Oise souhaite favoriser l\u2019acc\u00e8s \u00e0 la culture, aux loisirs &amp; \u00e0 la pratique sportive de tous les habitants du territoire.Pour plus d&rsquo;informations : creilsudoise.fr\/mon-passagglo Comment faire&nbsp;? Rendez vous dans les points de retraits avec les documents \u00e0 fournir&nbsp;: Documents \u00e0 fournir : Tarif&nbsp;: Gratuite pour tous les habitant\u00b7e\u00b7s de&hellip;","_links":{"self":[{"href":"https:\/\/mairie-montataire.fr\/ar\/wp-json\/wp\/v2\/online-approach\/648","targetHints":{"allow":["GET"]}}],"collection":[{"href":"https:\/\/mairie-montataire.fr\/ar\/wp-json\/wp\/v2\/online-approach"}],"about":[{"href":"https:\/\/mairie-montataire.fr\/ar\/wp-json\/wp\/v2\/types\/online-approach"}],"wp:attachment":[{"href":"https:\/\/mairie-montataire.fr\/ar\/wp-json\/wp\/v2\/media?parent=648"}],"wp:term":[{"taxonomy":"online-approach-category","embeddable":true,"href":"https:\/\/mairie-montataire.fr\/ar\/wp-json\/wp\/v2\/online-approach-category?post=648"}],"curies":[{"name":"\u062f\u0628\u0644\u064a\u0648 \u0628\u064a","href":"https:\/\/api.w.org\/{rel}","templated":true}]}}

أغلو باس

<h2 class="wp-block-heading">أغلو باس</h2>



<p><strong>تحرص بلدية كريل سود أوز على تعزيز الوصول إلى الثقافة والأنشطة الترفيهية والرياضية لجميع السكان المحليين.<br></strong><br>للمزيد من المعلومات <a href="https://www.creilsudoise.fr/mon-passagglo/?section=mon-passagglo" target="_blank" rel="noreferrer noopener">creilsududoise.fr/my-passagglo</a></p>



<h2 class="wp-block-heading">كيف تقوم بذلك؟ </h2>



<p>انتقل إلى نقاط السحب مع المستندات التي تحتاج إلى تقديمها:</p>



<ul class="wp-block-list">
<li>إن <strong>قاعات المدينة</strong> من بلديات ACSO ال 11</li>



<li><strong>كريل سود أوز الكبرى</strong> <br><a href="https://www.google.fr/maps/dir//24+Rue+de+la+Villageoise,+60100+Creil/@49.2605956,2.4546292,17z/data=!4m9!4m8!1m0!1m5!1m1!1s0x47e64bb96958dc49:0xc6fc736ad1adfd0d!2m2!1d2.4572041!2d49.2605921!3e0?entry=ttu&amp;g_ep=EgoyMDI0MDkwMi4xIKXMDSoASAFQAw%3D%3D" target="_blank" rel="noreferrer noopener">24 شارع 24 دو لا فيلاجواز - 60100 كريل</a><br><a href="tel:03 44 64 74 74">03 44 64 74 74</a></li>



<li><strong>مكتبة الوسائط المتعددة جان بيير بيسه<br></strong><a href="https://www.google.fr/maps/dir//346+Av.+L%C3%A9onard+de+Vinci,+60100+Creil/@49.2576452,2.4501107,13.75z/data=!4m9!4m8!1m0!1m5!1m1!1s0x47e64a01c22a7ed1:0xc15c15dd6dd3c57!2m2!1d2.4879697!2d49.2584368!3e0?entry=ttu&amp;g_ep=EgoyMDI0MDkwMi4xIKXMDSoASAFQAw%3D%3D" target="_blank" rel="noreferrer noopener">346, av. Léonard de Vinci - 60100 Creil</a><br><a href="tel:03 44 29 51 80">03 44 29 51 80</a></li>



<li><strong>خدمة فيلير سان بول الثقافية <br></strong><a href="https://www.google.fr/maps/dir//26+Bd+de+la+R%C3%A9publique,+60870+Villers-Saint-Paul/@49.2924216,2.4300905,13.75z/data=!4m9!4m8!1m0!1m5!1m1!1s0x47e64a65798f291f:0xdb75791ea759b394!2m2!1d2.4808125!2d49.2885343!3e0?entry=ttu&amp;g_ep=EgoyMDI0MDkwMi4xIKXMDSoASAFQAw%3D%3D" target="_blank" rel="noreferrer noopener">26, bd. de la République - 60870 Villers-Saint-Paul </a><br><a href="tel:03 44 74 04 92">03 44 74 04 92</a></li>



<li><strong>تريت دي يونيون في فيلير سان بول إسباس بيير بيريه<br></strong><a href="https://www.google.fr/maps/dir//Cav%C3%A9e+des+Renards,+60870+Villers-Saint-Paul/@49.2924309,2.4894791,15z/data=!4m9!4m8!1m0!1m5!1m1!1s0x47e63586b40b4657:0x2d4a47520776182c!2m2!1d2.4997788!2d49.2924174!3e0?entry=ttu&amp;g_ep=EgoyMDI0MDkwMi4xIKXMDSoASAFQAw%3D%3D" target="_blank" rel="noreferrer noopener">كافيه دي ريناردز - 60870 فيلير سان بول <br></a><a href="tel:03 44 66 32 55">03 44 66 32 55</a></li>
</ul>



<h3 class="wp-block-heading">المستندات المطلوب تقديمها :</h3>



<ul style="padding-right:var(--wp--preset--spacing--60);padding-left:var(--wp--preset--spacing--60)" class="wp-block-list">
<li>بطاقة الهوية</li>



<li>إثبات العنوان أقل من 3 أشهر</li>



<li>صورة حديثة لجواز السفر</li>



<li>دفتر سجل الأسرة لمن هم دون 18 عاماً</li>
</ul>



<h2 class="wp-block-heading">السعر :</h2>



<p>مجاناً لجميع المقيمين في تجمع كريل سود أوز</p>



<h2 class="wp-block-heading">المواعيد النهائية :</h2>



<p><strong>صالحة لمدة عام واحد من تاريخ الإصدار وقابلة للتجديد كل عام في نقاط التحصيل.</strong></p>



<h2 class="wp-block-heading">جهات الاتصال:</h2>



<p><a href="https://www.creilsudoise.fr/" target="_blank" rel="noreferrer noopener"><strong>كريل سود أوز الكبرى</strong> <br></a><a href="https://www.google.fr/maps/dir//24+Rue+de+la+Villageoise,+60100+Creil/@49.2605956,2.4546292,17z/data=!4m9!4m8!1m0!1m5!1m1!1s0x47e64bb96958dc49:0xc6fc736ad1adfd0d!2m2!1d2.4572041!2d49.2605921!3e0?entry=ttu&amp;g_ep=EgoyMDI0MDkwMi4xIKXMDSoASAFQAw%3D%3D" target="_blank" rel="noreferrer noopener">24 شارع 24 دو لا فيلاجواز - 60100 كريل</a><br><a href="tel:03 44 64 74 74">03 44 64 74 74</a><br><a href="mailto:contact@creilsudoise.fr">contact@creilsudoise.fr</a></p>

Pass&nbsp;‘Agglo La communauté d’Agglomération Creil Sud Oise souhaite favoriser l’accès à la culture, aux loisirs &amp; à la pratique sportive de tous les habitants du territoire.Pour plus d&rsquo;informations : creilsudoise.fr/mon-passagglo Comment faire&nbsp;? Rendez vous dans les points de retraits avec les documents à fournir&nbsp;: Documents à fournir : Tarif&nbsp;: Gratuite pour tous les habitant·e·s de&hellip;

دبليو بي
