{"id":7878,"date":"2026-05-01T08:00:00","date_gmt":"2026-05-01T08:00:00","guid":{"rendered":"https:\/\/mairie-montataire.fr\/?post_type=event&#038;p=7878"},"modified":"2026-04-24T13:03:22","modified_gmt":"2026-04-24T13:03:22","slug":"cest-pas-la-fin-du-monde-quoique","status":"publish","type":"event","link":"https:\/\/mairie-montataire.fr\/ar\/agenda\/vie-associative\/cest-pas-la-fin-du-monde-quoique\/","title":{"rendered":"\u0625\u0646\u0647\u0627 \u0644\u064a\u0633\u062a \u0646\u0647\u0627\u064a\u0629 \u0627\u0644\u0639\u0627\u0644\u0645! \u0639\u0644\u0649 \u0627\u0644\u0631\u063a\u0645 \u0645\u0646 \u0623\u0646..."},"content":{"rendered":"<p>Une Com\u00e9die d\u00e9jant\u00e9e que vous propose la <a href=\"https:\/\/mairie-montataire.fr\/ar\/%d8%a7%d9%84%d8%af%d9%84%d8%a7%d8%a6%d9%84\/%d8%a7%d9%84%d8%ac%d9%85%d8%b9%d9%8a%d8%a7%d8%aa-2\/%d8%a7%d9%84%d8%ab%d9%82%d8%a7%d9%81%d8%a9-%d9%88%d8%a7%d9%84%d8%aa%d8%b1%d9%81%d9%8a%d9%87\/%d9%83%d9%88%d9%85%d8%a8%d8%a7%d9%86%d9%8a-%d9%85%d8%b3%d8%b1%d8%ad-%d9%81%d9%88%d9%86%d8%a7%d9%85%d8%a8%d9%88%d9%84%d8%b2\/\">Cie th\u00e9\u00e2trale Funambules<\/a> \u0645\u0646 \u0645\u0648\u0646\u062a\u0627\u062a\u064a\u0631 <\/p>\n\n\n\n<p>R\u00e9serv\u00e9e \u00e0 un public averti et surtout, ouvert d\u2019esprit !<\/p>\n\n\n\n<div style=\"height:100px\" aria-hidden=\"true\" class=\"wp-block-spacer\"><\/div>\n\n\n\n<div class=\"wp-block-uagb-image aligncenter uagb-block-a03c572a wp-block-uagb-image--layout-default wp-block-uagb-image--effect-static wp-block-uagb-image--align-center\"><figure class=\"wp-block-uagb-image__figure\"><img decoding=\"async\" srcset=\"https:\/\/mairie-montataire.fr\/app\/uploads\/2026\/04\/SpectAssosFunambule-724x1024.jpg ,https:\/\/mairie-montataire.fr\/app\/uploads\/2026\/04\/SpectAssosFunambule.jpg 780w, https:\/\/mairie-montataire.fr\/app\/uploads\/2026\/04\/SpectAssosFunambule.jpg 360w\" sizes=\"auto, (max-width: 480px) 150px\" src=\"https:\/\/mairie-montataire.fr\/app\/uploads\/2026\/04\/SpectAssosFunambule-724x1024.jpg\" alt=\"\" class=\"uag-image-7879\" width=\"724\" height=\"1024\" title=\"SpectAssosFunambule\" loading=\"lazy\" role=\"img\"\/><\/figure><\/div>","protected":false},"featured_media":7880,"parent":0,"template":"","meta":{"_acf_changed":true,"_uag_custom_page_level_css":""},"event-theme":[73],"class_list":["post-7878","event","type-event","status-publish","has-post-thumbnail","hentry","event-theme-vie-associative"],"acf":[],"uagb_featured_image_src":{"full":["https:\/\/mairie-montataire.fr\/app\/uploads\/2026\/04\/Agenda_SpectCieFunambules.jpg",450,335,false],"thumbnail":["https:\/\/mairie-montataire.fr\/app\/uploads\/2026\/04\/Agenda_SpectCieFunambules-150x150.jpg",150,150,true],"medium":["https:\/\/mairie-montataire.fr\/app\/uploads\/2026\/04\/Agenda_SpectCieFunambules-300x223.jpg",300,223,true],"medium_large":["https:\/\/mairie-montataire.fr\/app\/uploads\/2026\/04\/Agenda_SpectCieFunambules.jpg",450,335,false],"large":["https:\/\/mairie-montataire.fr\/app\/uploads\/2026\/04\/Agenda_SpectCieFunambules.jpg",450,335,false],"1536x1536":["https:\/\/mairie-montataire.fr\/app\/uploads\/2026\/04\/Agenda_SpectCieFunambules.jpg",450,335,false],"2048x2048":["https:\/\/mairie-montataire.fr\/app\/uploads\/2026\/04\/Agenda_SpectCieFunambules.jpg",450,335,false],"trp-custom-language-flag":["https:\/\/mairie-montataire.fr\/app\/uploads\/2026\/04\/Agenda_SpectCieFunambules-16x12.jpg",16,12,true],"gform-image-choice-sm":["https:\/\/mairie-montataire.fr\/app\/uploads\/2026\/04\/Agenda_SpectCieFunambules.jpg",300,223,false],"gform-image-choice-md":["https:\/\/mairie-montataire.fr\/app\/uploads\/2026\/04\/Agenda_SpectCieFunambules.jpg",400,298,false],"gform-image-choice-lg":["https:\/\/mairie-montataire.fr\/app\/uploads\/2026\/04\/Agenda_SpectCieFunambules.jpg",450,335,false]},"uagb_author_info":{"display_name":"Laure Pubert","author_link":"https:\/\/mairie-montataire.fr\/ar\/actualites\/author\/"},"uagb_comment_info":0,"uagb_excerpt":"Une Com\u00e9die d\u00e9jant\u00e9e que vous propose la Cie th\u00e9\u00e2trale Funambules de Montataire ! R\u00e9serv\u00e9e \u00e0 un public averti et surtout, ouvert d\u2019esprit !","_links":{"self":[{"href":"https:\/\/mairie-montataire.fr\/ar\/wp-json\/wp\/v2\/event\/7878","targetHints":{"allow":["GET"]}}],"collection":[{"href":"https:\/\/mairie-montataire.fr\/ar\/wp-json\/wp\/v2\/event"}],"about":[{"href":"https:\/\/mairie-montataire.fr\/ar\/wp-json\/wp\/v2\/types\/event"}],"wp:featuredmedia":[{"embeddable":true,"href":"https:\/\/mairie-montataire.fr\/ar\/wp-json\/wp\/v2\/media\/7880"}],"wp:attachment":[{"href":"https:\/\/mairie-montataire.fr\/ar\/wp-json\/wp\/v2\/media?parent=7878"}],"wp:term":[{"taxonomy":"event-theme","embeddable":true,"href":"https:\/\/mairie-montataire.fr\/ar\/wp-json\/wp\/v2\/event-theme?post=7878"}],"curies":[{"name":"\u062f\u0628\u0644\u064a\u0648 \u0628\u064a","href":"https:\/\/api.w.org\/{rel}","templated":true}]}}

إنها ليست نهاية العالم! على الرغم من أن...

<p>Une Comédie déjantée que vous propose la <a href="https://mairie-montataire.fr/ar/%d8%a7%d9%84%d8%af%d9%84%d8%a7%d8%a6%d9%84/%d8%a7%d9%84%d8%ac%d9%85%d8%b9%d9%8a%d8%a7%d8%aa-2/%d8%a7%d9%84%d8%ab%d9%82%d8%a7%d9%81%d8%a9-%d9%88%d8%a7%d9%84%d8%aa%d8%b1%d9%81%d9%8a%d9%87/%d9%83%d9%88%d9%85%d8%a8%d8%a7%d9%86%d9%8a-%d9%85%d8%b3%d8%b1%d8%ad-%d9%81%d9%88%d9%86%d8%a7%d9%85%d8%a8%d9%88%d9%84%d8%b2/">Cie théâtrale Funambules</a> من مونتاتير </p>



<p>Réservée à un public averti et surtout, ouvert d’esprit !</p>



<div style="height:100px" aria-hidden="true" class="wp-block-spacer"></div>



<div class="wp-block-uagb-image aligncenter uagb-block-a03c572a wp-block-uagb-image--layout-default wp-block-uagb-image--effect-static wp-block-uagb-image--align-center"><figure class="wp-block-uagb-image__figure"><img decoding="async" srcset="https://mairie-montataire.fr/app/uploads/2026/04/SpectAssosFunambule-724x1024.jpg ,https://mairie-montataire.fr/app/uploads/2026/04/SpectAssosFunambule.jpg 780w, https://mairie-montataire.fr/app/uploads/2026/04/SpectAssosFunambule.jpg 360w" sizes="auto, (max-width: 480px) 150px" src="https://mairie-montataire.fr/app/uploads/2026/04/SpectAssosFunambule-724x1024.jpg" alt="" class="uag-image-7879" width="724" height="1024" title="SpectAssosFunambule" loading="lazy" role="img"/></figure></div>

Une Comédie déjantée que vous propose la Cie théâtrale Funambules de Montataire ! Réservée à un public averti et surtout, ouvert d’esprit !

دبليو بي
