{"id":7777,"date":"2026-04-03T11:39:05","date_gmt":"2026-04-03T11:39:05","guid":{"rendered":"https:\/\/mairie-montataire.fr\/?post_type=event&#038;p=7777"},"modified":"2026-04-03T11:39:06","modified_gmt":"2026-04-03T11:39:06","slug":"%d8%b3%d9%8a%d9%83%d9%88%d9%86-%d9%87%d9%86%d8%a7%d9%83-%d8%a8%d8%b9%d8%b6-%d8%a7%d9%84%d8%b1%d9%8a%d8%a7%d8%b6%d8%a9-%d9%81%d9%8a-%d9%85%d9%86%d8%b7%d9%82%d8%a9-%d9%85%d8%a7%d8%b1%d8%aa%d9%8a%d9%86","status":"publish","type":"event","link":"https:\/\/mairie-montataire.fr\/ar\/agenda\/evenement\/il-va-y-avoir-du-sport-dans-le-quartier-des-martinets\/","title":{"rendered":"\u0633\u064a\u0643\u0648\u0646 \u0647\u0646\u0627\u0643 \u0628\u0639\u0636 \u0627\u0644\u0631\u064a\u0627\u0636\u0629 \u0641\u064a \u0645\u0646\u0637\u0642\u0629 \u0645\u0627\u0631\u062a\u064a\u0646\u064a\u062a\u0633!"},"content":{"rendered":"<p>\u062a\u0645 \u062a\u0631\u0645\u064a\u0645 \u0645\u0644\u0639\u0628 \u0627\u0644\u0645\u062f\u064a\u0646\u0629 \u0623\u062b\u0646\u0627\u0621 \u0627\u0644\u0639\u0645\u0644 \u0641\u064a \u0627\u0644\u0642\u0637\u0627\u0639 1 \u0643\u062c\u0632\u0621 \u0645\u0646 \u0627\u0644\u0628\u0631\u0646\u0627\u0645\u062c \u0627\u0644\u0648\u0637\u0646\u064a \u0644\u0644\u0631\u064a\u0627\u0636\u0629 \u0644\u0644\u062c\u0645\u064a\u0639\u060c \u0648\u0647\u0648 \u0627\u0644\u0622\u0646 \u062c\u0627\u0647\u0632 \u0644\u0644\u0627\u0633\u062a\u062b\u0645\u0627\u0631! \u0648\u0642\u062f \u0648\u0636\u0639\u062a \u0627\u0644\u0645\u062f\u064a\u0646\u0629 \u0648\u0627\u0644\u062c\u0645\u0639\u064a\u0627\u062a \u0627\u0644\u0631\u064a\u0627\u0636\u064a\u0629 \u0627\u0644\u062a\u0627\u0628\u0639\u0629 \u0644\u0647\u0627 \u0628\u0631\u0646\u0627\u0645\u062c\u0627\u064b \u0644\u0645\u0633\u0627\u0639\u062f\u062a\u0643 \u0641\u064a \u0627\u0633\u062a\u062b\u0645\u0627\u0631\u0647. <\/p>\n\n\n\n<div class=\"wp-block-columns is-layout-flex wp-container-core-columns-is-layout-9d6595d7 wp-block-columns-is-layout-flex\">\n<div class=\"wp-block-column is-layout-flow wp-block-column-is-layout-flow\">\n<p class=\"has-text-align-center\"><strong><mark style=\"background-color:rgba(0, 0, 0, 0)\" class=\"has-inline-color has-primary-400-color\">\u0627\u0644\u062b\u0644\u0627\u062b\u0627\u0621 14 \u0646\u064a\u0633\u0627\u0646\/\u0623\u0628\u0631\u064a\u0644<\/mark><\/strong><\/p>\n\n\n\n<p><strong>13h30 -<\/strong> \u0628\u0637\u0648\u0644\u0629 \u0643\u0631\u0629 \u0627\u0644\u0633\u0644\u0629 \u0645\u0639 <a href=\"https:\/\/mairie-montataire.fr\/ar\/%d8%a7%d9%84%d8%af%d9%84%d8%a7%d8%a6%d9%84\/%d8%a7%d9%84%d8%ac%d9%85%d8%b9%d9%8a%d8%a7%d8%aa-2\/%d8%a7%d9%84%d8%b1%d9%8a%d8%a7%d8%b6%d8%a9\/%d9%85%d9%88%d9%86%d8%aa%d8%a7%d8%aa%d8%a7%d9%8a%d8%b1-%d9%83%d8%b1%d8%a9-%d8%a7%d9%84%d8%b3%d9%84%d8%a9-%d9%85%d9%88%d9%86%d8%aa%d8%a7%d9%86%d8%a7%d9%8a%d8%b1\/\">\u0645\u0648\u0646\u062a\u0627\u062a\u064a\u0631 \u0646\u0627\u0633\u0643\u064a\u062a-\u0628\u0648\u0644<\/a><\/p>\n\n\n\n<p><strong>17h -<\/strong> \u0639\u0631\u0636 \u0631\u0642\u0635 \u062a\u062c\u0631\u064a\u0628\u064a \u0645\u0639\u2019<a href=\"https:\/\/mairie-montataire.fr\/ar\/%d8%a7%d9%84%d8%af%d9%84%d8%a7%d8%a6%d9%84\/%d8%a7%d9%84%d8%ac%d9%85%d8%b9%d9%8a%d8%a7%d8%aa-2\/%d8%a7%d9%84%d8%b1%d9%8a%d8%a7%d8%b6%d8%a9\/%d8%ac%d9%85%d8%b9%d9%8a%d8%a9-%d8%a7%d9%84%d8%b1%d9%82%d8%b5-%d9%81%d9%8a-%d9%85%d9%88%d9%86%d8%aa%d8%a7%d8%aa%d9%8a%d8%b1-adm\/\">\u062c\u0645\u0639\u064a\u0629 \u0627\u0644\u0631\u0642\u0635 \u0641\u064a \u0645\u0648\u0646\u062a\u0627\u062a\u064a\u0631<\/a><\/p>\n<\/div>\n\n\n\n<div class=\"wp-block-column is-layout-flow wp-block-column-is-layout-flow\">\n<p class=\"has-text-align-center\"><strong><mark style=\"background-color:rgba(0, 0, 0, 0)\" class=\"has-inline-color has-primary-400-color\">\u0627\u0644\u0623\u0631\u0628\u0639\u0627\u0621 15 \u0646\u064a\u0633\u0627\u0646\/\u0623\u0628\u0631\u064a\u0644<\/mark><\/strong><\/p>\n\n\n\n<p><strong>13h30 -<\/strong> \u0628\u0637\u0648\u0644\u0629 \u0628\u064a\u0643\u0644 \u0628\u0648\u0644 \u0645\u0639 <a href=\"https:\/\/mairie-montataire.fr\/ar\/%d8%a7%d9%84%d8%af%d9%84%d8%a7%d8%a6%d9%84\/%d8%a7%d9%84%d8%ac%d9%85%d8%b9%d9%8a%d8%a7%d8%aa-2\/%d8%a7%d9%84%d8%b1%d9%8a%d8%a7%d8%b6%d8%a9\/%d9%86%d8%a7%d8%af%d9%8a-%d9%85%d9%88%d9%86%d8%aa%d8%a7%d8%aa%d9%8a%d8%b1-%d9%84%d9%84%d8%aa%d9%86%d8%b3\/\">\u0646\u0627\u062f\u064a \u0645\u0648\u0646\u062a\u0627\u062a\u064a\u0631 \u0644\u0644\u062a\u0646\u0633<\/a><\/p>\n<\/div>\n<\/div>\n\n\n\n<div class=\"wp-block-columns is-layout-flex wp-container-core-columns-is-layout-9d6595d7 wp-block-columns-is-layout-flex\">\n<div class=\"wp-block-column is-layout-flow wp-block-column-is-layout-flow\">\n<p class=\"has-text-align-center\"><strong><mark style=\"background-color:rgba(0, 0, 0, 0)\" class=\"has-inline-color has-primary-400-color\">\u0627\u0644\u062e\u0645\u064a\u0633 16 \u0646\u064a\u0633\u0627\u0646\/\u0623\u0628\u0631\u064a\u0644<\/mark><\/strong><\/p>\n\n\n\n<p><strong>13h30 -<\/strong> \u0628\u0637\u0648\u0644\u0629 \u0643\u0631\u0629 \u0627\u0644\u0642\u062f\u0645 \u0645\u0639 <a href=\"https:\/\/mairie-montataire.fr\/ar\/%d8%a7%d9%84%d8%af%d9%84%d8%a7%d8%a6%d9%84\/%d8%a7%d9%84%d8%ac%d9%85%d8%b9%d9%8a%d8%a7%d8%aa-2\/%d8%a7%d9%84%d8%b1%d9%8a%d8%a7%d8%b6%d8%a9\/%d9%86%d8%a7%d8%af%d9%8a-%d9%83%d8%b1%d8%a9-%d8%a7%d9%84%d9%82%d8%af%d9%85-%d8%a7%d9%84%d9%82%d9%8a%d8%a7%d8%b3%d9%8a-%d9%85%d9%88%d9%86%d8%aa%d8%a7%d8%aa%d9%8a%d8%b1\/\">\u0633\u062a\u0627\u0646\u062f\u0631\u062f \u0625\u0641 \u0633\u064a \u0645\u0648\u0646\u062a\u0627\u062a\u064a\u0631<\/a><br><em>(\u0633\u062c\u0644 \u0641\u064a \u0627\u0644\u064a\u0648\u0645 \u0627\u0644\u0633\u0627\u0628\u0642)<\/em><\/p>\n\n\n\n<p><strong>17h -<\/strong> \u0628\u062f\u0621 \u0639\u0631\u0636 \u0627\u0644\u0647\u064a\u0628 \u0647\u0648\u0628 \u0648\u0627\u0633\u062a\u0639\u0631\u0627\u0636\u0647<\/p>\n<\/div>\n\n\n\n<div class=\"wp-block-column is-layout-flow wp-block-column-is-layout-flow\">\n<p class=\"has-text-align-center\"><strong><mark style=\"background-color:rgba(0, 0, 0, 0)\" class=\"has-inline-color has-primary-400-color\">\u0627\u0644\u062c\u0645\u0639\u0629 17 \u0646\u064a\u0633\u0627\u0646\/\u0623\u0628\u0631\u064a\u0644<\/mark><\/strong><\/p>\n\n\n\n<p><strong>13h30 -<\/strong> \u0628\u062f\u0621 \u062f\u0631\u0627\u062c\u0629 \u0628\u064a \u0625\u0645 \u0625\u0643\u0633<\/p>\n<\/div>\n<\/div>\n\n\n\n<div style=\"height:57px\" aria-hidden=\"true\" class=\"wp-block-spacer\"><\/div>\n\n\n\n<div class=\"wp-block-uagb-image uagb-block-0e415fbc wp-block-uagb-image--layout-default wp-block-uagb-image--effect-static wp-block-uagb-image--align-none\"><figure class=\"wp-block-uagb-image__figure\"><img decoding=\"async\" srcset=\"https:\/\/mairie-montataire.fr\/app\/uploads\/2026\/04\/Affiche-Semaine-sportive-V2-724x1024.png ,https:\/\/mairie-montataire.fr\/app\/uploads\/2026\/04\/Affiche-Semaine-sportive-V2-scaled.png 780w, https:\/\/mairie-montataire.fr\/app\/uploads\/2026\/04\/Affiche-Semaine-sportive-V2-scaled.png 360w\" sizes=\"auto, (max-width: 480px) 150px\" src=\"https:\/\/mairie-montataire.fr\/app\/uploads\/2026\/04\/Affiche-Semaine-sportive-V2-724x1024.png\" alt=\"\" class=\"uag-image-7778\" width=\"724\" height=\"1024\" title=\"\u0645\u0644\u0635\u0642 \u0627\u0644\u0623\u0633\u0628\u0648\u0639 \u0627\u0644\u0631\u064a\u0627\u0636\u064a V2\" loading=\"lazy\" role=\"img\"\/><\/figure><\/div>","protected":false},"featured_media":7779,"parent":0,"template":"","meta":{"_acf_changed":true,"_uag_custom_page_level_css":""},"event-theme":[88],"class_list":["post-7777","event","type-event","status-publish","has-post-thumbnail","hentry","event-theme-evenement"],"acf":[],"uagb_featured_image_src":{"full":["https:\/\/mairie-montataire.fr\/app\/uploads\/2026\/04\/Agenda_semainesportive.jpg",450,335,false],"thumbnail":["https:\/\/mairie-montataire.fr\/app\/uploads\/2026\/04\/Agenda_semainesportive-150x150.jpg",150,150,true],"medium":["https:\/\/mairie-montataire.fr\/app\/uploads\/2026\/04\/Agenda_semainesportive-300x223.jpg",300,223,true],"medium_large":["https:\/\/mairie-montataire.fr\/app\/uploads\/2026\/04\/Agenda_semainesportive.jpg",450,335,false],"large":["https:\/\/mairie-montataire.fr\/app\/uploads\/2026\/04\/Agenda_semainesportive.jpg",450,335,false],"1536x1536":["https:\/\/mairie-montataire.fr\/app\/uploads\/2026\/04\/Agenda_semainesportive.jpg",450,335,false],"2048x2048":["https:\/\/mairie-montataire.fr\/app\/uploads\/2026\/04\/Agenda_semainesportive.jpg",450,335,false],"trp-custom-language-flag":["https:\/\/mairie-montataire.fr\/app\/uploads\/2026\/04\/Agenda_semainesportive-16x12.jpg",16,12,true],"gform-image-choice-sm":["https:\/\/mairie-montataire.fr\/app\/uploads\/2026\/04\/Agenda_semainesportive.jpg",300,223,false],"gform-image-choice-md":["https:\/\/mairie-montataire.fr\/app\/uploads\/2026\/04\/Agenda_semainesportive.jpg",400,298,false],"gform-image-choice-lg":["https:\/\/mairie-montataire.fr\/app\/uploads\/2026\/04\/Agenda_semainesportive.jpg",450,335,false]},"uagb_author_info":{"display_name":"Laure Pubert","author_link":"https:\/\/mairie-montataire.fr\/ar\/actualites\/author\/"},"uagb_comment_info":0,"uagb_excerpt":"Le city-stade ayant \u00e9t\u00e9 r\u00e9nov\u00e9 au moment des travaux du secteur 1 dans le cadre du NPNRU, il est aujourd&rsquo;hui \u00e0 investir ! La ville et les associations sportives vous proposent tout un programme pour le faire vivre avec vous et pour que vous puissiez vous l&rsquo;approprier. Mardi 14 Avril 13h30 &#8211; Tournoi basket avec&hellip;","_links":{"self":[{"href":"https:\/\/mairie-montataire.fr\/ar\/wp-json\/wp\/v2\/event\/7777","targetHints":{"allow":["GET"]}}],"collection":[{"href":"https:\/\/mairie-montataire.fr\/ar\/wp-json\/wp\/v2\/event"}],"about":[{"href":"https:\/\/mairie-montataire.fr\/ar\/wp-json\/wp\/v2\/types\/event"}],"wp:featuredmedia":[{"embeddable":true,"href":"https:\/\/mairie-montataire.fr\/ar\/wp-json\/wp\/v2\/media\/7779"}],"wp:attachment":[{"href":"https:\/\/mairie-montataire.fr\/ar\/wp-json\/wp\/v2\/media?parent=7777"}],"wp:term":[{"taxonomy":"event-theme","embeddable":true,"href":"https:\/\/mairie-montataire.fr\/ar\/wp-json\/wp\/v2\/event-theme?post=7777"}],"curies":[{"name":"\u062f\u0628\u0644\u064a\u0648 \u0628\u064a","href":"https:\/\/api.w.org\/{rel}","templated":true}]}}

سيكون هناك بعض الرياضة في منطقة مارتينيتس!

<p>تم ترميم ملعب المدينة أثناء العمل في القطاع 1 كجزء من البرنامج الوطني للرياضة للجميع، وهو الآن جاهز للاستثمار! وقد وضعت المدينة والجمعيات الرياضية التابعة لها برنامجاً لمساعدتك في استثماره. </p>



<div class="wp-block-columns is-layout-flex wp-container-core-columns-is-layout-9d6595d7 wp-block-columns-is-layout-flex">
<div class="wp-block-column is-layout-flow wp-block-column-is-layout-flow">
<p class="has-text-align-center"><strong><mark style="background-color:rgba(0, 0, 0, 0)" class="has-inline-color has-primary-400-color">الثلاثاء 14 نيسان/أبريل</mark></strong></p>



<p><strong>13h30 -</strong> بطولة كرة السلة مع <a href="https://mairie-montataire.fr/ar/%d8%a7%d9%84%d8%af%d9%84%d8%a7%d8%a6%d9%84/%d8%a7%d9%84%d8%ac%d9%85%d8%b9%d9%8a%d8%a7%d8%aa-2/%d8%a7%d9%84%d8%b1%d9%8a%d8%a7%d8%b6%d8%a9/%d9%85%d9%88%d9%86%d8%aa%d8%a7%d8%aa%d8%a7%d9%8a%d8%b1-%d9%83%d8%b1%d8%a9-%d8%a7%d9%84%d8%b3%d9%84%d8%a9-%d9%85%d9%88%d9%86%d8%aa%d8%a7%d9%86%d8%a7%d9%8a%d8%b1/">مونتاتير ناسكيت-بول</a></p>



<p><strong>17h -</strong> عرض رقص تجريبي مع’<a href="https://mairie-montataire.fr/ar/%d8%a7%d9%84%d8%af%d9%84%d8%a7%d8%a6%d9%84/%d8%a7%d9%84%d8%ac%d9%85%d8%b9%d9%8a%d8%a7%d8%aa-2/%d8%a7%d9%84%d8%b1%d9%8a%d8%a7%d8%b6%d8%a9/%d8%ac%d9%85%d8%b9%d9%8a%d8%a9-%d8%a7%d9%84%d8%b1%d9%82%d8%b5-%d9%81%d9%8a-%d9%85%d9%88%d9%86%d8%aa%d8%a7%d8%aa%d9%8a%d8%b1-adm/">جمعية الرقص في مونتاتير</a></p>
</div>



<div class="wp-block-column is-layout-flow wp-block-column-is-layout-flow">
<p class="has-text-align-center"><strong><mark style="background-color:rgba(0, 0, 0, 0)" class="has-inline-color has-primary-400-color">الأربعاء 15 نيسان/أبريل</mark></strong></p>



<p><strong>13h30 -</strong> بطولة بيكل بول مع <a href="https://mairie-montataire.fr/ar/%d8%a7%d9%84%d8%af%d9%84%d8%a7%d8%a6%d9%84/%d8%a7%d9%84%d8%ac%d9%85%d8%b9%d9%8a%d8%a7%d8%aa-2/%d8%a7%d9%84%d8%b1%d9%8a%d8%a7%d8%b6%d8%a9/%d9%86%d8%a7%d8%af%d9%8a-%d9%85%d9%88%d9%86%d8%aa%d8%a7%d8%aa%d9%8a%d8%b1-%d9%84%d9%84%d8%aa%d9%86%d8%b3/">نادي مونتاتير للتنس</a></p>
</div>
</div>



<div class="wp-block-columns is-layout-flex wp-container-core-columns-is-layout-9d6595d7 wp-block-columns-is-layout-flex">
<div class="wp-block-column is-layout-flow wp-block-column-is-layout-flow">
<p class="has-text-align-center"><strong><mark style="background-color:rgba(0, 0, 0, 0)" class="has-inline-color has-primary-400-color">الخميس 16 نيسان/أبريل</mark></strong></p>



<p><strong>13h30 -</strong> بطولة كرة القدم مع <a href="https://mairie-montataire.fr/ar/%d8%a7%d9%84%d8%af%d9%84%d8%a7%d8%a6%d9%84/%d8%a7%d9%84%d8%ac%d9%85%d8%b9%d9%8a%d8%a7%d8%aa-2/%d8%a7%d9%84%d8%b1%d9%8a%d8%a7%d8%b6%d8%a9/%d9%86%d8%a7%d8%af%d9%8a-%d9%83%d8%b1%d8%a9-%d8%a7%d9%84%d9%82%d8%af%d9%85-%d8%a7%d9%84%d9%82%d9%8a%d8%a7%d8%b3%d9%8a-%d9%85%d9%88%d9%86%d8%aa%d8%a7%d8%aa%d9%8a%d8%b1/">ستاندرد إف سي مونتاتير</a><br><em>(سجل في اليوم السابق)</em></p>



<p><strong>17h -</strong> بدء عرض الهيب هوب واستعراضه</p>
</div>



<div class="wp-block-column is-layout-flow wp-block-column-is-layout-flow">
<p class="has-text-align-center"><strong><mark style="background-color:rgba(0, 0, 0, 0)" class="has-inline-color has-primary-400-color">الجمعة 17 نيسان/أبريل</mark></strong></p>



<p><strong>13h30 -</strong> بدء دراجة بي إم إكس</p>
</div>
</div>



<div style="height:57px" aria-hidden="true" class="wp-block-spacer"></div>



<div class="wp-block-uagb-image uagb-block-0e415fbc wp-block-uagb-image--layout-default wp-block-uagb-image--effect-static wp-block-uagb-image--align-none"><figure class="wp-block-uagb-image__figure"><img decoding="async" srcset="https://mairie-montataire.fr/app/uploads/2026/04/Affiche-Semaine-sportive-V2-724x1024.png ,https://mairie-montataire.fr/app/uploads/2026/04/Affiche-Semaine-sportive-V2-scaled.png 780w, https://mairie-montataire.fr/app/uploads/2026/04/Affiche-Semaine-sportive-V2-scaled.png 360w" sizes="auto, (max-width: 480px) 150px" src="https://mairie-montataire.fr/app/uploads/2026/04/Affiche-Semaine-sportive-V2-724x1024.png" alt="" class="uag-image-7778" width="724" height="1024" title="ملصق الأسبوع الرياضي V2" loading="lazy" role="img"/></figure></div>

Le city-stade ayant été rénové au moment des travaux du secteur 1 dans le cadre du NPNRU, il est aujourd&rsquo;hui à investir ! La ville et les associations sportives vous proposent tout un programme pour le faire vivre avec vous et pour que vous puissiez vous l&rsquo;approprier. Mardi 14 Avril 13h30 &#8211; Tournoi basket avec&hellip;

دبليو بي
