{"id":7698,"date":"2026-03-18T08:08:00","date_gmt":"2026-03-18T08:08:00","guid":{"rendered":"https:\/\/mairie-montataire.fr\/?post_type=event&#038;p=7698"},"modified":"2026-03-17T15:17:22","modified_gmt":"2026-03-17T15:17:22","slug":"%d9%86%d8%b2%d9%87%d8%a9-%d8%ae%d8%b6%d8%b1%d8%a7%d8%a1","status":"publish","type":"event","link":"https:\/\/mairie-montataire.fr\/ar\/agenda\/rencontres\/marche-verte\/","title":{"rendered":"\u0627\u0644\u0645\u0645\u0634\u0649 \u0627\u0644\u0623\u062e\u0636\u0631"},"content":{"rendered":"<p><strong>\u0644\u0627 <a href=\"https:\/\/www.sahlm60.com\/\" target=\"_blank\" rel=\"noreferrer noopener\">S.A. HLM<\/a>, \u0628\u0627\u0644\u062a\u0639\u0627\u0648\u0646 \u0645\u0639 \u0627\u0644\u0628\u0644\u062f\u0629\u060c \u0628\u062a\u0646\u0638\u064a\u0645 \u0645\u0633\u064a\u0631\u0629 \u062e\u0636\u0631\u0627\u0621 \u0641\u064a \u0627\u0644\u062d\u064a \u0648\u0628\u064a\u0646 \u0627\u0644\u062c\u064a\u0631\u0627\u0646 \u064a\u0648\u0645 \u0627\u0644\u0623\u0631\u0628\u0639\u0627\u0621 1 \u064a\u0648\u0644\u064a\u0648.<sup>\u0625\u064a\u0647<\/sup> \u0623\u0628\u0631\u064a\u0644 \u0645\u0646 \u0627\u0644\u0633\u0627\u0639\u0629 2 \u0645\u0633\u0627\u0621\u064b \u0625\u0644\u0649 \u0627\u0644\u0633\u0627\u0639\u0629 4 \u0645\u0633\u0627\u0621\u064b. \u0646\u0644\u062a\u0642\u064a \u0641\u064a 38\u060c \u0634\u0627\u0631\u0639 \u0627\u0644\u0643\u0648\u0644\u0648\u0646\u064a\u0644 \u0641\u0627\u0628\u064a\u0627\u0646. \u0639\u0645\u0644 \u064a\u0648\u0645\u064a \u0645\u0646 \u0623\u062c\u0644 \u0643\u0648\u0643\u0628\u0646\u0627!<\/strong><\/p>\n\n\n\n<p>\u0625\u0646\u0647\u0627 \u0637\u0631\u064a\u0642\u0629 \u0645\u0645\u062a\u0639\u0629 \u0644\u0644\u0639\u0646\u0627\u064a\u0629 \u0628\u0628\u064a\u0626\u062a\u0646\u0627 \u0645\u0639\u0627\u064b. \u0628\u0639\u062f \u0627\u0644\u0645\u0633\u064a\u0631\u0629\u060c \u064a\u0645\u0643\u0646 \u0644\u0644\u0623\u0637\u0641\u0627\u0644 \u0627\u0644\u0645\u0634\u0627\u0631\u0643\u0629 \u0641\u064a \u0645\u0633\u0627\u0628\u0642\u0629 \u0631\u0633\u0645 \u062d\u0648\u0644 \u0645\u0648\u0636\u0648\u0639 \u0627\u0644\u0637\u0628\u064a\u0639\u0629. \u0633\u064a\u062a\u0645 \u062a\u0642\u062f\u064a\u0645 \u0647\u062f\u064a\u0629 \u0644\u0644\u0641\u0627\u0626\u0632.<\/p>\n\n\n\n<div class=\"wp-block-uagb-image aligncenter uagb-block-66c74181 wp-block-uagb-image--layout-default wp-block-uagb-image--effect-static wp-block-uagb-image--align-center\"><figure class=\"wp-block-uagb-image__figure\"><img decoding=\"async\" srcset=\"https:\/\/mairie-montataire.fr\/app\/uploads\/2026\/03\/affiche-marche-verte-724x1024.png ,https:\/\/mairie-montataire.fr\/app\/uploads\/2026\/03\/affiche-marche-verte-scaled.png 780w, https:\/\/mairie-montataire.fr\/app\/uploads\/2026\/03\/affiche-marche-verte-scaled.png 360w\" sizes=\"auto, (max-width: 480px) 150px\" src=\"https:\/\/mairie-montataire.fr\/app\/uploads\/2026\/03\/affiche-marche-verte-724x1024.png\" alt=\"\" class=\"uag-image-7700\" width=\"724\" height=\"1024\" title=\"\u0645\u0644\u0635\u0642 \u0627\u0644\u0645\u0633\u064a\u0631\u0629 \u0627\u0644\u062e\u0636\u0631\u0627\u0621\" loading=\"lazy\" role=\"img\"\/><\/figure><\/div>","protected":false},"featured_media":7699,"parent":0,"template":"","meta":{"_acf_changed":true,"_uag_custom_page_level_css":""},"event-theme":[78],"class_list":["post-7698","event","type-event","status-publish","has-post-thumbnail","hentry","event-theme-rencontres"],"acf":[],"uagb_featured_image_src":{"full":["https:\/\/mairie-montataire.fr\/app\/uploads\/2026\/03\/Actu_MarcheVerteSAHLM.jpg",450,335,false],"thumbnail":["https:\/\/mairie-montataire.fr\/app\/uploads\/2026\/03\/Actu_MarcheVerteSAHLM-150x150.jpg",150,150,true],"medium":["https:\/\/mairie-montataire.fr\/app\/uploads\/2026\/03\/Actu_MarcheVerteSAHLM-300x223.jpg",300,223,true],"medium_large":["https:\/\/mairie-montataire.fr\/app\/uploads\/2026\/03\/Actu_MarcheVerteSAHLM.jpg",450,335,false],"large":["https:\/\/mairie-montataire.fr\/app\/uploads\/2026\/03\/Actu_MarcheVerteSAHLM.jpg",450,335,false],"1536x1536":["https:\/\/mairie-montataire.fr\/app\/uploads\/2026\/03\/Actu_MarcheVerteSAHLM.jpg",450,335,false],"2048x2048":["https:\/\/mairie-montataire.fr\/app\/uploads\/2026\/03\/Actu_MarcheVerteSAHLM.jpg",450,335,false],"trp-custom-language-flag":["https:\/\/mairie-montataire.fr\/app\/uploads\/2026\/03\/Actu_MarcheVerteSAHLM-16x12.jpg",16,12,true],"gform-image-choice-sm":["https:\/\/mairie-montataire.fr\/app\/uploads\/2026\/03\/Actu_MarcheVerteSAHLM.jpg",300,223,false],"gform-image-choice-md":["https:\/\/mairie-montataire.fr\/app\/uploads\/2026\/03\/Actu_MarcheVerteSAHLM.jpg",400,298,false],"gform-image-choice-lg":["https:\/\/mairie-montataire.fr\/app\/uploads\/2026\/03\/Actu_MarcheVerteSAHLM.jpg",450,335,false]},"uagb_author_info":{"display_name":"Laure Pubert","author_link":"https:\/\/mairie-montataire.fr\/ar\/actualites\/author\/"},"uagb_comment_info":0,"uagb_excerpt":"La S.A. HLM, en association avec la ville, vous propose une marche verte dans le quartier et entre voisins, le mercredi 1er avril de 14h \u00e0 16h. Rendez-vous au 38, rue du Colonel Fabien. Agir au quotidien pour notre plan\u00e8te ! Un moment convivial pour prendre soin du cadre de vie, ensemble. Apr\u00e8s la marche,&hellip;","_links":{"self":[{"href":"https:\/\/mairie-montataire.fr\/ar\/wp-json\/wp\/v2\/event\/7698","targetHints":{"allow":["GET"]}}],"collection":[{"href":"https:\/\/mairie-montataire.fr\/ar\/wp-json\/wp\/v2\/event"}],"about":[{"href":"https:\/\/mairie-montataire.fr\/ar\/wp-json\/wp\/v2\/types\/event"}],"wp:featuredmedia":[{"embeddable":true,"href":"https:\/\/mairie-montataire.fr\/ar\/wp-json\/wp\/v2\/media\/7699"}],"wp:attachment":[{"href":"https:\/\/mairie-montataire.fr\/ar\/wp-json\/wp\/v2\/media?parent=7698"}],"wp:term":[{"taxonomy":"event-theme","embeddable":true,"href":"https:\/\/mairie-montataire.fr\/ar\/wp-json\/wp\/v2\/event-theme?post=7698"}],"curies":[{"name":"\u062f\u0628\u0644\u064a\u0648 \u0628\u064a","href":"https:\/\/api.w.org\/{rel}","templated":true}]}}

الممشى الأخضر

<p><strong>لا <a href="https://www.sahlm60.com/" target="_blank" rel="noreferrer noopener">S.A. HLM</a>, بالتعاون مع البلدة، بتنظيم مسيرة خضراء في الحي وبين الجيران يوم الأربعاء 1 يوليو.<sup>إيه</sup> أبريل من الساعة 2 مساءً إلى الساعة 4 مساءً. نلتقي في 38، شارع الكولونيل فابيان. عمل يومي من أجل كوكبنا!</strong></p>



<p>إنها طريقة ممتعة للعناية ببيئتنا معاً. بعد المسيرة، يمكن للأطفال المشاركة في مسابقة رسم حول موضوع الطبيعة. سيتم تقديم هدية للفائز.</p>



<div class="wp-block-uagb-image aligncenter uagb-block-66c74181 wp-block-uagb-image--layout-default wp-block-uagb-image--effect-static wp-block-uagb-image--align-center"><figure class="wp-block-uagb-image__figure"><img decoding="async" srcset="https://mairie-montataire.fr/app/uploads/2026/03/affiche-marche-verte-724x1024.png ,https://mairie-montataire.fr/app/uploads/2026/03/affiche-marche-verte-scaled.png 780w, https://mairie-montataire.fr/app/uploads/2026/03/affiche-marche-verte-scaled.png 360w" sizes="auto, (max-width: 480px) 150px" src="https://mairie-montataire.fr/app/uploads/2026/03/affiche-marche-verte-724x1024.png" alt="" class="uag-image-7700" width="724" height="1024" title="ملصق المسيرة الخضراء" loading="lazy" role="img"/></figure></div>

La S.A. HLM, en association avec la ville, vous propose une marche verte dans le quartier et entre voisins, le mercredi 1er avril de 14h à 16h. Rendez-vous au 38, rue du Colonel Fabien. Agir au quotidien pour notre planète ! Un moment convivial pour prendre soin du cadre de vie, ensemble. Après la marche,&hellip;

دبليو بي
