{"id":7683,"date":"2026-03-17T09:05:05","date_gmt":"2026-03-17T09:05:05","guid":{"rendered":"https:\/\/mairie-montataire.fr\/?post_type=event&#038;p=7683"},"modified":"2026-03-17T09:15:42","modified_gmt":"2026-03-17T09:15:42","slug":"%d8%a7%d9%84%d8%a7%d8%ac%d8%aa%d9%85%d8%a7%d8%b9-%d8%a7%d9%84%d8%a7%d9%81%d8%aa%d8%aa%d8%a7%d8%ad%d9%8a-%d9%84%d9%85%d8%ac%d9%84%d8%b3-%d8%a7%d9%84%d9%85%d8%af%d9%8a%d9%86%d8%a9-%d8%a7%d9%84%d8%ac","status":"publish","type":"event","link":"https:\/\/mairie-montataire.fr\/ar\/agenda\/information\/seance-dinstallation-du-nouveau-conseil-municipal\/","title":{"rendered":"\u062a\u0646\u0635\u064a\u0628 \u0627\u0644\u0645\u062c\u0644\u0633 \u0627\u0644\u0628\u0644\u062f\u064a \u0627\u0644\u062c\u062f\u064a\u062f"},"content":{"rendered":"<p>\u0628\u0639\u062f \u0627\u0644\u0627\u0646\u062a\u062e\u0627\u0628\u0627\u062a \u0627\u0644\u0628\u0644\u062f\u064a\u0629 \u0627\u0644\u062a\u064a \u062c\u0631\u062a \u0641\u064a 15 \u0645\u0627\u0631\u0633\/\u0622\u0630\u0627\u0631\u060c \u0648\u0627\u0644\u062a\u064a \u0627\u0646\u062a\u062e\u0628\u062a \u0641\u064a\u0647\u0627 \u0642\u0627\u0626\u0645\u0629 \u00ab\u0633\u064a\u062a\u064a\u0648\u064a\u0646.\u0646.\u0646.\u0633 \u0631\u0627\u0633\u0645\u0628\u0644\u064a.\u0625\u064a.\u0625\u0633 \u0628\u0648\u0631 \u0645\u0648\u0646\u062a\u0627\u062a\u064a\u0631\u00bb \u0628\u0642\u064a\u0627\u062f\u0629 \u062c\u0627\u0646 \u0628\u064a\u064a\u0631 \u0628\u0648\u0633\u064a\u0646\u0648 \u0628\u0640 77.591 \u062a3 \u0645\u0646 \u0627\u0644\u0623\u0635\u0648\u0627\u062a\u060c \u064a\u062c\u0628 \u062a\u0646\u0635\u064a\u0628 \u0645\u062c\u0644\u0633 \u0628\u0644\u062f\u064a \u062c\u062f\u064a\u062f.<\/p>\n\n\n\n<p>\u0633\u064a\u064f\u0639\u0642\u062f \u0627\u062c\u062a\u0645\u0627\u0639 \u0627\u0644\u0645\u062c\u0644\u0633 \u064a\u0648\u0645 \u0627\u0644\u0633\u0628\u062a 21 \u0645\u0627\u0631\u0633 \u0641\u064a \u0627\u0644\u0633\u0627\u0639\u0629 10:30 \u0635\u0628\u0627\u062d\u064b\u0627 \u0641\u064a \u0642\u0627\u0639\u0629 \u0627\u0644\u0645\u062c\u0644\u0633 \u0641\u064a \u0645\u0644\u062d\u0642 \u062f\u0627\u0631 \u0627\u0644\u0628\u0644\u062f\u064a\u0629\u060c 104 \u0634\u0627\u0631\u0639 \u062c\u0627\u0646 \u062c\u0648\u0631\u064a\u0633\u060c \u0645\u0648\u0646\u062a\u0627\u062a\u064a\u0631.<\/p>\n\n\n\n<p>\u0627\u062c\u062a\u0645\u0627\u0639\u0627\u062a \u0627\u0644\u0645\u062c\u0644\u0633 \u0645\u0641\u062a\u0648\u062d\u0629 \u0644\u0644\u062c\u0645\u0647\u0648\u0631. \u064a\u0645\u0643\u0646\u0643 \u0627\u0644\u062d\u0636\u0648\u0631 \u0634\u062e\u0635\u064a\u0627\u064b \u0623\u0648 \u0639\u0646 \u0637\u0631\u064a\u0642 <a href=\"https:\/\/www.facebook.com\/events\/24069696216060687\" target=\"_blank\" rel=\"noreferrer noopener\">\u0628\u062b \u0645\u0628\u0627\u0634\u0631 \u0639\u0644\u0649 \u0641\u064a\u0633\u0628\u0648\u0643<\/a> \u0639\u0644\u0649 <a href=\"https:\/\/www.facebook.com\/Montataire\" target=\"_blank\" rel=\"noreferrer noopener\">\u0635\u0641\u062d\u0629 \u0627\u0644\u0645\u062f\u064a\u0646\u0629<\/a>.<\/p>\n\n\n\n<p><\/p>","protected":false},"featured_media":7687,"parent":0,"template":"","meta":{"_acf_changed":true,"_uag_custom_page_level_css":""},"event-theme":[91],"class_list":["post-7683","event","type-event","status-publish","has-post-thumbnail","hentry","event-theme-information"],"acf":[],"uagb_featured_image_src":{"full":["https:\/\/mairie-montataire.fr\/app\/uploads\/2026\/03\/Agenda_Installationduconseilmunicipal.jpg",450,335,false],"thumbnail":["https:\/\/mairie-montataire.fr\/app\/uploads\/2026\/03\/Agenda_Installationduconseilmunicipal-150x150.jpg",150,150,true],"medium":["https:\/\/mairie-montataire.fr\/app\/uploads\/2026\/03\/Agenda_Installationduconseilmunicipal-300x223.jpg",300,223,true],"medium_large":["https:\/\/mairie-montataire.fr\/app\/uploads\/2026\/03\/Agenda_Installationduconseilmunicipal.jpg",450,335,false],"large":["https:\/\/mairie-montataire.fr\/app\/uploads\/2026\/03\/Agenda_Installationduconseilmunicipal.jpg",450,335,false],"1536x1536":["https:\/\/mairie-montataire.fr\/app\/uploads\/2026\/03\/Agenda_Installationduconseilmunicipal.jpg",450,335,false],"2048x2048":["https:\/\/mairie-montataire.fr\/app\/uploads\/2026\/03\/Agenda_Installationduconseilmunicipal.jpg",450,335,false],"trp-custom-language-flag":["https:\/\/mairie-montataire.fr\/app\/uploads\/2026\/03\/Agenda_Installationduconseilmunicipal-16x12.jpg",16,12,true],"gform-image-choice-sm":["https:\/\/mairie-montataire.fr\/app\/uploads\/2026\/03\/Agenda_Installationduconseilmunicipal.jpg",300,223,false],"gform-image-choice-md":["https:\/\/mairie-montataire.fr\/app\/uploads\/2026\/03\/Agenda_Installationduconseilmunicipal.jpg",400,298,false],"gform-image-choice-lg":["https:\/\/mairie-montataire.fr\/app\/uploads\/2026\/03\/Agenda_Installationduconseilmunicipal.jpg",450,335,false]},"uagb_author_info":{"display_name":"Laure Pubert","author_link":"https:\/\/mairie-montataire.fr\/ar\/actualites\/author\/"},"uagb_comment_info":0,"uagb_excerpt":"Suite aux \u00e9lections municipales du 15 mars dernier, o\u00f9 la liste \u00ab Citoyen.ne.s rassembl\u00e9.e.s pour Montataire \u00bb men\u00e9e par Jean-Pierre BOSINO a \u00e9t\u00e9 \u00e9lue \u00e0 77.59% des voix, un nouveau conseil municipal doit \u00eatre install\u00e9. La s\u00e9ance de ce conseil se tiendra le samedi 21 mars \u00e0 10h30 en salle du conseil, en mairie annexe,&hellip;","_links":{"self":[{"href":"https:\/\/mairie-montataire.fr\/ar\/wp-json\/wp\/v2\/event\/7683","targetHints":{"allow":["GET"]}}],"collection":[{"href":"https:\/\/mairie-montataire.fr\/ar\/wp-json\/wp\/v2\/event"}],"about":[{"href":"https:\/\/mairie-montataire.fr\/ar\/wp-json\/wp\/v2\/types\/event"}],"wp:featuredmedia":[{"embeddable":true,"href":"https:\/\/mairie-montataire.fr\/ar\/wp-json\/wp\/v2\/media\/7687"}],"wp:attachment":[{"href":"https:\/\/mairie-montataire.fr\/ar\/wp-json\/wp\/v2\/media?parent=7683"}],"wp:term":[{"taxonomy":"event-theme","embeddable":true,"href":"https:\/\/mairie-montataire.fr\/ar\/wp-json\/wp\/v2\/event-theme?post=7683"}],"curies":[{"name":"\u062f\u0628\u0644\u064a\u0648 \u0628\u064a","href":"https:\/\/api.w.org\/{rel}","templated":true}]}}

تنصيب المجلس البلدي الجديد

<p>بعد الانتخابات البلدية التي جرت في 15 مارس/آذار، والتي انتخبت فيها قائمة «سيتيوين.ن.ن.س راسمبلي.إي.إس بور مونتاتير» بقيادة جان بيير بوسينو بـ 77.591 ت3 من الأصوات، يجب تنصيب مجلس بلدي جديد.</p>



<p>سيُعقد اجتماع المجلس يوم السبت 21 مارس في الساعة 10:30 صباحًا في قاعة المجلس في ملحق دار البلدية، 104 شارع جان جوريس، مونتاتير.</p>



<p>اجتماعات المجلس مفتوحة للجمهور. يمكنك الحضور شخصياً أو عن طريق <a href="https://www.facebook.com/events/24069696216060687" target="_blank" rel="noreferrer noopener">بث مباشر على فيسبوك</a> على <a href="https://www.facebook.com/Montataire" target="_blank" rel="noreferrer noopener">صفحة المدينة</a>.</p>



<p></p>

Suite aux élections municipales du 15 mars dernier, où la liste « Citoyen.ne.s rassemblé.e.s pour Montataire » menée par Jean-Pierre BOSINO a été élue à 77.59% des voix, un nouveau conseil municipal doit être installé. La séance de ce conseil se tiendra le samedi 21 mars à 10h30 en salle du conseil, en mairie annexe,&hellip;

دبليو بي
