{"id":7536,"date":"2026-02-02T15:52:42","date_gmt":"2026-02-02T15:52:42","guid":{"rendered":"https:\/\/mairie-montataire.fr\/?post_type=event&#038;p=7536"},"modified":"2026-02-02T15:52:42","modified_gmt":"2026-02-02T15:52:42","slug":"%d8%aa%d9%88%d8%b2%d9%8a%d8%b9-%d8%a8%d8%b7%d8%a7%d9%82%d8%a7%d8%aa-%d8%a7%d9%84%d9%86%d8%b3%d8%a7%d8%a1-%d8%a7%d9%84%d9%85%d8%aa%d8%b6%d8%a7%d9%85%d9%86%d8%a7%d8%aa-%d9%88%d8%a7%d9%81%d8%aa%d8%aa","status":"publish","type":"event","link":"https:\/\/mairie-montataire.fr\/ar\/agenda\/vie-associative\/femmes-solidaires-remise-de-cartes-et-vernissage-dexposition\/","title":{"rendered":"\u0646\u0633\u0627\u0621 \u0645\u062a\u0636\u0627\u0645\u0646\u0627\u062a: \u062a\u0648\u0632\u064a\u0639 \u0627\u0644\u0628\u0637\u0627\u0642\u0627\u062a \u0648\u0645\u0639\u0627\u064a\u0646\u0629 \u0627\u0644\u0645\u0639\u0631\u0636"},"content":{"rendered":"<p>\u062a\u062f\u0639\u0648\u0643\u0645 \u062c\u0645\u0639\u064a\u0629 \u0627\u0644\u0646\u0633\u0627\u0621 \u0627\u0644\u0645\u062a\u0636\u0627\u0645\u0646\u0627\u062a \u0644\u062d\u0636\u0648\u0631 \u0639\u0631\u0636 \u0628\u0637\u0627\u0642\u0627\u062a 2026 \u0648\u0627\u0641\u062a\u062a\u0627\u062d \u0645\u0639\u0631\u0636 \u00bb\u0627\u0644\u062a\u0627\u0631\u064a\u062e \u0627\u0644\u0633\u064a\u0627\u0633\u064a \u0644\u0644\u0633\u0631\u0627\u0648\u064a\u0644\u00ab\u060c \u0648\u0647\u0648 \u062a\u0627\u0631\u064a\u062e \u062a\u0646\u0648\u064a\u0631\u064a \u0644\u062a\u0637\u0648\u0631 \u0627\u0644\u0645\u062c\u062a\u0645\u0639. \u0627\u0644\u0645\u0639\u0631\u0636 \u0647\u0648 \u0645\u0646 \u0639\u0645\u0644 \u0627\u0644\u0631\u0626\u064a\u0633\u0629 \u0641\u0631\u064a\u062f\u0631\u064a\u0643 \u0628\u0648\u0644\u0643\u0647\u060c \u0628\u062f\u0639\u0645 \u0645\u0646 \u0627\u0644\u0623\u0639\u0636\u0627\u0621. <\/p>\n\n\n\n<div class=\"wp-block-uagb-image aligncenter uagb-block-beafc2f1 wp-block-uagb-image--layout-default wp-block-uagb-image--effect-static wp-block-uagb-image--align-center\"><figure class=\"wp-block-uagb-image__figure\"><img decoding=\"async\" srcset=\"https:\/\/mairie-montataire.fr\/app\/uploads\/2026\/02\/Agenda_remisedecartesvernissagesFemmesSolidaires.jpg ,https:\/\/mairie-montataire.fr\/app\/uploads\/2026\/02\/Agenda_remisedecartesvernissagesFemmesSolidaires.jpg 780w, https:\/\/mairie-montataire.fr\/app\/uploads\/2026\/02\/Agenda_remisedecartesvernissagesFemmesSolidaires.jpg 360w\" sizes=\"auto, (max-width: 480px) 150px\" src=\"https:\/\/mairie-montataire.fr\/app\/uploads\/2026\/02\/Agenda_remisedecartesvernissagesFemmesSolidaires.jpg\" alt=\"6 \u0646\u0633\u0627\u0621 \u064a\u0631\u0641\u0639\u0646 \u064a\u062f\u0627\u064b \u0648\u0627\u062d\u062f\u0629 \u0641\u064a \u0627\u0644\u0634\u0627\u0631\u0639 \u0645\u0631\u062a\u062f\u064a\u0627\u062a \u0633\u0631\u0627\u0648\u064a\u0644 \u0641\u064a \u0639\u0627\u0645 1933\" class=\"uag-image-7537\" width=\"450\" height=\"335\" title=\"\u0623\u062c\u0646\u062f\u0629_\u0623\u062c\u0646\u062f\u0629_\u0627\u0644\u0645\u062a\u0642\u0627\u0639\u062f\u064a\u0646_\u0627\u0644\u0645\u062a\u0642\u0627\u0639\u062f\u0627\u062a_\u0627\u0644\u0646\u0633\u0627\u0621_\u0627\u0644\u0645\u062a\u0636\u0627\u0645\u0646\u0627\u062a\" loading=\"lazy\" role=\"img\"\/><\/figure><\/div>\n\n\n\n<p class=\"has-text-align-center\"><em>\u0635\u0648\u0631\u0629 \u0644\u0627\u0645\u0631\u0623\u0629 \u0631\u0627\u0626\u062f\u0629: \u0646\u0633\u0627\u0621 \u064a\u0631\u062a\u062f\u064a\u0646 \u0627\u0644\u0633\u0631\u0627\u0648\u064a\u0644 - C. \u0628\u0631\u063a\u0627\u0645\u064a\u0627 1933<\/em><\/p>\n\n\n\n<p><\/p>","protected":false},"featured_media":7537,"parent":0,"template":"","meta":{"_acf_changed":true,"_uag_custom_page_level_css":""},"event-theme":[73],"class_list":["post-7536","event","type-event","status-publish","has-post-thumbnail","hentry","event-theme-vie-associative"],"acf":[],"uagb_featured_image_src":{"full":["https:\/\/mairie-montataire.fr\/app\/uploads\/2026\/02\/Agenda_remisedecartesvernissagesFemmesSolidaires.jpg",450,335,false],"thumbnail":["https:\/\/mairie-montataire.fr\/app\/uploads\/2026\/02\/Agenda_remisedecartesvernissagesFemmesSolidaires-150x150.jpg",150,150,true],"medium":["https:\/\/mairie-montataire.fr\/app\/uploads\/2026\/02\/Agenda_remisedecartesvernissagesFemmesSolidaires-300x223.jpg",300,223,true],"medium_large":["https:\/\/mairie-montataire.fr\/app\/uploads\/2026\/02\/Agenda_remisedecartesvernissagesFemmesSolidaires.jpg",450,335,false],"large":["https:\/\/mairie-montataire.fr\/app\/uploads\/2026\/02\/Agenda_remisedecartesvernissagesFemmesSolidaires.jpg",450,335,false],"1536x1536":["https:\/\/mairie-montataire.fr\/app\/uploads\/2026\/02\/Agenda_remisedecartesvernissagesFemmesSolidaires.jpg",450,335,false],"2048x2048":["https:\/\/mairie-montataire.fr\/app\/uploads\/2026\/02\/Agenda_remisedecartesvernissagesFemmesSolidaires.jpg",450,335,false],"trp-custom-language-flag":["https:\/\/mairie-montataire.fr\/app\/uploads\/2026\/02\/Agenda_remisedecartesvernissagesFemmesSolidaires-16x12.jpg",16,12,true],"gform-image-choice-sm":["https:\/\/mairie-montataire.fr\/app\/uploads\/2026\/02\/Agenda_remisedecartesvernissagesFemmesSolidaires.jpg",300,223,false],"gform-image-choice-md":["https:\/\/mairie-montataire.fr\/app\/uploads\/2026\/02\/Agenda_remisedecartesvernissagesFemmesSolidaires.jpg",400,298,false],"gform-image-choice-lg":["https:\/\/mairie-montataire.fr\/app\/uploads\/2026\/02\/Agenda_remisedecartesvernissagesFemmesSolidaires.jpg",450,335,false]},"uagb_author_info":{"display_name":"Laure Pubert","author_link":"https:\/\/mairie-montataire.fr\/ar\/actualites\/author\/"},"uagb_comment_info":0,"uagb_excerpt":"L&rsquo;association Femmes Solidaires vous invite \u00e0 leur remise de cartes 2026 et au vernissage de l&rsquo;exposition \u00a0\u00bb l&rsquo;histoire politique du pantalon \u00ab\u00a0, une histoire \u00e9difiante sur l&rsquo;\u00e9volution de la soci\u00e9t\u00e9. Elle est r\u00e9alis\u00e9e par la pr\u00e9sidente Fr\u00e9d\u00e9rique Bulcke et le soutien des adh\u00e9rentes. Portrait de pionni\u00e8res\u00a0: Les femmes en pantalon \u2013 C. BERGAMIA\u00a0 1933","_links":{"self":[{"href":"https:\/\/mairie-montataire.fr\/ar\/wp-json\/wp\/v2\/event\/7536","targetHints":{"allow":["GET"]}}],"collection":[{"href":"https:\/\/mairie-montataire.fr\/ar\/wp-json\/wp\/v2\/event"}],"about":[{"href":"https:\/\/mairie-montataire.fr\/ar\/wp-json\/wp\/v2\/types\/event"}],"wp:featuredmedia":[{"embeddable":true,"href":"https:\/\/mairie-montataire.fr\/ar\/wp-json\/wp\/v2\/media\/7537"}],"wp:attachment":[{"href":"https:\/\/mairie-montataire.fr\/ar\/wp-json\/wp\/v2\/media?parent=7536"}],"wp:term":[{"taxonomy":"event-theme","embeddable":true,"href":"https:\/\/mairie-montataire.fr\/ar\/wp-json\/wp\/v2\/event-theme?post=7536"}],"curies":[{"name":"\u062f\u0628\u0644\u064a\u0648 \u0628\u064a","href":"https:\/\/api.w.org\/{rel}","templated":true}]}}

نساء متضامنات: توزيع البطاقات ومعاينة المعرض

<p>تدعوكم جمعية النساء المتضامنات لحضور عرض بطاقات 2026 وافتتاح معرض »التاريخ السياسي للسراويل«، وهو تاريخ تنويري لتطور المجتمع. المعرض هو من عمل الرئيسة فريدريك بولكه، بدعم من الأعضاء. </p>



<div class="wp-block-uagb-image aligncenter uagb-block-beafc2f1 wp-block-uagb-image--layout-default wp-block-uagb-image--effect-static wp-block-uagb-image--align-center"><figure class="wp-block-uagb-image__figure"><img decoding="async" srcset="https://mairie-montataire.fr/app/uploads/2026/02/Agenda_remisedecartesvernissagesFemmesSolidaires.jpg ,https://mairie-montataire.fr/app/uploads/2026/02/Agenda_remisedecartesvernissagesFemmesSolidaires.jpg 780w, https://mairie-montataire.fr/app/uploads/2026/02/Agenda_remisedecartesvernissagesFemmesSolidaires.jpg 360w" sizes="auto, (max-width: 480px) 150px" src="https://mairie-montataire.fr/app/uploads/2026/02/Agenda_remisedecartesvernissagesFemmesSolidaires.jpg" alt="6 نساء يرفعن يداً واحدة في الشارع مرتديات سراويل في عام 1933" class="uag-image-7537" width="450" height="335" title="أجندة_أجندة_المتقاعدين_المتقاعدات_النساء_المتضامنات" loading="lazy" role="img"/></figure></div>



<p class="has-text-align-center"><em>صورة لامرأة رائدة: نساء يرتدين السراويل - C. برغاميا 1933</em></p>



<p></p>

L&rsquo;association Femmes Solidaires vous invite à leur remise de cartes 2026 et au vernissage de l&rsquo;exposition  » l&rsquo;histoire politique du pantalon « , une histoire édifiante sur l&rsquo;évolution de la société. Elle est réalisée par la présidente Frédérique Bulcke et le soutien des adhérentes. Portrait de pionnières : Les femmes en pantalon – C. BERGAMIA  1933

دبليو بي
