{"id":7523,"date":"2026-01-29T10:01:41","date_gmt":"2026-01-29T10:01:41","guid":{"rendered":"https:\/\/mairie-montataire.fr\/?post_type=event&#038;p=7523"},"modified":"2026-01-29T10:01:41","modified_gmt":"2026-01-29T10:01:41","slug":"%d9%85%d9%86%d8%aa%d8%af%d9%89-bts","status":"publish","type":"event","link":"https:\/\/mairie-montataire.fr\/ar\/agenda\/scolaire\/forum-des-bts\/","title":{"rendered":"\u0645\u0646\u062a\u062f\u0649 BTS"},"content":{"rendered":"<p>\u0628\u0627\u0644\u0646\u0633\u0628\u0629 \u0644\u0644\u0634\u0628\u0627\u0628 \u0627\u0644\u0630\u064a\u0646 \u064a\u0628\u062d\u062b\u0648\u0646 \u0639\u0646 \u0645\u0634\u0631\u0648\u0639 \u0644\u0644\u0645\u0633\u062a\u0642\u0628\u0644\u060c \u062a\u0639\u0627\u0644\u0648\u0627 \u0625\u0644\u0649 \u0627\u0644\u062f\u0648\u0631\u0629 \u0627\u0644\u0623\u0648\u0644\u0649 \u0645\u0646 <strong>\u0645\u0646\u062a\u062f\u0649 BTS \u0641\u064a \u0645\u062f\u0631\u0633\u0629 \u0644\u064a\u0633\u064a\u0647 \u062f\u064a \u0645\u064a\u062a\u064a\u064a\u0647 \u0622\u0645\u064a\u0648\u062a \u062f\u064a \u0625\u0646\u0641\u064a\u0644<\/strong> \u0641\u064a \u0633\u064a\u0646\u0644\u064a\u0633 \u0642\u0645 \u0628\u0632\u064a\u0627\u0631\u0629 <strong>\u0627\u0644\u062e\u0645\u064a\u0633 5 \u0641\u0628\u0631\u0627\u064a\u0631 \u0645\u0646 \u0627\u0644\u0633\u0627\u0639\u0629 6 \u0645\u0633\u0627\u0621\u064b \u0625\u0644\u0649 \u0627\u0644\u0633\u0627\u0639\u0629 8 \u0645\u0633\u0627\u0621\u064b<\/strong>, \u0633\u062a\u062d\u0636\u0631 7 \u0645\u062f\u0627\u0631\u0633 \u062b\u0627\u0646\u0648\u064a\u0629 \u0644\u062a\u0642\u062f\u064a\u0645 \u062f\u0648\u0631\u0627\u062a\u0647\u0627:<\/p>\n\n\n\n<ul class=\"wp-block-list\">\n<li style=\"font-style:normal;font-weight:400\">\u0647\u064a\u0648\u0632 \u0643\u0627\u0628\u064a\u064a\u0647 (\u0633\u064a\u0646\u0644\u064a\u0633)<\/li>\n\n\n\n<li style=\"font-style:normal;font-weight:400\">\u0623\u0645\u064a\u0648 \u062f\u064a \u0625\u0646\u0641\u064a\u0644 (\u0633\u064a\u0646\u0644\u064a\u0633)<\/li>\n\n\n\n<li style=\"font-style:normal;font-weight:400\">\u0645\u0627\u0631\u064a \u0643\u0648\u0631\u064a (\u0646\u0648\u062c\u0627\u0646-\u0633\u0648\u0631-\u0623\u0648\u0627\u0632)<\/li>\n\n\n\n<li style=\"font-style:normal;font-weight:400\">\u0647\u0648\u0628\u064a\u0631\u062a\u064a\u0646 \u0623\u0648\u0643\u0644\u064a\u0631\u062a (\u0634\u0627\u0646\u062a\u064a\u064a\u0647)<\/li>\n\n\n\n<li style=\"font-style:normal;font-weight:400\">\u062c\u0648\u0644 \u0623\u0648\u0631\u064a (\u0643\u0631\u064a\u0644)<\/li>\n\n\n\n<li style=\"font-style:normal;font-weight:400\">\u0623\u0646\u062f\u0631\u064a\u0647 \u0645\u0627\u0644\u0631\u0648 (\u0645\u0648\u0646\u062a\u0627\u062a\u064a\u0631)<\/li>\n\n\n\n<li style=\"font-style:normal;font-weight:400\">\u0631\u0648\u0628\u064a\u0631\u0641\u0627\u0644 (\u0628\u0631\u0648\u064a\u0644 \u0644\u0648 \u0641\u064a\u0631\u062a)<\/li>\n<\/ul>\n\n\n\n<div class=\"wp-block-uagb-image aligncenter uagb-block-df619ed1 wp-block-uagb-image--layout-default wp-block-uagb-image--effect-static wp-block-uagb-image--align-center\"><figure class=\"wp-block-uagb-image__figure\"><img decoding=\"async\" srcset=\"https:\/\/mairie-montataire.fr\/app\/uploads\/2026\/01\/Flyer-FORUM-BTS-Amyot-dInville-5-fevrier-2026.png ,https:\/\/mairie-montataire.fr\/app\/uploads\/2026\/01\/Flyer-FORUM-BTS-Amyot-dInville-5-fevrier-2026.png 780w, https:\/\/mairie-montataire.fr\/app\/uploads\/2026\/01\/Flyer-FORUM-BTS-Amyot-dInville-5-fevrier-2026.png 360w\" sizes=\"auto, (max-width: 480px) 150px\" src=\"https:\/\/mairie-montataire.fr\/app\/uploads\/2026\/01\/Flyer-FORUM-BTS-Amyot-dInville-5-fevrier-2026.png\" alt=\"\" class=\"uag-image-7525\" width=\"384\" height=\"548\" title=\"\u0646\u0634\u0631\u0629 \u0625\u0639\u0644\u0627\u0646\u064a\u0629-\u0641\u0648\u0631\u0648\u0645-\u0628\u0648\u062a\u0633-\u0623\u0645\u064a\u0648-\u062f\u0646\u0641\u064a\u0644-5 \u0641\u0628\u0631\u0627\u064a\u0631-2026\" loading=\"lazy\" role=\"img\"\/><\/figure><\/div>\n\n\n\n<p><\/p>","protected":false},"featured_media":7524,"parent":0,"template":"","meta":{"_acf_changed":true,"_uag_custom_page_level_css":""},"event-theme":[85],"class_list":["post-7523","event","type-event","status-publish","has-post-thumbnail","hentry","event-theme-scolaire"],"acf":[],"uagb_featured_image_src":{"full":["https:\/\/mairie-montataire.fr\/app\/uploads\/2026\/01\/Agenda_ForumBTSLyceeAmyot.jpg",450,335,false],"thumbnail":["https:\/\/mairie-montataire.fr\/app\/uploads\/2026\/01\/Agenda_ForumBTSLyceeAmyot-150x150.jpg",150,150,true],"medium":["https:\/\/mairie-montataire.fr\/app\/uploads\/2026\/01\/Agenda_ForumBTSLyceeAmyot-300x223.jpg",300,223,true],"medium_large":["https:\/\/mairie-montataire.fr\/app\/uploads\/2026\/01\/Agenda_ForumBTSLyceeAmyot.jpg",450,335,false],"large":["https:\/\/mairie-montataire.fr\/app\/uploads\/2026\/01\/Agenda_ForumBTSLyceeAmyot.jpg",450,335,false],"1536x1536":["https:\/\/mairie-montataire.fr\/app\/uploads\/2026\/01\/Agenda_ForumBTSLyceeAmyot.jpg",450,335,false],"2048x2048":["https:\/\/mairie-montataire.fr\/app\/uploads\/2026\/01\/Agenda_ForumBTSLyceeAmyot.jpg",450,335,false],"trp-custom-language-flag":["https:\/\/mairie-montataire.fr\/app\/uploads\/2026\/01\/Agenda_ForumBTSLyceeAmyot-16x12.jpg",16,12,true],"gform-image-choice-sm":["https:\/\/mairie-montataire.fr\/app\/uploads\/2026\/01\/Agenda_ForumBTSLyceeAmyot.jpg",300,223,false],"gform-image-choice-md":["https:\/\/mairie-montataire.fr\/app\/uploads\/2026\/01\/Agenda_ForumBTSLyceeAmyot.jpg",400,298,false],"gform-image-choice-lg":["https:\/\/mairie-montataire.fr\/app\/uploads\/2026\/01\/Agenda_ForumBTSLyceeAmyot.jpg",450,335,false]},"uagb_author_info":{"display_name":"Laure Pubert","author_link":"https:\/\/mairie-montataire.fr\/ar\/actualites\/author\/"},"uagb_comment_info":0,"uagb_excerpt":"Pour vos jeunes en recherche de projet d&rsquo;avenir, venez assister \u00e0 la premi\u00e8re \u00e9dition du FORUM DES BTS au lyc\u00e9e des m\u00e9tiers Amyot d&rsquo;Inville \u00e0 Senlis. Le jeudi 5 f\u00e9vrier de 18h \u00e0 20h, 7 lyc\u00e9es seront pr\u00e9sents pour vous pr\u00e9senter leurs cursus :","_links":{"self":[{"href":"https:\/\/mairie-montataire.fr\/ar\/wp-json\/wp\/v2\/event\/7523","targetHints":{"allow":["GET"]}}],"collection":[{"href":"https:\/\/mairie-montataire.fr\/ar\/wp-json\/wp\/v2\/event"}],"about":[{"href":"https:\/\/mairie-montataire.fr\/ar\/wp-json\/wp\/v2\/types\/event"}],"wp:featuredmedia":[{"embeddable":true,"href":"https:\/\/mairie-montataire.fr\/ar\/wp-json\/wp\/v2\/media\/7524"}],"wp:attachment":[{"href":"https:\/\/mairie-montataire.fr\/ar\/wp-json\/wp\/v2\/media?parent=7523"}],"wp:term":[{"taxonomy":"event-theme","embeddable":true,"href":"https:\/\/mairie-montataire.fr\/ar\/wp-json\/wp\/v2\/event-theme?post=7523"}],"curies":[{"name":"\u062f\u0628\u0644\u064a\u0648 \u0628\u064a","href":"https:\/\/api.w.org\/{rel}","templated":true}]}}

منتدى BTS

<p>بالنسبة للشباب الذين يبحثون عن مشروع للمستقبل، تعالوا إلى الدورة الأولى من <strong>منتدى BTS في مدرسة ليسيه دي ميتييه آميوت دي إنفيل</strong> في سينليس قم بزيارة <strong>الخميس 5 فبراير من الساعة 6 مساءً إلى الساعة 8 مساءً</strong>, ستحضر 7 مدارس ثانوية لتقديم دوراتها:</p>



<ul class="wp-block-list">
<li style="font-style:normal;font-weight:400">هيوز كابييه (سينليس)</li>



<li style="font-style:normal;font-weight:400">أميو دي إنفيل (سينليس)</li>



<li style="font-style:normal;font-weight:400">ماري كوري (نوجان-سور-أواز)</li>



<li style="font-style:normal;font-weight:400">هوبيرتين أوكليرت (شانتييه)</li>



<li style="font-style:normal;font-weight:400">جول أوري (كريل)</li>



<li style="font-style:normal;font-weight:400">أندريه مالرو (مونتاتير)</li>



<li style="font-style:normal;font-weight:400">روبيرفال (برويل لو فيرت)</li>
</ul>



<div class="wp-block-uagb-image aligncenter uagb-block-df619ed1 wp-block-uagb-image--layout-default wp-block-uagb-image--effect-static wp-block-uagb-image--align-center"><figure class="wp-block-uagb-image__figure"><img decoding="async" srcset="https://mairie-montataire.fr/app/uploads/2026/01/Flyer-FORUM-BTS-Amyot-dInville-5-fevrier-2026.png ,https://mairie-montataire.fr/app/uploads/2026/01/Flyer-FORUM-BTS-Amyot-dInville-5-fevrier-2026.png 780w, https://mairie-montataire.fr/app/uploads/2026/01/Flyer-FORUM-BTS-Amyot-dInville-5-fevrier-2026.png 360w" sizes="auto, (max-width: 480px) 150px" src="https://mairie-montataire.fr/app/uploads/2026/01/Flyer-FORUM-BTS-Amyot-dInville-5-fevrier-2026.png" alt="" class="uag-image-7525" width="384" height="548" title="نشرة إعلانية-فوروم-بوتس-أميو-دنفيل-5 فبراير-2026" loading="lazy" role="img"/></figure></div>



<p></p>

Pour vos jeunes en recherche de projet d&rsquo;avenir, venez assister à la première édition du FORUM DES BTS au lycée des métiers Amyot d&rsquo;Inville à Senlis. Le jeudi 5 février de 18h à 20h, 7 lycées seront présents pour vous présenter leurs cursus :

دبليو بي
