{"id":7317,"date":"2025-12-12T14:00:13","date_gmt":"2025-12-12T14:00:13","guid":{"rendered":"https:\/\/mairie-montataire.fr\/?post_type=event&#038;p=7317"},"modified":"2025-12-12T14:00:13","modified_gmt":"2025-12-12T14:00:13","slug":"%d8%a3%d8%a8%d9%88%d8%a7%d8%a8-%d9%85%d9%81%d8%aa%d9%88%d8%ad%d8%a9-%d9%84%d9%83%d8%b1%d8%a9-%d8%a7%d9%84%d9%82%d8%af%d9%85-%d9%84%d9%84%d9%81%d8%aa%d9%8a%d8%a7%d8%aa","status":"publish","type":"event","link":"https:\/\/mairie-montataire.fr\/ar\/agenda\/vie-associative\/portes-ouvertes-football-pour-les-filles\/","title":{"rendered":"\u0623\u0628\u0648\u0627\u0628 \u0645\u0641\u062a\u0648\u062d\u0629 \u0644\u0643\u0631\u0629 \u0627\u0644\u0642\u062f\u0645 \u0644\u0644\u0641\u062a\u064a\u0627\u062a"},"content":{"rendered":"<p>\u0628\u0639\u062f \u0645\u0628\u0627\u0631\u0627\u0629 \u0643\u0631\u0629 \u0642\u062f\u0645 \u0635\u063a\u064a\u0631\u0629 \u0648\u0643\u0631\u0629 \u0642\u062f\u0645 \u0635\u0627\u0644\u0627\u062a \u0644\u062a\u0639\u0631\u064a\u0641 \u0627\u0644\u0641\u062a\u064a\u0627\u062a \u0645\u0646 \u0633\u0646 6 \u0625\u0644\u0649 13 \u0639\u0627\u0645\u064b\u0627 \u0639\u0644\u0649 \u0644\u0639\u0628\u0629 \u0643\u0631\u0629 \u0627\u0644\u0642\u062f\u0645! <a href=\"https:\/\/mairie-montataire.fr\/ar\/%d8%a7%d9%84%d8%af%d9%84%d8%a7%d8%a6%d9%84\/%d8%a7%d9%84%d8%ac%d9%85%d8%b9%d9%8a%d8%a7%d8%aa-2\/%d8%a7%d9%84%d8%b1%d9%8a%d8%a7%d8%b6%d8%a9\/%d9%86%d8%a7%d8%af%d9%8a-%d9%83%d8%b1%d8%a9-%d8%a7%d9%84%d9%82%d8%af%d9%85-%d8%a7%d9%84%d9%82%d9%8a%d8%a7%d8%b3%d9%8a-%d9%85%d9%88%d9%86%d8%aa%d8%a7%d8%aa%d9%8a%d8%b1\/\" target=\"_blank\" rel=\"noreferrer noopener\">\u0646\u0627\u062f\u064a \u0633\u062a\u0627\u0646\u062f\u0631\u062f \u0644\u0643\u0631\u0629 \u0627\u0644\u0642\u062f\u0645 \u0641\u064a \u0645\u0648\u0646\u062a\u0627\u062a\u064a\u0631<\/a> \u062a\u0642\u062f\u0645 \u0647\u0630\u0647 \u0627\u0644\u0623\u0628\u0648\u0627\u0628 \u0627\u0644\u0645\u0641\u062a\u0648\u062d\u0629 \u0644\u0643\u0631\u0629 \u0627\u0644\u0642\u062f\u0645 \u064a\u0648\u0645 \u0627\u0644\u0633\u0628\u062a 20 \u062f\u064a\u0633\u0645\u0628\u0631 \u0628\u064a\u0646 \u0627\u0644\u0633\u0627\u0639\u0629 14:00 \u0648 17:00 \u0641\u064a \u0635\u0627\u0644\u0629 Marcel Coene \u0627\u0644\u0631\u064a\u0627\u0636\u064a\u0629.<\/p>\n\n\n\n<p><strong>\u0627\u0644\u0628\u0631\u0646\u0627\u0645\u062c: <\/strong><\/p>\n\n\n\n<ul class=\"wp-block-list\">\n<li style=\"font-style:normal;font-weight:400\">\u0627\u0633\u062a\u0642\u0628\u0627\u0644 \u0627\u0644\u0645\u0634\u0627\u0631\u0643\u0627\u062a (\u0627\u0644\u062a\u0631\u062a\u064a\u0628\u060c \u0639\u0631\u0636 \u0628\u0631\u0646\u0627\u0645\u062c \u0628\u0639\u062f \u0627\u0644\u0638\u0647\u0631 \u0648\u062a\u062f\u0631\u064a\u0628\u0627\u062a \u0625\u062d\u0645\u0627\u0621 \u0642\u0635\u064a\u0631\u0629 \u0648\u0645\u0645\u062a\u0639\u0629)<\/li>\n\n\n\n<li style=\"font-style:normal;font-weight:400\">\u0648\u0631\u0634 \u0639\u0645\u0644 \u062a\u0631\u0641\u064a\u0647\u064a\u0629 \u0644\u0643\u0631\u0629 \u0627\u0644\u0642\u062f\u0645 \u062a\u0646\u0627\u0633\u0628 \u062c\u0645\u064a\u0639 \u0627\u0644\u0645\u0633\u062a\u0648\u064a\u0627\u062a\n<ul class=\"wp-block-list\">\n<li>\u0645\u0633\u0627\u0631\u0627\u062a \u062a\u0642\u0646\u064a\u0629 \u0645\u0645\u062a\u0639\u0629<\/li>\n\n\n\n<li>\u0623\u0644\u0639\u0627\u0628 \u0645\u0635\u063a\u0631\u0629 \u0628\u0627\u0644\u0643\u0631\u0629<\/li>\n\n\n\n<li>\u0627\u0644\u0631\u0645\u0627\u064a\u0629 \u0627\u0644\u062f\u0642\u064a\u0642\u0629<\/li>\n\n\n\n<li>\u062a\u062d\u062f\u064a\u0627\u062a \u062c\u0645\u0627\u0639\u064a\u0629<\/li>\n\n\n\n<li>\u062f\u0648\u0631\u0629 \u0643\u0631\u0629 \u0627\u0644\u0642\u062f\u0645<\/li>\n<\/ul>\n<\/li>\n\n\n\n<li style=\"font-style:normal;font-weight:400\">\u0628\u0637\u0648\u0644\u0629 \u0645\u0635\u063a\u0631\u0629 (\u0645\u0628\u0627\u0631\u064a\u0627\u062a \u0635\u063a\u064a\u0631\u0629 \u062a\u062d\u062a \u0625\u0634\u0631\u0627\u0641 \u0645\u062f\u0631\u0628\u064a\u0646 \u0644\u0627\u0643\u062a\u0634\u0627\u0641 \u0643\u0631\u0629 \u0627\u0644\u0642\u062f\u0645 \u0641\u064a \u062c\u0648 \u0645\u0646 \u0627\u0644\u0645\u0631\u062d)<\/li>\n\n\n\n<li style=\"font-style:normal;font-weight:400\">\u062a\u0646\u0627\u0648\u0644 \u0648\u062c\u0628\u0629 \u062e\u0641\u064a\u0641\u0629 \u0641\u064a \u062c\u0648 \u0648\u062f\u064a<\/li>\n\n\n\n<li style=\"font-style:normal;font-weight:400\">\u0647\u062f\u064a\u0629 \u062a\u0630\u0643\u0627\u0631\u064a\u0629 \u0648\u062f\u0639\u0648\u0629 \u0644\u062d\u0636\u0648\u0631 \u062c\u0644\u0633\u0629 \u062a\u0639\u0631\u064a\u0641\u064a\u0629 \u0645\u062c\u0627\u0646\u064a\u0629 \u0628\u0643\u0631\u0629 \u0627\u0644\u0642\u062f\u0645<\/li>\n<\/ul>\n\n\n\n<p><\/p>","protected":false},"featured_media":7318,"parent":0,"template":"","meta":{"_acf_changed":true,"_uag_custom_page_level_css":""},"event-theme":[73],"class_list":["post-7317","event","type-event","status-publish","has-post-thumbnail","hentry","event-theme-vie-associative"],"acf":[],"uagb_featured_image_src":{"full":["https:\/\/mairie-montataire.fr\/app\/uploads\/2025\/12\/Agenda_FootballFillesStandard.jpg",450,335,false],"thumbnail":["https:\/\/mairie-montataire.fr\/app\/uploads\/2025\/12\/Agenda_FootballFillesStandard-150x150.jpg",150,150,true],"medium":["https:\/\/mairie-montataire.fr\/app\/uploads\/2025\/12\/Agenda_FootballFillesStandard-300x223.jpg",300,223,true],"medium_large":["https:\/\/mairie-montataire.fr\/app\/uploads\/2025\/12\/Agenda_FootballFillesStandard.jpg",450,335,false],"large":["https:\/\/mairie-montataire.fr\/app\/uploads\/2025\/12\/Agenda_FootballFillesStandard.jpg",450,335,false],"1536x1536":["https:\/\/mairie-montataire.fr\/app\/uploads\/2025\/12\/Agenda_FootballFillesStandard.jpg",450,335,false],"2048x2048":["https:\/\/mairie-montataire.fr\/app\/uploads\/2025\/12\/Agenda_FootballFillesStandard.jpg",450,335,false],"trp-custom-language-flag":["https:\/\/mairie-montataire.fr\/app\/uploads\/2025\/12\/Agenda_FootballFillesStandard-16x12.jpg",16,12,true],"gform-image-choice-sm":["https:\/\/mairie-montataire.fr\/app\/uploads\/2025\/12\/Agenda_FootballFillesStandard.jpg",300,223,false],"gform-image-choice-md":["https:\/\/mairie-montataire.fr\/app\/uploads\/2025\/12\/Agenda_FootballFillesStandard.jpg",400,298,false],"gform-image-choice-lg":["https:\/\/mairie-montataire.fr\/app\/uploads\/2025\/12\/Agenda_FootballFillesStandard.jpg",450,335,false]},"uagb_author_info":{"display_name":"Laure Pubert","author_link":"https:\/\/mairie-montataire.fr\/ar\/actualites\/author\/"},"uagb_comment_info":0,"uagb_excerpt":"Un apr\u00e8s-mini football et futsal pour faire d\u00e9couvrir le jeux du ballon aux jeunes filles de 6 \u00e0 13 ans ! Le Standard Football Club de Montataire propose ces portes-ouvertes du foot le samedi 20 d\u00e9cembre entre 14h et 17h au gymnase Marcel Coene. Le programme :","_links":{"self":[{"href":"https:\/\/mairie-montataire.fr\/ar\/wp-json\/wp\/v2\/event\/7317","targetHints":{"allow":["GET"]}}],"collection":[{"href":"https:\/\/mairie-montataire.fr\/ar\/wp-json\/wp\/v2\/event"}],"about":[{"href":"https:\/\/mairie-montataire.fr\/ar\/wp-json\/wp\/v2\/types\/event"}],"wp:featuredmedia":[{"embeddable":true,"href":"https:\/\/mairie-montataire.fr\/ar\/wp-json\/wp\/v2\/media\/7318"}],"wp:attachment":[{"href":"https:\/\/mairie-montataire.fr\/ar\/wp-json\/wp\/v2\/media?parent=7317"}],"wp:term":[{"taxonomy":"event-theme","embeddable":true,"href":"https:\/\/mairie-montataire.fr\/ar\/wp-json\/wp\/v2\/event-theme?post=7317"}],"curies":[{"name":"\u062f\u0628\u0644\u064a\u0648 \u0628\u064a","href":"https:\/\/api.w.org\/{rel}","templated":true}]}}

أبواب مفتوحة لكرة القدم للفتيات

<p>بعد مباراة كرة قدم صغيرة وكرة قدم صالات لتعريف الفتيات من سن 6 إلى 13 عامًا على لعبة كرة القدم! <a href="https://mairie-montataire.fr/ar/%d8%a7%d9%84%d8%af%d9%84%d8%a7%d8%a6%d9%84/%d8%a7%d9%84%d8%ac%d9%85%d8%b9%d9%8a%d8%a7%d8%aa-2/%d8%a7%d9%84%d8%b1%d9%8a%d8%a7%d8%b6%d8%a9/%d9%86%d8%a7%d8%af%d9%8a-%d9%83%d8%b1%d8%a9-%d8%a7%d9%84%d9%82%d8%af%d9%85-%d8%a7%d9%84%d9%82%d9%8a%d8%a7%d8%b3%d9%8a-%d9%85%d9%88%d9%86%d8%aa%d8%a7%d8%aa%d9%8a%d8%b1/" target="_blank" rel="noreferrer noopener">نادي ستاندرد لكرة القدم في مونتاتير</a> تقدم هذه الأبواب المفتوحة لكرة القدم يوم السبت 20 ديسمبر بين الساعة 14:00 و 17:00 في صالة Marcel Coene الرياضية.</p>



<p><strong>البرنامج: </strong></p>



<ul class="wp-block-list">
<li style="font-style:normal;font-weight:400">استقبال المشاركات (الترتيب، عرض برنامج بعد الظهر وتدريبات إحماء قصيرة وممتعة)</li>



<li style="font-style:normal;font-weight:400">ورش عمل ترفيهية لكرة القدم تناسب جميع المستويات
<ul class="wp-block-list">
<li>مسارات تقنية ممتعة</li>



<li>ألعاب مصغرة بالكرة</li>



<li>الرماية الدقيقة</li>



<li>تحديات جماعية</li>



<li>دورة كرة القدم</li>
</ul>
</li>



<li style="font-style:normal;font-weight:400">بطولة مصغرة (مباريات صغيرة تحت إشراف مدربين لاكتشاف كرة القدم في جو من المرح)</li>



<li style="font-style:normal;font-weight:400">تناول وجبة خفيفة في جو ودي</li>



<li style="font-style:normal;font-weight:400">هدية تذكارية ودعوة لحضور جلسة تعريفية مجانية بكرة القدم</li>
</ul>



<p></p>

Un après-mini football et futsal pour faire découvrir le jeux du ballon aux jeunes filles de 6 à 13 ans ! Le Standard Football Club de Montataire propose ces portes-ouvertes du foot le samedi 20 décembre entre 14h et 17h au gymnase Marcel Coene. Le programme :

دبليو بي
