{"id":6928,"date":"2025-09-25T12:36:48","date_gmt":"2025-09-25T12:36:48","guid":{"rendered":"https:\/\/mairie-montataire.fr\/?post_type=event&#038;p=6928"},"modified":"2025-09-29T09:10:02","modified_gmt":"2025-09-29T09:10:02","slug":"%d8%a7%d8%ac%d8%aa%d9%85%d8%a7%d8%b9%d8%a7%d8%aa-%d8%a7%d9%84%d8%ad%d9%8a-%d8%a8%d8%a7%d9%85%d8%a8%d9%8a%d8%b1","status":"publish","type":"event","link":"https:\/\/mairie-montataire.fr\/ar\/agenda\/rencontres\/reunions-de-quartier-bambier\/","title":{"rendered":"\u0627\u062c\u062a\u0645\u0627\u0639\u0627\u062a \u0627\u0644\u062c\u0648\u0627\u0631 - \u0628\u0627\u0645\u0628\u064a\u0631"},"content":{"rendered":"<p><strong>\u064a\u062a\u0639\u0644\u0642 \u0627\u0644\u0623\u0645\u0631 :<\/strong><\/p>\n\n\n\n<ul class=\"wp-block-list\">\n<li>\u0634\u0627\u0631\u0639 17 \u0623\u0643\u062a\u0648\u0628\u0631 1961<\/li>\n\n\n\n<li>\u0634\u0627\u0631\u0639 \u0627\u0644\u062b\u0648\u0631\u0629 \u0627\u0644\u0641\u0631\u0646\u0633\u064a\u0629 (Rue de la R\u00e9volution Fran\u00e7aise)<\/li>\n\n\n\n<li>\u0634\u0627\u0631\u0639 \u0623\u0648\u0644\u064a\u0645\u0628 \u062f\u064a \u062c\u0648\u062c\u064a\u0647<\/li>\n\n\n\n<li>\u0634\u0627\u0631\u0639 \u0645\u0627\u0643\u0633\u064a\u0645\u064a\u0644\u064a\u0627\u0646 \u0631\u0648\u0628\u0633\u0628\u064a\u0631<\/li>\n\n\n\n<li>\u0634\u0627\u0631\u0639 \u062f\u0648 \u0634\u064a\u0645\u064a\u0646 \u0628\u0644\u0627\u0646\u0643<\/li>\n\n\n\n<li>\u0634\u0627\u0631\u0639 \u0645\u0648\u0631\u064a\u0633 \u062a\u0648\u0631\u064a\u0647<\/li>\n\n\n\n<li>\u062c\u0627\u062f\u0629 \u0628\u0648\u0644 \u0641\u064a\u0644\u0627\u0646 \u0643\u0648\u062a\u0648\u0631\u064a\u064a\u0647<\/li>\n\n\n\n<li>\u0634\u0627\u0631\u0639 \u062f\u0648 \u0643\u0648\u0644\u0648\u0646\u064a\u0644 \u0641\u0627\u0628\u064a\u0627\u0646<\/li>\n<\/ul>\n\n\n\n<h2 class=\"wp-block-heading\">\u0645\u0648\u0646\u062a\u0627\u062a\u064a\u0631 \u0648\u0645\u064a\u0632\u0627\u0646\u064a\u062a\u0647\u0627: \u0644\u062f\u064a\u0643 \u0627\u0644\u0643\u0644\u0645\u0629!<\/h2>\n\n\n\n<p><strong>\u062a\u0642\u0639 \u0647\u0630\u0647 \u0627\u0644\u0627\u062c\u062a\u0645\u0627\u0639\u0627\u062a \u0641\u064a \u0642\u0644\u0628 \u0627\u0644\u062d\u064a\u0627\u0629 \u0627\u0644\u062f\u064a\u0645\u0642\u0631\u0627\u0637\u064a\u0629 \u0627\u0644\u0645\u062d\u0644\u064a\u0629 \u0648\u062a\u0648\u0641\u0631 \u0645\u0646\u062a\u062f\u0649 \u0642\u064a\u0651\u0645\u064b\u0627 \u0644\u062a\u0628\u0627\u062f\u0644 \u0627\u0644\u0622\u0631\u0627\u0621 \u0648\u0645\u0634\u0627\u0631\u0643\u0629 \u0627\u0644\u0645\u0648\u0627\u0637\u0646\u064a\u0646.&nbsp;<\/strong><\/p>\n\n\n\n<p>\u062a\u062a\u064a\u062d \u0647\u0630\u0647 \u0627\u0644\u0627\u062c\u062a\u0645\u0627\u0639\u0627\u062a :<\/p>\n\n\n\n<ul style=\"padding-right:var(--wp--preset--spacing--60);padding-left:var(--wp--preset--spacing--60)\" class=\"wp-block-list\">\n<li style=\"font-style:normal;font-weight:400\">\u0639\u0631\u0636 \u062a\u0642\u062f\u064a\u0645\u064a \u0639\u0646 \u0627\u0644\u0645\u064a\u0632\u0627\u0646\u064a\u0629.&nbsp;<\/li>\n\n\n\n<li style=\"font-style:normal;font-weight:400\">\u0637\u0631\u062d \u0627\u0644\u0623\u0633\u0626\u0644\u0629 \u0645\u0628\u0627\u0634\u0631\u0629 \u0639\u0644\u0649 \u0627\u0644\u0645\u0645\u062b\u0644\u064a\u0646 \u0627\u0644\u0645\u0646\u062a\u062e\u0628\u064a\u0646 \u0648\u0627\u0644\u0641\u0631\u064a\u0642 \u0627\u0644\u0628\u0644\u062f\u064a.<\/li>\n\n\n\n<li style=\"font-style:normal;font-weight:400\">&nbsp;\u062a\u062d\u062f\u062b \u0625\u0644\u0649 \u0627\u0644\u062c\u064a\u0631\u0627\u0646 \u062d\u0648\u0644 \u0645\u0634\u0627\u0643\u0644 \u0627\u0644\u062d\u064a.<\/li>\n\n\n\n<li style=\"font-style:normal;font-weight:400\">&nbsp;\u0644\u0644\u0645\u0633\u0627\u0639\u062f\u0629 \u0641\u064a \u062a\u062d\u0633\u064a\u0646 \u062c\u0648\u062f\u0629 \u0627\u0644\u062d\u064a\u0627\u0629 \u0641\u064a \u0627\u0644\u062d\u064a.<\/li>\n<\/ul>","protected":false},"featured_media":6902,"parent":0,"template":"","meta":{"_acf_changed":true,"_uag_custom_page_level_css":""},"event-theme":[78],"class_list":["post-6928","event","type-event","status-publish","has-post-thumbnail","hentry","event-theme-rencontres"],"acf":[],"uagb_featured_image_src":{"full":["https:\/\/mairie-montataire.fr\/app\/uploads\/2024\/09\/Reu_quartier_2025-2026-HD381-x-284-Agenda-site-scaled.jpg",2560,1909,false],"thumbnail":["https:\/\/mairie-montataire.fr\/app\/uploads\/2024\/09\/Reu_quartier_2025-2026-HD381-x-284-Agenda-site-150x150.jpg",150,150,true],"medium":["https:\/\/mairie-montataire.fr\/app\/uploads\/2024\/09\/Reu_quartier_2025-2026-HD381-x-284-Agenda-site-300x224.jpg",300,224,true],"medium_large":["https:\/\/mairie-montataire.fr\/app\/uploads\/2024\/09\/Reu_quartier_2025-2026-HD381-x-284-Agenda-site-768x573.jpg",768,573,true],"large":["https:\/\/mairie-montataire.fr\/app\/uploads\/2024\/09\/Reu_quartier_2025-2026-HD381-x-284-Agenda-site-1024x764.jpg",1024,764,true],"1536x1536":["https:\/\/mairie-montataire.fr\/app\/uploads\/2024\/09\/Reu_quartier_2025-2026-HD381-x-284-Agenda-site-1536x1145.jpg",1536,1145,true],"2048x2048":["https:\/\/mairie-montataire.fr\/app\/uploads\/2024\/09\/Reu_quartier_2025-2026-HD381-x-284-Agenda-site-2048x1527.jpg",2048,1527,true],"trp-custom-language-flag":["https:\/\/mairie-montataire.fr\/app\/uploads\/2024\/09\/Reu_quartier_2025-2026-HD381-x-284-Agenda-site-16x12.jpg",16,12,true],"gform-image-choice-sm":["https:\/\/mairie-montataire.fr\/app\/uploads\/2024\/09\/Reu_quartier_2025-2026-HD381-x-284-Agenda-site-scaled.jpg",300,224,false],"gform-image-choice-md":["https:\/\/mairie-montataire.fr\/app\/uploads\/2024\/09\/Reu_quartier_2025-2026-HD381-x-284-Agenda-site-scaled.jpg",400,298,false],"gform-image-choice-lg":["https:\/\/mairie-montataire.fr\/app\/uploads\/2024\/09\/Reu_quartier_2025-2026-HD381-x-284-Agenda-site-scaled.jpg",600,447,false]},"uagb_author_info":{"display_name":"Laure Pubert","author_link":"https:\/\/mairie-montataire.fr\/ar\/actualites\/author\/"},"uagb_comment_info":0,"uagb_excerpt":"Elle concerne : Montataire et son budget : vous avez la parole ! Ces rencontres sont le c\u0153ur de la vie d\u00e9mocratique locale et un espace pr\u00e9cieux pour l\u2019\u00e9change et la participation citoyenne.&nbsp; Ces r\u00e9unions permettent :","_links":{"self":[{"href":"https:\/\/mairie-montataire.fr\/ar\/wp-json\/wp\/v2\/event\/6928","targetHints":{"allow":["GET"]}}],"collection":[{"href":"https:\/\/mairie-montataire.fr\/ar\/wp-json\/wp\/v2\/event"}],"about":[{"href":"https:\/\/mairie-montataire.fr\/ar\/wp-json\/wp\/v2\/types\/event"}],"wp:featuredmedia":[{"embeddable":true,"href":"https:\/\/mairie-montataire.fr\/ar\/wp-json\/wp\/v2\/media\/6902"}],"wp:attachment":[{"href":"https:\/\/mairie-montataire.fr\/ar\/wp-json\/wp\/v2\/media?parent=6928"}],"wp:term":[{"taxonomy":"event-theme","embeddable":true,"href":"https:\/\/mairie-montataire.fr\/ar\/wp-json\/wp\/v2\/event-theme?post=6928"}],"curies":[{"name":"\u062f\u0628\u0644\u064a\u0648 \u0628\u064a","href":"https:\/\/api.w.org\/{rel}","templated":true}]}}

اجتماعات الجوار - بامبير

<p><strong>يتعلق الأمر :</strong></p>



<ul class="wp-block-list">
<li>شارع 17 أكتوبر 1961</li>



<li>شارع الثورة الفرنسية (Rue de la Révolution Française)</li>



<li>شارع أوليمب دي جوجيه</li>



<li>شارع ماكسيميليان روبسبير</li>



<li>شارع دو شيمين بلانك</li>



<li>شارع موريس توريه</li>



<li>جادة بول فيلان كوتورييه</li>



<li>شارع دو كولونيل فابيان</li>
</ul>



<h2 class="wp-block-heading">مونتاتير وميزانيتها: لديك الكلمة!</h2>



<p><strong>تقع هذه الاجتماعات في قلب الحياة الديمقراطية المحلية وتوفر منتدى قيّمًا لتبادل الآراء ومشاركة المواطنين.&nbsp;</strong></p>



<p>تتيح هذه الاجتماعات :</p>



<ul style="padding-right:var(--wp--preset--spacing--60);padding-left:var(--wp--preset--spacing--60)" class="wp-block-list">
<li style="font-style:normal;font-weight:400">عرض تقديمي عن الميزانية.&nbsp;</li>



<li style="font-style:normal;font-weight:400">طرح الأسئلة مباشرة على الممثلين المنتخبين والفريق البلدي.</li>



<li style="font-style:normal;font-weight:400">&nbsp;تحدث إلى الجيران حول مشاكل الحي.</li>



<li style="font-style:normal;font-weight:400">&nbsp;للمساعدة في تحسين جودة الحياة في الحي.</li>
</ul>

Elle concerne : Montataire et son budget : vous avez la parole ! Ces rencontres sont le cœur de la vie démocratique locale et un espace précieux pour l’échange et la participation citoyenne.&nbsp; Ces réunions permettent :

دبليو بي
