{"id":6880,"date":"2025-09-23T12:52:57","date_gmt":"2025-09-23T12:52:57","guid":{"rendered":"https:\/\/mairie-montataire.fr\/?post_type=event&#038;p=6880"},"modified":"2025-09-23T12:52:58","modified_gmt":"2025-09-23T12:52:58","slug":"%d9%83%d8%b1%d9%86%d9%81%d8%a7%d9%84-%d8%a7%d9%84%d8%a7%d8%ad%d8%aa%d9%85%d8%a7%d9%84%d8%a7%d8%aa","status":"publish","type":"event","link":"https:\/\/mairie-montataire.fr\/ar\/agenda\/vie-associative\/carnaval-des-possibles\/","title":{"rendered":"\u0643\u0631\u0646\u0641\u0627\u0644 \u0627\u0644\u0627\u062d\u062a\u0645\u0627\u0644\u0627\u062a"},"content":{"rendered":"<p>\u0644\u0648 <strong><a href=\"https:\/\/mairie-montataire.fr\/ar\/%d8%a7%d9%84%d8%af%d9%84%d8%a7%d8%a6%d9%84\/%d8%a7%d9%84%d8%ac%d9%85%d8%b9%d9%8a%d8%a7%d8%aa-2\/%d8%a7%d9%84%d8%aa%d8%b6%d8%a7%d9%85%d9%86\/%d9%83%d8%b1%d9%86%d9%81%d8%a7%d9%84-%d8%a7%d9%84%d8%a7%d8%ad%d8%aa%d9%85%d8%a7%d9%84%d8%a7%d8%aa\/\">\u0643\u0631\u0646\u0641\u0627\u0644 \u0627\u0644\u0627\u062d\u062a\u0645\u0627\u0644\u0627\u062a<\/a><\/strong> revient pour sa 8\u1d49 \u00e9dition le <strong>\u0627\u0644\u0623\u062d\u062f 28 \u0633\u0628\u062a\u0645\u0628\u0631 2025<\/strong>\u0645\u0646 <strong>10 \u0635\u0628\u0627\u062d\u0627\u064b \u0625\u0644\u0649 6 \u0645\u0633\u0627\u0621\u064b<\/strong>\u0641\u064a <strong>\u0633\u0627\u0646 \u0644\u064a\u0648 \u062f\u064a\u0632\u064a\u0631\u064a\u0647<\/strong>.<\/p>\n\n\n\n<p>\u064a\u0633\u0644\u0637 \u0647\u0630\u0627 \u0627\u0644\u064a\u0648\u0645 \u0627\u0644\u0627\u062d\u062a\u0641\u0627\u0644\u064a \u0627\u0644\u0645\u062c\u0627\u0646\u064a \u0627\u0644\u0636\u0648\u0621 \u0639\u0644\u0649 \u0627\u0644\u0645\u0628\u0627\u062f\u0631\u0627\u062a \u0627\u0644\u0645\u062d\u0644\u064a\u0629 \u0645\u0646 \u0623\u062c\u0644 \u0639\u0627\u0644\u0645 \u0623\u0643\u062b\u0631 \u0627\u0633\u062a\u062f\u0627\u0645\u0629. <strong>\u0639\u0627\u062f\u0644\u0629 \u0648\u0645\u0633\u062a\u062f\u0627\u0645\u0629 \u0648\u0634\u0627\u0645\u0644\u0629<\/strong>\u0645\u0648\u0636\u0648\u0639 \u0647\u0630\u0627 \u0627\u0644\u0639\u0627\u0645 \u0647\u0648 : <em>\"\u063a\u0630\u0627\u0621 \u0635\u062d\u064a \u0648\u0645\u0633\u062a\u062f\u0627\u0645 \u0648\u0645\u0633\u0624\u0648\u0644 \u0627\u062c\u062a\u0645\u0627\u0639\u064a\u0627\u064b<\/em>.<\/p>\n\n\n\n<p><strong>\u0641\u064a \u0627\u0644\u0628\u0631\u0646\u0627\u0645\u062c: <\/strong>\u0633\u0648\u0642 \u0644\u0644\u0645\u0632\u0627\u0631\u0639\u064a\u0646\u060c \u0648\u0648\u0631\u0634 \u0639\u0645\u0644 \u0644\u0644\u0637\u0647\u064a\u060c \u0648\u0645\u0631\u0643\u0632 \u0644\u0625\u0639\u0627\u062f\u0629 \u0627\u0644\u062a\u062f\u0648\u064a\u0631\u060c \u0648\u0639\u0631\u0648\u0636 \u062a\u0631\u0641\u064a\u0647\u064a\u0629\u060c \u0648\u0639\u0631\u0648\u0636\u060c \u0648\u062d\u0641\u0644\u0627\u062a \u0645\u0648\u0633\u064a\u0642\u064a\u0629\u060c \u0648\u062d\u0641\u0644\u0627\u062a \u0645\u0648\u0633\u064a\u0642\u064a\u0629\u060c \u0648\u0645\u0646\u0627\u0638\u0631\u0627\u062a\u060c \u0648\u0645\u0646\u0635\u0627\u062a \u0645\u062c\u062a\u0645\u0639\u064a\u0629\u060c \u0648\u0623\u0644\u0639\u0627\u0628 \u0644\u062c\u0645\u064a\u0639 \u0623\u0641\u0631\u0627\u062f \u0627\u0644\u0639\u0627\u0626\u0644\u0629. \u0633\u062a\u062d\u0636\u0631 \u0623\u0643\u062b\u0631 \u0645\u0646 40 \u062c\u0645\u0639\u064a\u0629.<\/p>\n\n\n\n<div class=\"wp-block-uagb-buttons uagb-buttons__outer-wrap uagb-btn__default-btn uagb-btn-tablet__default-btn uagb-btn-mobile__default-btn uagb-block-ab709c50\"><div class=\"uagb-buttons__wrap uagb-buttons-layout-wrap\">\n<div class=\"wp-block-uagb-buttons-child uagb-buttons__outer-wrap uagb-block-b414e00e wp-block-button\"><div class=\"uagb-button__wrapper\"><a class=\"uagb-buttons-repeater wp-block-button__link\" aria-label=\"\" href=\"https:\/\/www.carnavaldespossibles.com\/?fbclid=IwY2xjawM_dUtleHRuA2FlbQIxMABicmlkETF3YVVod0VoZFlLVzJHTnR2AR5f2WsE8iU1rIksZAeBOKzKvvpf9TWICJZJ90X9fNcLXiykvLoUQTiptQPdKQ_aem_22X1TFS9oDdAEa9S6xVAlg\" rel=\"follow noopener\" target=\"_blank\" role=\"button\"><div class=\"uagb-button__link\">\u0627\u0644\u0628\u0631\u0646\u0627\u0645\u062c \u0627\u0644\u0643\u0627\u0645\u0644 \u0648\u0627\u0644\u0645\u0639\u0644\u0648\u0645\u0627\u062a \u0627\u0644\u0639\u0645\u0644\u064a\u0629 \u0639\u0644\u0649 \u0627\u0644\u0645\u0648\u0642\u0639 \u0627\u0644\u0631\u0633\u0645\u064a<\/div><\/a><\/div><\/div>\n<\/div><\/div>\n\n\n\n<p><\/p>","protected":false},"featured_media":2768,"parent":0,"template":"","meta":{"_acf_changed":true,"_uag_custom_page_level_css":""},"event-theme":[73],"class_list":["post-6880","event","type-event","status-publish","has-post-thumbnail","hentry","event-theme-vie-associative"],"acf":[],"uagb_featured_image_src":{"full":["https:\/\/mairie-montataire.fr\/app\/uploads\/2024\/08\/Logo_CarnavalDesPossibles.jpg",270,230,false],"thumbnail":["https:\/\/mairie-montataire.fr\/app\/uploads\/2024\/08\/Logo_CarnavalDesPossibles-150x150.jpg",150,150,true],"medium":["https:\/\/mairie-montataire.fr\/app\/uploads\/2024\/08\/Logo_CarnavalDesPossibles.jpg",270,230,false],"medium_large":["https:\/\/mairie-montataire.fr\/app\/uploads\/2024\/08\/Logo_CarnavalDesPossibles.jpg",270,230,false],"large":["https:\/\/mairie-montataire.fr\/app\/uploads\/2024\/08\/Logo_CarnavalDesPossibles.jpg",270,230,false],"1536x1536":["https:\/\/mairie-montataire.fr\/app\/uploads\/2024\/08\/Logo_CarnavalDesPossibles.jpg",270,230,false],"2048x2048":["https:\/\/mairie-montataire.fr\/app\/uploads\/2024\/08\/Logo_CarnavalDesPossibles.jpg",270,230,false],"trp-custom-language-flag":["https:\/\/mairie-montataire.fr\/app\/uploads\/2024\/08\/Logo_CarnavalDesPossibles.jpg",14,12,false],"gform-image-choice-sm":["https:\/\/mairie-montataire.fr\/app\/uploads\/2024\/08\/Logo_CarnavalDesPossibles.jpg",270,230,false],"gform-image-choice-md":["https:\/\/mairie-montataire.fr\/app\/uploads\/2024\/08\/Logo_CarnavalDesPossibles.jpg",270,230,false],"gform-image-choice-lg":["https:\/\/mairie-montataire.fr\/app\/uploads\/2024\/08\/Logo_CarnavalDesPossibles.jpg",270,230,false]},"uagb_author_info":{"display_name":"Laure Pubert","author_link":"https:\/\/mairie-montataire.fr\/ar\/actualites\/author\/"},"uagb_comment_info":0,"uagb_excerpt":"Le Carnaval des possibles revient pour sa 8\u1d49 \u00e9dition le dimanche 28 septembre 2025, de 10h \u00e0 18h, \u00e0 la base de loisirs de Saint-Leu-d\u2019Esserent. Cette journ\u00e9e gratuite et festive met \u00e0 l\u2019honneur les initiatives locales pour un monde plus juste, durable et solidaire, avec pour th\u00e8me cette ann\u00e9e : \u00ab Une alimentation saine, durable&hellip;","_links":{"self":[{"href":"https:\/\/mairie-montataire.fr\/ar\/wp-json\/wp\/v2\/event\/6880","targetHints":{"allow":["GET"]}}],"collection":[{"href":"https:\/\/mairie-montataire.fr\/ar\/wp-json\/wp\/v2\/event"}],"about":[{"href":"https:\/\/mairie-montataire.fr\/ar\/wp-json\/wp\/v2\/types\/event"}],"wp:featuredmedia":[{"embeddable":true,"href":"https:\/\/mairie-montataire.fr\/ar\/wp-json\/wp\/v2\/media\/2768"}],"wp:attachment":[{"href":"https:\/\/mairie-montataire.fr\/ar\/wp-json\/wp\/v2\/media?parent=6880"}],"wp:term":[{"taxonomy":"event-theme","embeddable":true,"href":"https:\/\/mairie-montataire.fr\/ar\/wp-json\/wp\/v2\/event-theme?post=6880"}],"curies":[{"name":"\u062f\u0628\u0644\u064a\u0648 \u0628\u064a","href":"https:\/\/api.w.org\/{rel}","templated":true}]}}

كرنفال الاحتمالات

<p>لو <strong><a href="https://mairie-montataire.fr/ar/%d8%a7%d9%84%d8%af%d9%84%d8%a7%d8%a6%d9%84/%d8%a7%d9%84%d8%ac%d9%85%d8%b9%d9%8a%d8%a7%d8%aa-2/%d8%a7%d9%84%d8%aa%d8%b6%d8%a7%d9%85%d9%86/%d9%83%d8%b1%d9%86%d9%81%d8%a7%d9%84-%d8%a7%d9%84%d8%a7%d8%ad%d8%aa%d9%85%d8%a7%d9%84%d8%a7%d8%aa/">كرنفال الاحتمالات</a></strong> revient pour sa 8ᵉ édition le <strong>الأحد 28 سبتمبر 2025</strong>من <strong>10 صباحاً إلى 6 مساءً</strong>في <strong>سان ليو ديزيريه</strong>.</p>



<p>يسلط هذا اليوم الاحتفالي المجاني الضوء على المبادرات المحلية من أجل عالم أكثر استدامة. <strong>عادلة ومستدامة وشاملة</strong>موضوع هذا العام هو : <em>"غذاء صحي ومستدام ومسؤول اجتماعياً</em>.</p>



<p><strong>في البرنامج: </strong>سوق للمزارعين، وورش عمل للطهي، ومركز لإعادة التدوير، وعروض ترفيهية، وعروض، وحفلات موسيقية، وحفلات موسيقية، ومناظرات، ومنصات مجتمعية، وألعاب لجميع أفراد العائلة. ستحضر أكثر من 40 جمعية.</p>



<div class="wp-block-uagb-buttons uagb-buttons__outer-wrap uagb-btn__default-btn uagb-btn-tablet__default-btn uagb-btn-mobile__default-btn uagb-block-ab709c50"><div class="uagb-buttons__wrap uagb-buttons-layout-wrap">
<div class="wp-block-uagb-buttons-child uagb-buttons__outer-wrap uagb-block-b414e00e wp-block-button"><div class="uagb-button__wrapper"><a class="uagb-buttons-repeater wp-block-button__link" aria-label="" href="https://www.carnavaldespossibles.com/?fbclid=IwY2xjawM_dUtleHRuA2FlbQIxMABicmlkETF3YVVod0VoZFlLVzJHTnR2AR5f2WsE8iU1rIksZAeBOKzKvvpf9TWICJZJ90X9fNcLXiykvLoUQTiptQPdKQ_aem_22X1TFS9oDdAEa9S6xVAlg" rel="follow noopener" target="_blank" role="button"><div class="uagb-button__link">البرنامج الكامل والمعلومات العملية على الموقع الرسمي</div></a></div></div>
</div></div>



<p></p>

Le Carnaval des possibles revient pour sa 8ᵉ édition le dimanche 28 septembre 2025, de 10h à 18h, à la base de loisirs de Saint-Leu-d’Esserent. Cette journée gratuite et festive met à l’honneur les initiatives locales pour un monde plus juste, durable et solidaire, avec pour thème cette année : « Une alimentation saine, durable&hellip;

دبليو بي
