{"id":6792,"date":"2025-08-27T08:00:00","date_gmt":"2025-08-27T08:00:00","guid":{"rendered":"https:\/\/mairie-montataire.fr\/?post_type=event&#038;p=6792"},"modified":"2025-08-22T06:57:29","modified_gmt":"2025-08-22T06:57:29","slug":"%d8%a7%d9%84%d8%a8%d9%8a%d8%aa-%d8%a7%d9%84%d9%85%d9%81%d8%aa%d9%88%d8%ad-%d8%a5%d9%8a%d9%85%d9%85-%d8%a8%d8%a7%d8%b1%d9%83%d9%88%d8%b1","status":"publish","type":"event","link":"https:\/\/mairie-montataire.fr\/ar\/agenda\/vie-associative\/portes-ouvertes-emm-parkour\/","title":{"rendered":"\u0627\u0644\u0628\u064a\u062a \u0627\u0644\u0645\u0641\u062a\u0648\u062d EMM - \u0628\u0627\u0631\u0643\u0648\u0631"},"content":{"rendered":"<p>\u0627\u0644\u062c\u0645\u0639\u064a\u0629 <a href=\"https:\/\/mairie-montataire.fr\/ar\/%d8%a7%d9%84%d8%af%d9%84%d8%a7%d8%a6%d9%84\/%d8%a7%d9%84%d8%ac%d9%85%d8%b9%d9%8a%d8%a7%d8%aa-2\/%d8%a7%d9%84%d8%b1%d9%8a%d8%a7%d8%b6%d8%a9\/%d8%a5%d8%b3%d8%a8%d9%8a%d8%b1%d8%a7%d9%86%d8%b3-%d8%a8%d9%84%d8%af%d9%8a%d8%a9-%d9%85%d9%88%d9%86%d8%aa%d8%a7%d8%aa%d9%8a%d8%b1\/\">\u0625\u0633\u0628\u064a\u0631\u0627\u0646\u0633 \u0628\u0644\u062f\u064a\u0629 \u0645\u0648\u0646\u062a\u0627\u062a\u064a\u0631<\/a> \u064a\u0642\u062f\u0645 \u0644\u0643 \u0627\u0644\u0628\u0627\u0631\u0643\u0648\u0631. \u0625\u0646\u0647 \u0641\u0646 \u0627\u0644\u0627\u0646\u062a\u0642\u0627\u0644 \u0645\u0646 \u0646\u0642\u0637\u0629 \u0625\u0644\u0649 \u0623\u062e\u0631\u0649 \u0645\u0646 \u062e\u0644\u0627\u0644 \u0627\u062d\u062a\u0631\u0627\u0645 \u0645\u0628\u062f\u0623\u064a\u0646: \u0627\u0644\u0627\u0646\u0633\u064a\u0627\u0628\u064a\u0629 \u0648\u0627\u0644\u0643\u0641\u0627\u0621\u0629 \u0623\u062b\u0646\u0627\u0621 \u0623\u062f\u0627\u0621 \u0627\u0644\u0623\u0644\u0639\u0627\u0628 \u0627\u0644\u0628\u0647\u0644\u0648\u0627\u0646\u064a\u0629.<\/p>\n\n\n\n<div class=\"wp-block-uagb-image aligncenter uagb-block-209b9fd4 wp-block-uagb-image--layout-default wp-block-uagb-image--effect-static wp-block-uagb-image--align-center\"><figure class=\"wp-block-uagb-image__figure\"><img decoding=\"async\" srcset=\"https:\/\/mairie-montataire.fr\/app\/uploads\/2025\/08\/PARKOUR.jpg ,https:\/\/mairie-montataire.fr\/app\/uploads\/2025\/08\/PARKOUR.jpg 780w, https:\/\/mairie-montataire.fr\/app\/uploads\/2025\/08\/PARKOUR.jpg 360w\" sizes=\"auto, (max-width: 480px) 150px\" src=\"https:\/\/mairie-montataire.fr\/app\/uploads\/2025\/08\/PARKOUR.jpg\" alt=\"\" class=\"uag-image-6793\" width=\"614\" height=\"767\" title=\"\u0628\u0627\u0631\u0643\u0648\u0631\" loading=\"lazy\" role=\"img\"\/><\/figure><\/div>\n\n\n\n<p class=\"has-text-align-center\"><em>\u0627\u0633\u0628\u064a\u0631\u0627\u0646\u0633 \u0628\u0644\u062f\u064a\u0629 \u0645\u0648\u0646\u062a\u0627\u062a\u064a\u0631<\/em><\/p>\n\n\n\n<p>\u0623\u0646\u0634\u0637\u0629 \u0623\u062e\u0631\u0649 : <\/p>\n\n\n\n<ul class=\"wp-block-list\">\n<li style=\"font-style:normal;font-weight:400\">\u0627\u0644\u0633\u0646\u0648\u0627\u062a \u0627\u0644\u0623\u0648\u0644\u0649 \u0645\u0646 15 \u0634\u0647\u0631\u064b\u0627\u060c \u0627\u0644\u0623\u0637\u0641\u0627\u0644 \u0627\u0644\u0623\u0635\u062d\u0627\u0621 \u0648\u0630\u0648\u064a \u0627\u0644\u0627\u062d\u062a\u064a\u0627\u062c\u0627\u062a \u0627\u0644\u062e\u0627\u0635\u0629\u060c \u0635\u0628\u0627\u062d \u0627\u0644\u0623\u0631\u0628\u0639\u0627\u0621 10 \u0648\u0635\u0628\u0627\u062d \u0627\u0644\u0633\u0628\u062a 13 \u0633\u0628\u062a\u0645\u0628\u0631. \u0627\u0644\u062c\u062f\u0648\u0644 \u0627\u0644\u0632\u0645\u0646\u064a \u062d\u0633\u0628 \u0633\u0646\u0629 \u0627\u0644\u0645\u064a\u0644\u0627\u062f.<\/li>\n\n\n\n<li style=\"font-style:normal;font-weight:400\">\u0627\u0644\u0644\u064a\u0627\u0642\u0629 \u0627\u0644\u0628\u062f\u0646\u064a\u0629: 10 \u062d\u0635\u0635 \u0644\u064a\u0627\u0642\u0629 \u0628\u062f\u0646\u064a\u0629 \u062c\u0645\u0627\u0639\u064a\u0629\u060c \u0645\u0646 8 \u0625\u0644\u0649 19 \u0633\u0628\u062a\u0645\u0628\u0631 \u0641\u064a \u0635\u0627\u0644\u0627\u062a \u0631\u064a\u0627\u0636\u064a\u0629 \u0645\u062e\u062a\u0644\u0641\u0629 \u0641\u064a \u0645\u0648\u0646\u062a\u0627\u062a\u064a\u0631 \u0648\u0641\u064a \u0645\u062c\u0645\u0639 \u0645\u0627\u0631\u064a \u0643\u0648\u0631\u064a \u0641\u064a \u0646\u0648\u062c\u0627\u0646 \u0633\u0648\u0631 \u0623\u0648\u0632.<\/li>\n\n\n\n<li style=\"font-style:normal;font-weight:400\">\u0635\u0627\u0644\u0629 \u0627\u0644\u0623\u0644\u0639\u0627\u0628 \u0627\u0644\u0631\u064a\u0627\u0636\u064a\u0629 \u0627\u0644\u064a\u062f\u0648\u064a\u0629\u060c \u0644\u0644\u0628\u0627\u0644\u063a\u064a\u0646 \u0641\u064a \u062f\u0648\u0631 \u0627\u0644\u0631\u0639\u0627\u064a\u0629\u060c \u0623\u0648 \u0641\u064a \u0627\u0644\u0645\u0646\u0632\u0644 \u0639\u0646\u062f \u0627\u0644\u0637\u0644\u0628. \u0627\u0644\u062c\u0644\u0633\u0627\u062a \u0645\u0645\u062a\u0639\u0629 \u0648\u0648\u062f\u064a\u0629.<\/li>\n\n\n\n<li style=\"font-style:normal;font-weight:400\">\u062c\u0645\u0628\u0627\u0632 \u0627\u0644\u0623\u062c\u0647\u0632\u0629 \u0627\u0644\u062a\u0631\u0641\u064a\u0647\u064a\u0629 \u0648\u0627\u0644\u062a\u0646\u0627\u0641\u0633\u064a\u0629 \u0644\u0644\u0623\u0639\u0645\u0627\u0631 \u0645\u0646 6 \u0633\u0646\u0648\u0627\u062a \u0641\u0645\u0627 \u0641\u0648\u0642.<\/li>\n<\/ul>\n\n\n\n<p><\/p>","protected":false},"featured_media":6793,"parent":0,"template":"","meta":{"_acf_changed":false,"_uag_custom_page_level_css":""},"event-theme":[73],"class_list":["post-6792","event","type-event","status-publish","has-post-thumbnail","hentry","event-theme-vie-associative"],"acf":[],"uagb_featured_image_src":{"full":["https:\/\/mairie-montataire.fr\/app\/uploads\/2025\/08\/PARKOUR.jpg",614,767,false],"thumbnail":["https:\/\/mairie-montataire.fr\/app\/uploads\/2025\/08\/PARKOUR-150x150.jpg",150,150,true],"medium":["https:\/\/mairie-montataire.fr\/app\/uploads\/2025\/08\/PARKOUR-240x300.jpg",240,300,true],"medium_large":["https:\/\/mairie-montataire.fr\/app\/uploads\/2025\/08\/PARKOUR.jpg",614,767,false],"large":["https:\/\/mairie-montataire.fr\/app\/uploads\/2025\/08\/PARKOUR.jpg",614,767,false],"1536x1536":["https:\/\/mairie-montataire.fr\/app\/uploads\/2025\/08\/PARKOUR.jpg",614,767,false],"2048x2048":["https:\/\/mairie-montataire.fr\/app\/uploads\/2025\/08\/PARKOUR.jpg",614,767,false],"trp-custom-language-flag":["https:\/\/mairie-montataire.fr\/app\/uploads\/2025\/08\/PARKOUR-10x12.jpg",10,12,true],"gform-image-choice-sm":["https:\/\/mairie-montataire.fr\/app\/uploads\/2025\/08\/PARKOUR.jpg",240,300,false],"gform-image-choice-md":["https:\/\/mairie-montataire.fr\/app\/uploads\/2025\/08\/PARKOUR.jpg",320,400,false],"gform-image-choice-lg":["https:\/\/mairie-montataire.fr\/app\/uploads\/2025\/08\/PARKOUR.jpg",480,600,false]},"uagb_author_info":{"display_name":"Laure Pubert","author_link":"https:\/\/mairie-montataire.fr\/ar\/actualites\/author\/"},"uagb_comment_info":0,"uagb_excerpt":"L&rsquo;association Esp\u00e9rance Municipale de Montataire vous propose du parkour. C&rsquo;est l&rsquo;art de se rendre d&rsquo;un point \u00e0 un autre en respectant 2 principes, la fluidit\u00e9 et l&rsquo;efficacit\u00e9, tout en r\u00e9alisant des acrobaties. \u00a9 Esp\u00e9rance Municipale de Montataire Autres activit\u00e9s :","_links":{"self":[{"href":"https:\/\/mairie-montataire.fr\/ar\/wp-json\/wp\/v2\/event\/6792","targetHints":{"allow":["GET"]}}],"collection":[{"href":"https:\/\/mairie-montataire.fr\/ar\/wp-json\/wp\/v2\/event"}],"about":[{"href":"https:\/\/mairie-montataire.fr\/ar\/wp-json\/wp\/v2\/types\/event"}],"wp:featuredmedia":[{"embeddable":true,"href":"https:\/\/mairie-montataire.fr\/ar\/wp-json\/wp\/v2\/media\/6793"}],"wp:attachment":[{"href":"https:\/\/mairie-montataire.fr\/ar\/wp-json\/wp\/v2\/media?parent=6792"}],"wp:term":[{"taxonomy":"event-theme","embeddable":true,"href":"https:\/\/mairie-montataire.fr\/ar\/wp-json\/wp\/v2\/event-theme?post=6792"}],"curies":[{"name":"\u062f\u0628\u0644\u064a\u0648 \u0628\u064a","href":"https:\/\/api.w.org\/{rel}","templated":true}]}}

البيت المفتوح EMM - باركور

<p>الجمعية <a href="https://mairie-montataire.fr/ar/%d8%a7%d9%84%d8%af%d9%84%d8%a7%d8%a6%d9%84/%d8%a7%d9%84%d8%ac%d9%85%d8%b9%d9%8a%d8%a7%d8%aa-2/%d8%a7%d9%84%d8%b1%d9%8a%d8%a7%d8%b6%d8%a9/%d8%a5%d8%b3%d8%a8%d9%8a%d8%b1%d8%a7%d9%86%d8%b3-%d8%a8%d9%84%d8%af%d9%8a%d8%a9-%d9%85%d9%88%d9%86%d8%aa%d8%a7%d8%aa%d9%8a%d8%b1/">إسبيرانس بلدية مونتاتير</a> يقدم لك الباركور. إنه فن الانتقال من نقطة إلى أخرى من خلال احترام مبدأين: الانسيابية والكفاءة أثناء أداء الألعاب البهلوانية.</p>



<div class="wp-block-uagb-image aligncenter uagb-block-209b9fd4 wp-block-uagb-image--layout-default wp-block-uagb-image--effect-static wp-block-uagb-image--align-center"><figure class="wp-block-uagb-image__figure"><img decoding="async" srcset="https://mairie-montataire.fr/app/uploads/2025/08/PARKOUR.jpg ,https://mairie-montataire.fr/app/uploads/2025/08/PARKOUR.jpg 780w, https://mairie-montataire.fr/app/uploads/2025/08/PARKOUR.jpg 360w" sizes="auto, (max-width: 480px) 150px" src="https://mairie-montataire.fr/app/uploads/2025/08/PARKOUR.jpg" alt="" class="uag-image-6793" width="614" height="767" title="باركور" loading="lazy" role="img"/></figure></div>



<p class="has-text-align-center"><em>اسبيرانس بلدية مونتاتير</em></p>



<p>أنشطة أخرى : </p>



<ul class="wp-block-list">
<li style="font-style:normal;font-weight:400">السنوات الأولى من 15 شهرًا، الأطفال الأصحاء وذوي الاحتياجات الخاصة، صباح الأربعاء 10 وصباح السبت 13 سبتمبر. الجدول الزمني حسب سنة الميلاد.</li>



<li style="font-style:normal;font-weight:400">اللياقة البدنية: 10 حصص لياقة بدنية جماعية، من 8 إلى 19 سبتمبر في صالات رياضية مختلفة في مونتاتير وفي مجمع ماري كوري في نوجان سور أوز.</li>



<li style="font-style:normal;font-weight:400">صالة الألعاب الرياضية اليدوية، للبالغين في دور الرعاية، أو في المنزل عند الطلب. الجلسات ممتعة وودية.</li>



<li style="font-style:normal;font-weight:400">جمباز الأجهزة الترفيهية والتنافسية للأعمار من 6 سنوات فما فوق.</li>
</ul>



<p></p>

L&rsquo;association Espérance Municipale de Montataire vous propose du parkour. C&rsquo;est l&rsquo;art de se rendre d&rsquo;un point à un autre en respectant 2 principes, la fluidité et l&rsquo;efficacité, tout en réalisant des acrobaties. © Espérance Municipale de Montataire Autres activités :

دبليو بي
