{"id":6481,"date":"2025-07-11T14:28:18","date_gmt":"2025-07-11T14:28:18","guid":{"rendered":"https:\/\/mairie-montataire.fr\/?post_type=event&#038;p=6481"},"modified":"2025-07-30T07:57:43","modified_gmt":"2025-07-30T07:57:43","slug":"%d9%84%d9%8a%d9%87-%d8%a2%d8%b1-%d8%af%d9%8a-%d9%81%d9%8a-%d8%af%d9%88-%d8%b3%d8%a8%d9%88%d8%b1%d8%aa-%d8%ac%d9%8a%d9%85%d9%86%d8%a7%d8%b3%d8%aa%d9%8a%d9%83-2","status":"publish","type":"event","link":"https:\/\/mairie-montataire.fr\/ar\/agenda\/vie-associative\/les-rdv-du-sport-gym-gymnastique-2\/","title":{"rendered":"\u062a\u0645 \u0627\u0644\u0625\u0644\u063a\u0627\u0621 - \u0627\u0644\u0641\u0639\u0627\u0644\u064a\u0627\u062a \u0627\u0644\u0631\u064a\u0627\u0636\u064a\u0629: \u0627\u0644\u062c\u0645\u0628\u0627\u0632 - \u062a\u0645 \u0625\u0644\u063a\u0627\u0621 \u0627\u0644\u0641\u0639\u0627\u0644\u064a\u0627\u062a \u0627\u0644\u0631\u064a\u0627\u0636\u064a\u0629: \u0627\u0644\u062c\u0645\u0628\u0627\u0632"},"content":{"rendered":"<p>\u0648\u0637\u0648\u0627\u0644 \u0641\u0635\u0644 \u0627\u0644\u0635\u064a\u0641\u060c \u062a\u0642\u062f\u0645 \u0646\u0648\u0627\u062f\u064a \u0627\u0644\u0645\u062f\u064a\u0646\u0629 \u062f\u0648\u0631\u0627\u062a \u062a\u0645\u0647\u064a\u062f\u064a\u0629 \u0645\u062c\u0627\u0646\u064a\u0629:<\/p>\n\n\n\n<div class=\"wp-block-columns is-layout-flex wp-container-core-columns-is-layout-9d6595d7 wp-block-columns-is-layout-flex\">\n<div class=\"wp-block-column is-layout-flow wp-block-column-is-layout-flow\" style=\"flex-basis:33.33%\">\n<div class=\"wp-block-uagb-image alignright uagb-block-d1ac6ee9 wp-block-uagb-image--layout-default wp-block-uagb-image--effect-static wp-block-uagb-image--align-right\"><figure class=\"wp-block-uagb-image__figure\"><img decoding=\"async\" srcset=\"https:\/\/mairie-montataire.fr\/app\/uploads\/2024\/08\/Logo_EMM.jpg ,https:\/\/mairie-montataire.fr\/app\/uploads\/2024\/08\/Logo_EMM.jpg 780w, https:\/\/mairie-montataire.fr\/app\/uploads\/2024\/08\/Logo_EMM.jpg 360w\" sizes=\"auto, (max-width: 480px) 150px\" src=\"https:\/\/mairie-montataire.fr\/app\/uploads\/2024\/08\/Logo_EMM.jpg\" alt=\"\" class=\"uag-image-2783\" width=\"200\" height=\"160\" title=\"\u0627\u0644\u0634\u0639\u0627\u0631_EMM\" loading=\"lazy\" role=\"img\"\/><\/figure><\/div>\n<\/div>\n\n\n\n<div class=\"wp-block-column is-layout-flow wp-block-column-is-layout-flow\" style=\"flex-basis:66.66%\">\n<p>L'<a href=\"https:\/\/mairie-montataire.fr\/ar\/%d8%a7%d9%84%d8%af%d9%84%d8%a7%d8%a6%d9%84\/%d8%a7%d9%84%d8%ac%d9%85%d8%b9%d9%8a%d8%a7%d8%aa-2\/%d8%a7%d9%84%d8%b1%d9%8a%d8%a7%d8%b6%d8%a9\/%d8%a5%d8%b3%d8%a8%d9%8a%d8%b1%d8%a7%d9%86%d8%b3-%d8%a8%d9%84%d8%af%d9%8a%d8%a9-%d9%85%d9%88%d9%86%d8%aa%d8%a7%d8%aa%d9%8a%d8%b1\/\">\u0627\u0633\u0628\u064a\u0631\u0627\u0646\u0633 \u0628\u0644\u062f\u064a\u0629 \u0645\u0648\u0646\u062a\u0627\u062a\u064a\u0631<\/a> (\u0627\u0644\u062c\u0645\u0628\u0627\u0632) \u062a\u0631\u062d\u0628 \u0628\u0643\u0645:<\/p>\n\n\n\n<ul class=\"wp-block-list\">\n<li style=\"font-style:normal;font-weight:400\"><strong>\u0627\u0644\u0623\u0631\u0628\u0639\u0627\u0621 9 \u064a\u0648\u0644\u064a\u0648 \u0645\u0646 2 \u0628\u0639\u062f \u0627\u0644\u0638\u0647\u0631 \u0625\u0644\u0649 4 \u0628\u0639\u062f \u0627\u0644\u0638\u0647\u0631<\/strong>\u062d \u0641\u064a \u0633\u0627\u062d\u0629 \u0641\u0631\u0646\u0627\u0646\u062f \u062a\u0648\u064a\u0644 \u0644\u0644\u0628\u0627\u0644\u063a\u064a\u0646 (15 \u0639\u0627\u0645\u0627\u064b \u0641\u0623\u0643\u062b\u0631)<\/li>\n\n\n\n<li><strong>\u0627\u0644\u0623\u0631\u0628\u0639\u0627\u0621 16 \u064a\u0648\u0644\u064a\u0648 \u0645\u0646 \u0627\u0644\u0633\u0627\u0639\u0629 10 \u0635\u0628\u0627\u062d\u0627\u064b \u0625\u0644\u0649 \u0627\u0644\u0633\u0627\u0639\u0629 12 \u0638\u0647\u0631\u0627\u064b<\/strong> \u0641\u064a \u0645\u062a\u0646\u0632\u0647 \u0641\u0631\u0646\u0627\u0646\u062f \u062a\u0648\u064a\u0644 \u0644\u0644\u0623\u0637\u0641\u0627\u0644 (\u0645\u0646 \u0633\u0646 3 \u0633\u0646\u0648\u0627\u062a \u0641\u0623\u0643\u062b\u0631)<\/li>\n\n\n\n<li><strong>\u0627\u0644\u0623\u0631\u0628\u0639\u0627\u0621 23 \u064a\u0648\u0644\u064a\u0648 \u0645\u0646 \u0627\u0644\u0633\u0627\u0639\u0629 10 \u0635\u0628\u0627\u062d\u0627\u064b \u0625\u0644\u0649 \u0627\u0644\u0633\u0627\u0639\u0629 12 \u0638\u0647\u0631\u0627\u064b<\/strong> \u0641\u064a \u0645\u062a\u0646\u0632\u0647 \u0641\u0631\u0646\u0627\u0646\u062f \u062a\u0648\u064a\u0644 \u0644\u0644\u0623\u0637\u0641\u0627\u0644 (\u0645\u0646 \u0633\u0646 3 \u0633\u0646\u0648\u0627\u062a \u0641\u0623\u0643\u062b\u0631)<\/li>\n\n\n\n<li><mark style=\"background-color:rgba(0, 0, 0, 0)\" class=\"has-inline-color has-secondary-700-color\"><strong>\u062a\u0645 \u0627\u0644\u0625\u0644\u063a\u0627\u0621<\/strong><\/mark> <strong>\u0627\u0644\u0623\u0631\u0628\u0639\u0627\u0621 30 \u064a\u0648\u0644\u064a\u0648 \u0645\u0646 2 \u0628\u0639\u062f \u0627\u0644\u0638\u0647\u0631 \u0625\u0644\u0649 4 \u0628\u0639\u062f \u0627\u0644\u0638\u0647\u0631<\/strong>\u062d \u0641\u064a \u0633\u0627\u062d\u0629 \u0641\u0631\u0646\u0627\u0646\u062f \u062a\u0648\u064a\u0644 \u0644\u0644\u0628\u0627\u0644\u063a\u064a\u0646 (15 \u0639\u0627\u0645\u0627\u064b \u0641\u0623\u0643\u062b\u0631)<\/li>\n<\/ul>\n<\/div>\n<\/div>\n\n\n\n<div style=\"height:56px\" aria-hidden=\"true\" class=\"wp-block-spacer\"><\/div>\n\n\n\n<div class=\"wp-block-uagb-separator uagb-block-1b39294a\"><div class=\"uagb-separator-spacing-wrapper\"><div class=\"wp-block-uagb-separator__inner\" style=\"--my-background-image:\"><\/div><\/div><\/div>\n\n\n\n<p>\u0643\u062c\u0632\u0621 \u0645\u0646 \u0623\u062d\u064a\u0627\u0621 2025.<\/p>\n\n\n\n<div class=\"wp-block-uagb-buttons uagb-buttons__outer-wrap uagb-btn__default-btn uagb-btn-tablet__default-btn uagb-btn-mobile__default-btn uagb-block-bc33e191\"><div class=\"uagb-buttons__wrap uagb-buttons-layout-wrap\">\n<div class=\"wp-block-uagb-buttons-child uagb-buttons__outer-wrap uagb-block-88b40543 wp-block-button\"><div class=\"uagb-button__wrapper\"><a class=\"uagb-buttons-repeater wp-block-button__link\" aria-label=\"\" href=\"https:\/\/mairie-montataire.fr\/ar\/app\/uploads\/2025\/06\/QE2025-progA5-BD.pdf\/\" rel=\"follow noopener\" target=\"_blank\" role=\"button\"><div class=\"uagb-button__link\">\u062a\u0639\u0631\u0651\u0641 \u0639\u0644\u0649 \u0643\u0644 \u0634\u064a\u0621 \u0639\u0646 \u0628\u0631\u0646\u0627\u0645\u062c \"\u0623\u0631\u0628\u0627\u0639 \u062f\u064a\u062a\u064a\u0647\" \u0647\u0646\u0627!<\/div><\/a><\/div><\/div>\n<\/div><\/div>\n\n\n\n<div style=\"height:12px\" aria-hidden=\"true\" class=\"wp-block-spacer\"><\/div>\n\n\n\n<p>\u062d\u062f\u062b \u062a\u0645 \u062a\u0646\u0638\u064a\u0645\u0647 \u0628\u062f\u0639\u0645 \u0645\u0646 \u0645\u0646\u0637\u0642\u0629 \u0647\u0648\u062a \u062f\u0648 \u0641\u0631\u0627\u0646\u0633\u060c \u0648\u0627\u0644\u0648\u0643\u0627\u0644\u0629 \u0627\u0644\u0648\u0637\u0646\u064a\u0629 \u0644\u0644\u062a\u0645\u0627\u0633\u0643 \u0627\u0644\u0625\u0642\u0644\u064a\u0645\u064a\u060c \u0648\u0645\u062d\u0627\u0641\u0638 \u0623\u0648\u0632\u060c \u0648\u0645\u062d\u0627\u0641\u0638\u0629 \u0623\u0648\u0632\u060c \u0648\u0645\u0642\u0627\u0637\u0639\u0629 \u0623\u0648\u0632\u060c \u0648\u0627\u0644\u0648\u0643\u0627\u0644\u0629 \u0627\u0644\u062b\u0642\u0627\u0641\u064a\u0629 2025\u060c \u0648\u0648\u0643\u0627\u0644\u0629 \u0627\u0644\u062a\u0645\u0627\u0633\u0643 \u0627\u0644\u0625\u0642\u0644\u064a\u0645\u064a\u060c \u0648\u0645\u0648\u0626\u0644 \u0623\u0648\u0632, <strong>S.A. HLM du D\u00e9partement de l'Oise<\/strong> <strong>\u0648\u0645\u062c\u0645\u0648\u0639\u0629 \u0627\u0644\u0645\u0648\u0626\u0644 \u0641\u064a \u0627\u0644\u0645\u0646\u0637\u0642\u0629<\/strong>.<\/p>\n\n\n\n<p><\/p>","protected":false},"featured_media":6628,"parent":0,"template":"","meta":{"_acf_changed":true,"_uag_custom_page_level_css":""},"event-theme":[73],"class_list":["post-6481","event","type-event","status-publish","has-post-thumbnail","hentry","event-theme-vie-associative"],"acf":[],"uagb_featured_image_src":{"full":["https:\/\/mairie-montataire.fr\/app\/uploads\/2025\/07\/Agenda_RDVsportGym-1.jpg",450,335,false],"thumbnail":["https:\/\/mairie-montataire.fr\/app\/uploads\/2025\/07\/Agenda_RDVsportGym-1-150x150.jpg",150,150,true],"medium":["https:\/\/mairie-montataire.fr\/app\/uploads\/2025\/07\/Agenda_RDVsportGym-1-300x223.jpg",300,223,true],"medium_large":["https:\/\/mairie-montataire.fr\/app\/uploads\/2025\/07\/Agenda_RDVsportGym-1.jpg",450,335,false],"large":["https:\/\/mairie-montataire.fr\/app\/uploads\/2025\/07\/Agenda_RDVsportGym-1.jpg",450,335,false],"1536x1536":["https:\/\/mairie-montataire.fr\/app\/uploads\/2025\/07\/Agenda_RDVsportGym-1.jpg",450,335,false],"2048x2048":["https:\/\/mairie-montataire.fr\/app\/uploads\/2025\/07\/Agenda_RDVsportGym-1.jpg",450,335,false],"trp-custom-language-flag":["https:\/\/mairie-montataire.fr\/app\/uploads\/2025\/07\/Agenda_RDVsportGym-1-16x12.jpg",16,12,true],"gform-image-choice-sm":["https:\/\/mairie-montataire.fr\/app\/uploads\/2025\/07\/Agenda_RDVsportGym-1.jpg",300,223,false],"gform-image-choice-md":["https:\/\/mairie-montataire.fr\/app\/uploads\/2025\/07\/Agenda_RDVsportGym-1.jpg",400,298,false],"gform-image-choice-lg":["https:\/\/mairie-montataire.fr\/app\/uploads\/2025\/07\/Agenda_RDVsportGym-1.jpg",450,335,false]},"uagb_author_info":{"display_name":"Laure Pubert","author_link":"https:\/\/mairie-montataire.fr\/ar\/actualites\/author\/"},"uagb_comment_info":0,"uagb_excerpt":"Tout au long de l\u2019\u00e9t\u00e9, les clubs de la ville proposent des initiations gratuites : L\u2019Esp\u00e8rance Municipale de Montataire (gymnastique) vous accueille : Dans le cadre des Quartiers d&rsquo;\u00e9t\u00e9 2025. Un \u00e9v\u00e9nement organis\u00e9 avec le soutien de la R\u00e9gion Hauts-de-France, L&rsquo;agence National de la Coh\u00e9sion des territoires, la pr\u00e9f\u00e8te de l&rsquo;Oise, le d\u00e9partement de l&rsquo;Oise,&hellip;","_links":{"self":[{"href":"https:\/\/mairie-montataire.fr\/ar\/wp-json\/wp\/v2\/event\/6481","targetHints":{"allow":["GET"]}}],"collection":[{"href":"https:\/\/mairie-montataire.fr\/ar\/wp-json\/wp\/v2\/event"}],"about":[{"href":"https:\/\/mairie-montataire.fr\/ar\/wp-json\/wp\/v2\/types\/event"}],"wp:featuredmedia":[{"embeddable":true,"href":"https:\/\/mairie-montataire.fr\/ar\/wp-json\/wp\/v2\/media\/6628"}],"wp:attachment":[{"href":"https:\/\/mairie-montataire.fr\/ar\/wp-json\/wp\/v2\/media?parent=6481"}],"wp:term":[{"taxonomy":"event-theme","embeddable":true,"href":"https:\/\/mairie-montataire.fr\/ar\/wp-json\/wp\/v2\/event-theme?post=6481"}],"curies":[{"name":"\u062f\u0628\u0644\u064a\u0648 \u0628\u064a","href":"https:\/\/api.w.org\/{rel}","templated":true}]}}

تم الإلغاء - الفعاليات الرياضية: الجمباز - تم إلغاء الفعاليات الرياضية: الجمباز

<p>وطوال فصل الصيف، تقدم نوادي المدينة دورات تمهيدية مجانية:</p>



<div class="wp-block-columns is-layout-flex wp-container-core-columns-is-layout-9d6595d7 wp-block-columns-is-layout-flex">
<div class="wp-block-column is-layout-flow wp-block-column-is-layout-flow" style="flex-basis:33.33%">
<div class="wp-block-uagb-image alignright uagb-block-d1ac6ee9 wp-block-uagb-image--layout-default wp-block-uagb-image--effect-static wp-block-uagb-image--align-right"><figure class="wp-block-uagb-image__figure"><img decoding="async" srcset="https://mairie-montataire.fr/app/uploads/2024/08/Logo_EMM.jpg ,https://mairie-montataire.fr/app/uploads/2024/08/Logo_EMM.jpg 780w, https://mairie-montataire.fr/app/uploads/2024/08/Logo_EMM.jpg 360w" sizes="auto, (max-width: 480px) 150px" src="https://mairie-montataire.fr/app/uploads/2024/08/Logo_EMM.jpg" alt="" class="uag-image-2783" width="200" height="160" title="الشعار_EMM" loading="lazy" role="img"/></figure></div>
</div>



<div class="wp-block-column is-layout-flow wp-block-column-is-layout-flow" style="flex-basis:66.66%">
<p>L'<a href="https://mairie-montataire.fr/ar/%d8%a7%d9%84%d8%af%d9%84%d8%a7%d8%a6%d9%84/%d8%a7%d9%84%d8%ac%d9%85%d8%b9%d9%8a%d8%a7%d8%aa-2/%d8%a7%d9%84%d8%b1%d9%8a%d8%a7%d8%b6%d8%a9/%d8%a5%d8%b3%d8%a8%d9%8a%d8%b1%d8%a7%d9%86%d8%b3-%d8%a8%d9%84%d8%af%d9%8a%d8%a9-%d9%85%d9%88%d9%86%d8%aa%d8%a7%d8%aa%d9%8a%d8%b1/">اسبيرانس بلدية مونتاتير</a> (الجمباز) ترحب بكم:</p>



<ul class="wp-block-list">
<li style="font-style:normal;font-weight:400"><strong>الأربعاء 9 يوليو من 2 بعد الظهر إلى 4 بعد الظهر</strong>ح في ساحة فرناند تويل للبالغين (15 عاماً فأكثر)</li>



<li><strong>الأربعاء 16 يوليو من الساعة 10 صباحاً إلى الساعة 12 ظهراً</strong> في متنزه فرناند تويل للأطفال (من سن 3 سنوات فأكثر)</li>



<li><strong>الأربعاء 23 يوليو من الساعة 10 صباحاً إلى الساعة 12 ظهراً</strong> في متنزه فرناند تويل للأطفال (من سن 3 سنوات فأكثر)</li>



<li><mark style="background-color:rgba(0, 0, 0, 0)" class="has-inline-color has-secondary-700-color"><strong>تم الإلغاء</strong></mark> <strong>الأربعاء 30 يوليو من 2 بعد الظهر إلى 4 بعد الظهر</strong>ح في ساحة فرناند تويل للبالغين (15 عاماً فأكثر)</li>
</ul>
</div>
</div>



<div style="height:56px" aria-hidden="true" class="wp-block-spacer"></div>



<div class="wp-block-uagb-separator uagb-block-1b39294a"><div class="uagb-separator-spacing-wrapper"><div class="wp-block-uagb-separator__inner" style="--my-background-image:"></div></div></div>



<p>كجزء من أحياء 2025.</p>



<div class="wp-block-uagb-buttons uagb-buttons__outer-wrap uagb-btn__default-btn uagb-btn-tablet__default-btn uagb-btn-mobile__default-btn uagb-block-bc33e191"><div class="uagb-buttons__wrap uagb-buttons-layout-wrap">
<div class="wp-block-uagb-buttons-child uagb-buttons__outer-wrap uagb-block-88b40543 wp-block-button"><div class="uagb-button__wrapper"><a class="uagb-buttons-repeater wp-block-button__link" aria-label="" href="https://mairie-montataire.fr/ar/app/uploads/2025/06/QE2025-progA5-BD.pdf/" rel="follow noopener" target="_blank" role="button"><div class="uagb-button__link">تعرّف على كل شيء عن برنامج "أرباع ديتيه" هنا!</div></a></div></div>
</div></div>



<div style="height:12px" aria-hidden="true" class="wp-block-spacer"></div>



<p>حدث تم تنظيمه بدعم من منطقة هوت دو فرانس، والوكالة الوطنية للتماسك الإقليمي، ومحافظ أوز، ومحافظة أوز، ومقاطعة أوز، والوكالة الثقافية 2025، ووكالة التماسك الإقليمي، وموئل أوز, <strong>S.A. HLM du Département de l'Oise</strong> <strong>ومجموعة الموئل في المنطقة</strong>.</p>



<p></p>

Tout au long de l’été, les clubs de la ville proposent des initiations gratuites : L’Espèrance Municipale de Montataire (gymnastique) vous accueille : Dans le cadre des Quartiers d&rsquo;été 2025. Un événement organisé avec le soutien de la Région Hauts-de-France, L&rsquo;agence National de la Cohésion des territoires, la préfète de l&rsquo;Oise, le département de l&rsquo;Oise,&hellip;

دبليو بي
