{"id":6359,"date":"2025-06-23T08:22:00","date_gmt":"2025-06-23T08:22:00","guid":{"rendered":"https:\/\/mairie-montataire.fr\/?post_type=event&#038;p=6359"},"modified":"2025-06-11T14:27:52","modified_gmt":"2025-06-11T14:27:52","slug":"%d8%a7%d9%84%d8%aa%d8%b3%d8%ac%d9%8a%d9%84-%d9%81%d9%8a-%d8%a7%d9%84%d9%8a%d9%88%d9%85-%d8%a7%d9%84%d9%85%d8%ac%d8%a7%d9%86%d9%8a-%d9%81%d9%8a-%d8%a7%d9%84%d9%85%d9%8a%d9%86%d8%a7%d8%a1-%d8%a7%d9%84","status":"publish","type":"event","link":"https:\/\/mairie-montataire.fr\/ar\/agenda\/%theme%\/inscriptions-a-la-journee-libre-au-treport-des-retraites\/","title":{"rendered":"\u0627\u0644\u062a\u0633\u062c\u064a\u0644 \u0641\u064a \u0627\u0644\u064a\u0648\u0645 \u0627\u0644\u0645\u062c\u0627\u0646\u064a \u0641\u064a \u0644\u064a \u062a\u0631\u064a\u0628\u0648\u0631\u062a \u0644\u0644\u0645\u062a\u0642\u0627\u0639\u062f\u064a\u0646"},"content":{"rendered":"<p>\u062a\u064f\u0642\u0627\u0645 \u0627\u0644\u0646\u0632\u0647\u0629 \u064a\u0648\u0645 \u0627\u0644\u062c\u0645\u0639\u0629 11 \u064a\u0648\u0644\u064a\u0648. <strong>\u064a\u0641\u062a\u062d \u0628\u0627\u0628 \u0627\u0644\u062a\u0633\u062c\u064a\u0644 \u064a\u0648\u0645 \u0627\u0644\u0627\u062b\u0646\u064a\u0646 30 \u064a\u0648\u0646\u064a\u0648 \u0627\u0644\u0633\u0627\u0639\u0629 2 \u0638\u0647\u0631\u0627\u064b \u0641\u064a \u0631\u064a\u0632\u064a\u062f\u0646\u0633 \u0623\u0648\u062a\u0648\u0646\u0648\u0645.<\/strong><\/p>\n\n\n\n<div class=\"wp-block-uagb-image uagb-block-dcc1adfa wp-block-uagb-image--layout-default wp-block-uagb-image--effect-static wp-block-uagb-image--align-none\"><figure class=\"wp-block-uagb-image__figure\"><img decoding=\"async\" srcset=\"https:\/\/mairie-montataire.fr\/app\/uploads\/2025\/06\/Actu_inscriptionretraitesjourneelibre.jpg ,https:\/\/mairie-montataire.fr\/app\/uploads\/2025\/06\/Actu_inscriptionretraitesjourneelibre.jpg 780w, https:\/\/mairie-montataire.fr\/app\/uploads\/2025\/06\/Actu_inscriptionretraitesjourneelibre.jpg 360w\" sizes=\"auto, (max-width: 480px) 150px\" src=\"https:\/\/mairie-montataire.fr\/app\/uploads\/2025\/06\/Actu_inscriptionretraitesjourneelibre.jpg\" alt=\"\" class=\"uag-image-6360\" width=\"450\" height=\"335\" title=\"\u0631\u062d\u0644\u0629_\u0627\u0644\u062a\u0633\u062c\u064a\u0644_\u0627\u0644\u062a\u0642\u0627\u0639\u062f_\u0627\u0644\u0645\u062c\u0627\u0646\u064a\u0629\" loading=\"lazy\" role=\"img\"\/><\/figure><\/div>\n\n\n\n<p><\/p>","protected":false},"featured_media":6360,"parent":0,"template":"","meta":{"_acf_changed":true,"_uag_custom_page_level_css":""},"event-theme":[],"class_list":["post-6359","event","type-event","status-publish","has-post-thumbnail","hentry"],"acf":[],"uagb_featured_image_src":{"full":["https:\/\/mairie-montataire.fr\/app\/uploads\/2025\/06\/Actu_inscriptionretraitesjourneelibre.jpg",450,335,false],"thumbnail":["https:\/\/mairie-montataire.fr\/app\/uploads\/2025\/06\/Actu_inscriptionretraitesjourneelibre-150x150.jpg",150,150,true],"medium":["https:\/\/mairie-montataire.fr\/app\/uploads\/2025\/06\/Actu_inscriptionretraitesjourneelibre-300x223.jpg",300,223,true],"medium_large":["https:\/\/mairie-montataire.fr\/app\/uploads\/2025\/06\/Actu_inscriptionretraitesjourneelibre.jpg",450,335,false],"large":["https:\/\/mairie-montataire.fr\/app\/uploads\/2025\/06\/Actu_inscriptionretraitesjourneelibre.jpg",450,335,false],"1536x1536":["https:\/\/mairie-montataire.fr\/app\/uploads\/2025\/06\/Actu_inscriptionretraitesjourneelibre.jpg",450,335,false],"2048x2048":["https:\/\/mairie-montataire.fr\/app\/uploads\/2025\/06\/Actu_inscriptionretraitesjourneelibre.jpg",450,335,false],"trp-custom-language-flag":["https:\/\/mairie-montataire.fr\/app\/uploads\/2025\/06\/Actu_inscriptionretraitesjourneelibre-16x12.jpg",16,12,true],"gform-image-choice-sm":["https:\/\/mairie-montataire.fr\/app\/uploads\/2025\/06\/Actu_inscriptionretraitesjourneelibre.jpg",300,223,false],"gform-image-choice-md":["https:\/\/mairie-montataire.fr\/app\/uploads\/2025\/06\/Actu_inscriptionretraitesjourneelibre.jpg",400,298,false],"gform-image-choice-lg":["https:\/\/mairie-montataire.fr\/app\/uploads\/2025\/06\/Actu_inscriptionretraitesjourneelibre.jpg",450,335,false]},"uagb_author_info":{"display_name":"Laure Pubert","author_link":"https:\/\/mairie-montataire.fr\/ar\/actualites\/author\/"},"uagb_comment_info":0,"uagb_excerpt":"La sortie a lieu le vendredi 11 juillet. Les inscriptions sont le lundi 30 juin \u00e0 14h \u00e0 la r\u00e9sidence autonomie.","_links":{"self":[{"href":"https:\/\/mairie-montataire.fr\/ar\/wp-json\/wp\/v2\/event\/6359","targetHints":{"allow":["GET"]}}],"collection":[{"href":"https:\/\/mairie-montataire.fr\/ar\/wp-json\/wp\/v2\/event"}],"about":[{"href":"https:\/\/mairie-montataire.fr\/ar\/wp-json\/wp\/v2\/types\/event"}],"wp:featuredmedia":[{"embeddable":true,"href":"https:\/\/mairie-montataire.fr\/ar\/wp-json\/wp\/v2\/media\/6360"}],"wp:attachment":[{"href":"https:\/\/mairie-montataire.fr\/ar\/wp-json\/wp\/v2\/media?parent=6359"}],"wp:term":[{"taxonomy":"event-theme","embeddable":true,"href":"https:\/\/mairie-montataire.fr\/ar\/wp-json\/wp\/v2\/event-theme?post=6359"}],"curies":[{"name":"\u062f\u0628\u0644\u064a\u0648 \u0628\u064a","href":"https:\/\/api.w.org\/{rel}","templated":true}]}}

التسجيل في اليوم المجاني في لي تريبورت للمتقاعدين

<p>تُقام النزهة يوم الجمعة 11 يوليو. <strong>يفتح باب التسجيل يوم الاثنين 30 يونيو الساعة 2 ظهراً في ريزيدنس أوتونوم.</strong></p>



<div class="wp-block-uagb-image uagb-block-dcc1adfa wp-block-uagb-image--layout-default wp-block-uagb-image--effect-static wp-block-uagb-image--align-none"><figure class="wp-block-uagb-image__figure"><img decoding="async" srcset="https://mairie-montataire.fr/app/uploads/2025/06/Actu_inscriptionretraitesjourneelibre.jpg ,https://mairie-montataire.fr/app/uploads/2025/06/Actu_inscriptionretraitesjourneelibre.jpg 780w, https://mairie-montataire.fr/app/uploads/2025/06/Actu_inscriptionretraitesjourneelibre.jpg 360w" sizes="auto, (max-width: 480px) 150px" src="https://mairie-montataire.fr/app/uploads/2025/06/Actu_inscriptionretraitesjourneelibre.jpg" alt="" class="uag-image-6360" width="450" height="335" title="رحلة_التسجيل_التقاعد_المجانية" loading="lazy" role="img"/></figure></div>



<p></p>

La sortie a lieu le vendredi 11 juillet. Les inscriptions sont le lundi 30 juin à 14h à la résidence autonomie.

دبليو بي
