{"id":5486,"date":"2025-12-22T10:25:17","date_gmt":"2025-12-22T10:25:17","guid":{"rendered":"https:\/\/mairie-montataire.fr\/?post_type=event&#038;p=5486"},"modified":"2025-12-22T10:26:12","modified_gmt":"2025-12-22T10:26:12","slug":"%d9%85%d8%ac%d9%85%d9%88%d8%b9%d8%a9-%d8%b4%d8%ac%d8%b1%d8%a9-%d8%b9%d9%8a%d8%af-%d8%a7%d9%84%d9%85%d9%8a%d9%84%d8%a7%d8%af","status":"publish","type":"event","link":"https:\/\/mairie-montataire.fr\/ar\/agenda\/information\/collecte-de-sapins\/","title":{"rendered":"\u0645\u062c\u0645\u0648\u0639\u0629 \u0627\u0644\u0623\u0634\u062c\u0627\u0631"},"content":{"rendered":"<p>\u062e\u062f\u0645\u0629 \u062c\u0645\u0639 \u0627\u0644\u0646\u0641\u0627\u064a\u0627\u062a \u0641\u064a<a href=\"https:\/\/www.creilsudoise.fr\/mon-quotidien\/dechets\/\">\u0643\u0631\u064a\u0644 \u0633\u0648\u062f \u0623\u0648\u0632 \u0627\u0644\u0643\u0628\u0631\u0649<\/a> \u062a\u0646\u0638\u0645 \u0645\u062c\u0645\u0648\u0639\u062a\u0647\u0627 \u0627\u0644\u0633\u0646\u0648\u064a\u0629 \u0644\u0634\u062c\u0631\u0629 \u0627\u0644\u0643\u0631\u064a\u0633\u0645\u0627\u0633<strong> \u0627\u0644\u0623\u0631\u0628\u0639\u0627\u0621 7 \u064a\u0646\u0627\u064a\u0631 2026<\/strong> \u0648\u064a\u062f\u0639\u0648 \u0627\u0644\u0633\u0643\u0627\u0646 \u0625\u0644\u0649 \u0625\u062e\u0631\u0627\u062c \u0623\u0634\u062c\u0627\u0631 \u0639\u064a\u062f \u0627\u0644\u0645\u064a\u0644\u0627\u062f \u0627\u0644\u062e\u0627\u0635\u0629 \u0628\u0647\u0645 \u064a\u0648\u0645 \u0627\u0644\u062b\u0644\u0627\u062b\u0627\u0621 6 \u064a\u0646\u0627\u064a\u0631 \u0628\u0639\u062f \u0627\u0644\u0633\u0627\u0639\u0629 7 \u0645\u0633\u0627\u0621\u064b.<\/p>\n\n\n\n<p>\u0633\u064a\u062a\u0645 \u0628\u0639\u062f \u0630\u0644\u0643 \u0625\u0639\u0627\u062f\u0629 \u062a\u062f\u0648\u064a\u0631 \u0627\u0644\u0623\u0634\u062c\u0627\u0631 \u0627\u0644\u062a\u064a \u062a\u0645 \u062c\u0645\u0639\u0647\u0627.<\/p>\n\n\n\n<p>\u064a\u0645\u0643\u0646 \u0625\u062e\u0631\u0627\u062c \u0623\u0634\u062c\u0627\u0631 \u0639\u064a\u062f \u0627\u0644\u0645\u064a\u0644\u0627\u062f \u0627\u0644\u0627\u0635\u0637\u0646\u0627\u0639\u064a\u0629 \u0627\u0644\u0645\u0633\u062a\u0639\u0645\u0644\u0629 \u0641\u064a \u0646\u0641\u0633 \u064a\u0648\u0645 \u062c\u0645\u0639 \u0627\u0644\u0642\u0645\u0627\u0645\u0629 \u0627\u0644\u0645\u0646\u0632\u0644\u064a\u0629.<\/p>\n\n\n\n<p><\/p>","protected":false},"featured_media":5483,"parent":0,"template":"","meta":{"_acf_changed":true,"_uag_custom_page_level_css":""},"event-theme":[91],"class_list":["post-5486","event","type-event","status-publish","has-post-thumbnail","hentry","event-theme-information"],"acf":[],"uagb_featured_image_src":{"full":["https:\/\/mairie-montataire.fr\/app\/uploads\/2024\/12\/Agenda_collectesapins.jpg",450,335,false],"thumbnail":["https:\/\/mairie-montataire.fr\/app\/uploads\/2024\/12\/Agenda_collectesapins-150x150.jpg",150,150,true],"medium":["https:\/\/mairie-montataire.fr\/app\/uploads\/2024\/12\/Agenda_collectesapins-300x223.jpg",300,223,true],"medium_large":["https:\/\/mairie-montataire.fr\/app\/uploads\/2024\/12\/Agenda_collectesapins.jpg",450,335,false],"large":["https:\/\/mairie-montataire.fr\/app\/uploads\/2024\/12\/Agenda_collectesapins.jpg",450,335,false],"1536x1536":["https:\/\/mairie-montataire.fr\/app\/uploads\/2024\/12\/Agenda_collectesapins.jpg",450,335,false],"2048x2048":["https:\/\/mairie-montataire.fr\/app\/uploads\/2024\/12\/Agenda_collectesapins.jpg",450,335,false],"trp-custom-language-flag":["https:\/\/mairie-montataire.fr\/app\/uploads\/2024\/12\/Agenda_collectesapins-16x12.jpg",16,12,true],"gform-image-choice-sm":["https:\/\/mairie-montataire.fr\/app\/uploads\/2024\/12\/Agenda_collectesapins-300x300.jpg",300,300,true],"gform-image-choice-md":["https:\/\/mairie-montataire.fr\/app\/uploads\/2024\/12\/Agenda_collectesapins-400x335.jpg",400,335,true],"gform-image-choice-lg":["https:\/\/mairie-montataire.fr\/app\/uploads\/2024\/12\/Agenda_collectesapins.jpg",450,335,false]},"uagb_author_info":{"display_name":"Laure Pubert","author_link":"https:\/\/mairie-montataire.fr\/ar\/actualites\/author\/"},"uagb_comment_info":0,"uagb_excerpt":"Le service de ramassage des d\u00e9chets de l&rsquo;Agglom\u00e9ration Creil Sud Oise organise sa collecte de sapins annuelle le mercredi 7 janvier 2026 et invite les habitants \u00e0 sortir leurs sapins le mardi 6 janvier apr\u00e8s 19h. Les sapins ramass\u00e9s seront ensuite recycl\u00e9s. Concernant les sapins artificiels usag\u00e9s, vous pouvez les sortir le jour de ramassage&hellip;","_links":{"self":[{"href":"https:\/\/mairie-montataire.fr\/ar\/wp-json\/wp\/v2\/event\/5486","targetHints":{"allow":["GET"]}}],"collection":[{"href":"https:\/\/mairie-montataire.fr\/ar\/wp-json\/wp\/v2\/event"}],"about":[{"href":"https:\/\/mairie-montataire.fr\/ar\/wp-json\/wp\/v2\/types\/event"}],"wp:featuredmedia":[{"embeddable":true,"href":"https:\/\/mairie-montataire.fr\/ar\/wp-json\/wp\/v2\/media\/5483"}],"wp:attachment":[{"href":"https:\/\/mairie-montataire.fr\/ar\/wp-json\/wp\/v2\/media?parent=5486"}],"wp:term":[{"taxonomy":"event-theme","embeddable":true,"href":"https:\/\/mairie-montataire.fr\/ar\/wp-json\/wp\/v2\/event-theme?post=5486"}],"curies":[{"name":"\u062f\u0628\u0644\u064a\u0648 \u0628\u064a","href":"https:\/\/api.w.org\/{rel}","templated":true}]}}

مجموعة الأشجار

<p>خدمة جمع النفايات في<a href="https://www.creilsudoise.fr/mon-quotidien/dechets/">كريل سود أوز الكبرى</a> تنظم مجموعتها السنوية لشجرة الكريسماس<strong> الأربعاء 7 يناير 2026</strong> ويدعو السكان إلى إخراج أشجار عيد الميلاد الخاصة بهم يوم الثلاثاء 6 يناير بعد الساعة 7 مساءً.</p>



<p>سيتم بعد ذلك إعادة تدوير الأشجار التي تم جمعها.</p>



<p>يمكن إخراج أشجار عيد الميلاد الاصطناعية المستعملة في نفس يوم جمع القمامة المنزلية.</p>



<p></p>

Le service de ramassage des déchets de l&rsquo;Agglomération Creil Sud Oise organise sa collecte de sapins annuelle le mercredi 7 janvier 2026 et invite les habitants à sortir leurs sapins le mardi 6 janvier après 19h. Les sapins ramassés seront ensuite recyclés. Concernant les sapins artificiels usagés, vous pouvez les sortir le jour de ramassage&hellip;

دبليو بي
