{"id":5363,"date":"2024-11-26T14:43:50","date_gmt":"2024-11-26T14:43:50","guid":{"rendered":"https:\/\/mairie-montataire.fr\/?post_type=event&#038;p=5363"},"modified":"2024-11-26T14:45:45","modified_gmt":"2024-11-26T14:45:45","slug":"%d8%a7%d9%84%d9%88%d9%81%d8%af-%d8%a7%d9%84%d9%81%d9%84%d8%b3%d8%b7%d9%8a%d9%86%d9%8a-%d9%81%d9%8a-%d8%a7%d9%84%d9%85%d9%88%d9%86%d8%aa%d9%8a%d8%b1","status":"publish","type":"event","link":"https:\/\/mairie-montataire.fr\/ar\/agenda\/vie-associative\/delegation-palestinienne-a-montataire\/","title":{"rendered":"\u0627\u0644\u0648\u0641\u062f \u0627\u0644\u0641\u0644\u0633\u0637\u064a\u0646\u064a \u0641\u064a \u0645\u0648\u0646\u062a\u0627\u062a\u064a\u0631"},"content":{"rendered":"<p><strong>\u062a\u0631\u062a\u0628\u0637 \u0645\u0648\u0646\u062a\u0627\u062a\u064a\u0631 \u0628\u062a\u0648\u0623\u0645\u0629 \u0645\u0639 \u0645\u062e\u064a\u0645 \u0627\u0644\u062f\u0647\u064a\u0634\u0629 \u0644\u0644\u0627\u062c\u0626\u064a\u0646 \u0641\u064a \u0641\u0644\u0633\u0637\u064a\u0646. \u0648\u0643\u062c\u0632\u0621 \u0645\u0646 \u0647\u0630\u0647 \u0627\u0644\u062a\u0648\u0623\u0645\u0629\u060c \u0646\u0633\u062a\u0636\u064a\u0641 \u0648\u0641\u062f\u064b\u0627 \u0645\u0646 \u0647\u0646\u0627\u0643 \u0641\u064a \u0627\u0644\u0641\u062a\u0631\u0629 \u0645\u0646 29 \u0646\u0648\u0641\u0645\u0628\u0631\/\u062a\u0634\u0631\u064a\u0646 \u0627\u0644\u062b\u0627\u0646\u064a \u0625\u0644\u0649 2 \u062f\u064a\u0633\u0645\u0628\u0631\/\u0643\u0627\u0646\u0648\u0646 \u0627\u0644\u0623\u0648\u0644\u060c \u0628\u062a\u0646\u0638\u064a\u0645 \u0645\u0646 <a href=\"https:\/\/mairie-montataire.fr\/ar\/%d8%a7%d9%84%d8%af%d9%84%d8%a7%d8%a6%d9%84\/%d8%a7%d9%84%d8%ac%d9%85%d8%b9%d9%8a%d8%a7%d8%aa-2\/%d8%a7%d9%84%d8%aa%d9%88%d8%a3%d9%85%d8%a9-%d9%88%d8%a7%d9%84%d8%aa%d9%88%d8%a3%d9%85%d8%a9-%d8%a7%d9%84%d8%af%d9%88%d9%84%d9%8a%d8%a9\/%d9%84%d8%ac%d9%86%d8%a9-%d8%aa%d9%88%d8%a3%d9%85%d8%a9-%d8%a7%d9%84%d9%85%d9%88%d9%86%d8%aa%d9%8a%d8%b1-%d8%a7%d9%84%d8%af%d9%87%d9%8a%d8%b4%d8%a9\/\">\u0644\u062c\u0646\u0629 \u0645\u0646\u062a\u0638\u0631 \u0627\u0644\u062f\u0647\u064a\u0634\u0629<\/a>.<\/strong><\/p>\n\n\n\n<h3 class=\"wp-block-heading\">\u0627\u0644\u0645\u0639\u0627\u0644\u0645 \u0627\u0644\u0628\u0627\u0631\u0632\u0629 \u0645\u0641\u062a\u0648\u062d\u0629 \u0644\u0644\u062c\u0645\u064a\u0639:<\/h3>\n\n\n\n<ul class=\"wp-block-list\">\n<li style=\"font-style:normal;font-weight:400\"><strong>\u0627\u0644\u0633\u0628\u062a 30 \u0646\u0648\u0641\u0645\u0628\u0631<\/strong><br><strong>14h30 :<\/strong> \u0627\u062c\u062a\u0645\u0627\u0639 \u0645\u0639 \u0627\u0644\u0648\u0641\u062f \u0641\u064a \u0642\u0627\u0639\u0629 \u0627\u0644\u062a\u062d\u0631\u064a\u0631 (8 \u0645\u0643\u0631\u0631\u060c \u0634\u0627\u0631\u0639 \u062f\u064a\u0628\u0648\u0631\u062a\u064a\u0633).<br><strong>17h : <\/strong>\u062a\u062c\u0645\u0639 \u0645\u0646 \u0623\u062c\u0644 \u0641\u0644\u0633\u0637\u064a\u0646 \u0623\u0645\u0627\u0645 \u062f\u0627\u0631 \u0627\u0644\u0628\u0644\u062f\u064a\u0629 (\u0633\u0627\u062d\u0629 \u0623\u0648\u063a\u0633\u062a \u062c\u064a\u0646\u064a).<\/li>\n<\/ul>\n\n\n\n<ul class=\"wp-block-list\">\n<li style=\"font-style:normal;font-weight:400\"><strong>\u0627\u0644\u0623\u062d\u062f 1<sup>\u0625\u064a\u0647<\/sup> \u0643\u0627\u0646\u0648\u0646 \u0627\u0644\u0623\u0648\u0644\/\u062f\u064a\u0633\u0645\u0628\u0631<\/strong><br><strong>10h30 : <\/strong>\u0646\u0632\u0647\u0629 \u0641\u064a \u0627\u0644\u0633\u0648\u0642. (\u0633\u0627\u062d\u0629 \u0623\u0648\u063a\u0633\u062a \u062c\u064a\u0646\u064a)<\/li>\n<\/ul>\n\n\n\n<div style=\"height:17px\" aria-hidden=\"true\" class=\"wp-block-spacer\"><\/div>\n\n\n\n<p><strong>\u062f\u0639\u0648\u0646\u0627 \u0646\u062a\u0634\u0627\u0631\u0643 \u062b\u0642\u0627\u0641\u0627\u062a\u0646\u0627 \u0648\u0646\u0646\u0627\u0642\u0634 \u0627\u0644\u0634\u0624\u0648\u0646 \u0627\u0644\u062c\u0627\u0631\u064a\u0629 \u0648\u0646\u0638\u0647\u0631 \u062a\u0636\u0627\u0645\u0646\u0646\u0627!<\/strong><\/p>\n\n\n\n<p><\/p>","protected":false},"featured_media":5365,"parent":0,"template":"","meta":{"_acf_changed":true,"_uag_custom_page_level_css":""},"event-theme":[73],"class_list":["post-5363","event","type-event","status-publish","has-post-thumbnail","hentry","event-theme-vie-associative"],"acf":[],"uagb_featured_image_src":{"full":["https:\/\/mairie-montataire.fr\/app\/uploads\/2024\/11\/Agenda_DelegationPalestinienne.jpg",450,335,false],"thumbnail":["https:\/\/mairie-montataire.fr\/app\/uploads\/2024\/11\/Agenda_DelegationPalestinienne-150x150.jpg",150,150,true],"medium":["https:\/\/mairie-montataire.fr\/app\/uploads\/2024\/11\/Agenda_DelegationPalestinienne-300x223.jpg",300,223,true],"medium_large":["https:\/\/mairie-montataire.fr\/app\/uploads\/2024\/11\/Agenda_DelegationPalestinienne.jpg",450,335,false],"large":["https:\/\/mairie-montataire.fr\/app\/uploads\/2024\/11\/Agenda_DelegationPalestinienne.jpg",450,335,false],"1536x1536":["https:\/\/mairie-montataire.fr\/app\/uploads\/2024\/11\/Agenda_DelegationPalestinienne.jpg",450,335,false],"2048x2048":["https:\/\/mairie-montataire.fr\/app\/uploads\/2024\/11\/Agenda_DelegationPalestinienne.jpg",450,335,false],"trp-custom-language-flag":["https:\/\/mairie-montataire.fr\/app\/uploads\/2024\/11\/Agenda_DelegationPalestinienne-16x12.jpg",16,12,true],"gform-image-choice-sm":["https:\/\/mairie-montataire.fr\/app\/uploads\/2024\/11\/Agenda_DelegationPalestinienne.jpg",300,223,false],"gform-image-choice-md":["https:\/\/mairie-montataire.fr\/app\/uploads\/2024\/11\/Agenda_DelegationPalestinienne.jpg",400,298,false],"gform-image-choice-lg":["https:\/\/mairie-montataire.fr\/app\/uploads\/2024\/11\/Agenda_DelegationPalestinienne.jpg",450,335,false]},"uagb_author_info":{"display_name":"Laure Pubert","author_link":"https:\/\/mairie-montataire.fr\/ar\/actualites\/author\/"},"uagb_comment_info":0,"uagb_excerpt":"Montataire est jumel\u00e9e avec le camp de r\u00e9fugi\u00e9s de Dheisheh en Palestine. Dans le cadre de ce jumelage, nous accueillons une d\u00e9l\u00e9gation venue de l\u00e0-bas, du 29 novembre au 2 d\u00e9cembre, une venue organis\u00e9e par le Comit\u00e9 Montataire Dheisheh. Temps forts ouverts \u00e0 tous : Partageons nos cultures, discutons de l\u2019actualit\u00e9, apportons notre solidarit\u00e9 !","_links":{"self":[{"href":"https:\/\/mairie-montataire.fr\/ar\/wp-json\/wp\/v2\/event\/5363","targetHints":{"allow":["GET"]}}],"collection":[{"href":"https:\/\/mairie-montataire.fr\/ar\/wp-json\/wp\/v2\/event"}],"about":[{"href":"https:\/\/mairie-montataire.fr\/ar\/wp-json\/wp\/v2\/types\/event"}],"wp:featuredmedia":[{"embeddable":true,"href":"https:\/\/mairie-montataire.fr\/ar\/wp-json\/wp\/v2\/media\/5365"}],"wp:attachment":[{"href":"https:\/\/mairie-montataire.fr\/ar\/wp-json\/wp\/v2\/media?parent=5363"}],"wp:term":[{"taxonomy":"event-theme","embeddable":true,"href":"https:\/\/mairie-montataire.fr\/ar\/wp-json\/wp\/v2\/event-theme?post=5363"}],"curies":[{"name":"\u062f\u0628\u0644\u064a\u0648 \u0628\u064a","href":"https:\/\/api.w.org\/{rel}","templated":true}]}}

الوفد الفلسطيني في مونتاتير

<p><strong>ترتبط مونتاتير بتوأمة مع مخيم الدهيشة للاجئين في فلسطين. وكجزء من هذه التوأمة، نستضيف وفدًا من هناك في الفترة من 29 نوفمبر/تشرين الثاني إلى 2 ديسمبر/كانون الأول، بتنظيم من <a href="https://mairie-montataire.fr/ar/%d8%a7%d9%84%d8%af%d9%84%d8%a7%d8%a6%d9%84/%d8%a7%d9%84%d8%ac%d9%85%d8%b9%d9%8a%d8%a7%d8%aa-2/%d8%a7%d9%84%d8%aa%d9%88%d8%a3%d9%85%d8%a9-%d9%88%d8%a7%d9%84%d8%aa%d9%88%d8%a3%d9%85%d8%a9-%d8%a7%d9%84%d8%af%d9%88%d9%84%d9%8a%d8%a9/%d9%84%d8%ac%d9%86%d8%a9-%d8%aa%d9%88%d8%a3%d9%85%d8%a9-%d8%a7%d9%84%d9%85%d9%88%d9%86%d8%aa%d9%8a%d8%b1-%d8%a7%d9%84%d8%af%d9%87%d9%8a%d8%b4%d8%a9/">لجنة منتظر الدهيشة</a>.</strong></p>



<h3 class="wp-block-heading">المعالم البارزة مفتوحة للجميع:</h3>



<ul class="wp-block-list">
<li style="font-style:normal;font-weight:400"><strong>السبت 30 نوفمبر</strong><br><strong>14h30 :</strong> اجتماع مع الوفد في قاعة التحرير (8 مكرر، شارع ديبورتيس).<br><strong>17h : </strong>تجمع من أجل فلسطين أمام دار البلدية (ساحة أوغست جيني).</li>
</ul>



<ul class="wp-block-list">
<li style="font-style:normal;font-weight:400"><strong>الأحد 1<sup>إيه</sup> كانون الأول/ديسمبر</strong><br><strong>10h30 : </strong>نزهة في السوق. (ساحة أوغست جيني)</li>
</ul>



<div style="height:17px" aria-hidden="true" class="wp-block-spacer"></div>



<p><strong>دعونا نتشارك ثقافاتنا ونناقش الشؤون الجارية ونظهر تضامننا!</strong></p>



<p></p>

Montataire est jumelée avec le camp de réfugiés de Dheisheh en Palestine. Dans le cadre de ce jumelage, nous accueillons une délégation venue de là-bas, du 29 novembre au 2 décembre, une venue organisée par le Comité Montataire Dheisheh. Temps forts ouverts à tous : Partageons nos cultures, discutons de l’actualité, apportons notre solidarité !

دبليو بي
