{"id":5326,"date":"2025-11-13T15:16:21","date_gmt":"2025-11-13T15:16:21","guid":{"rendered":"https:\/\/mairie-montataire.fr\/?post_type=event&#038;p=5326"},"modified":"2025-11-13T15:16:22","modified_gmt":"2025-11-13T15:16:22","slug":"%d9%85%d9%86%d8%aa%d8%af%d9%89-%d8%a7%d9%84%d9%85%d9%87%d9%86-%d9%88%d8%a7%d9%84%d8%aa%d8%af%d8%b1%d9%8a%d8%a8","status":"publish","type":"event","link":"https:\/\/mairie-montataire.fr\/ar\/agenda\/scolaire\/forum-des-metiers-et-des-formations\/","title":{"rendered":"\u0645\u0646\u062a\u062f\u0649 \u0627\u0644\u0648\u0638\u0627\u0626\u0641 \u0648\u0627\u0644\u062a\u062f\u0631\u064a\u0628"},"content":{"rendered":"<p><strong>\u0647\u0644 \u062a\u0631\u064a\u062f \u0627\u0643\u062a\u0634\u0627\u0641 \u0627\u0644\u0645\u0647\u0646 \u0623\u0648 \u062a\u062d\u062f\u064a\u062f \u062e\u064a\u0627\u0631\u0627\u062a\u0643 \u0641\u064a \u0645\u062c\u0627\u0644 \u0627\u0644\u062a\u062f\u0631\u064a\u0628\u061f \u0647\u0630\u0627 \u0627\u0644\u0645\u0646\u062a\u062f\u0649 \u064a\u0645\u0643\u0646 \u0623\u0646 \u064a\u0633\u0627\u0639\u062f\u0643!<\/strong><\/p>\n\n\n\n<p>\u0625\u0630\u0627 \u0644\u0645 \u062a\u0643\u0646 \u0639\u0636\u0648\u0627\u064b \u0641\u064a \u0625\u062d\u062f\u0649 \u0627\u0644\u0645\u0646\u0638\u0645\u0627\u062a \u0627\u0644\u0645\u0634\u0627\u0631\u0643\u0629 \u0641\u064a \u0627\u0644\u0645\u0646\u062a\u062f\u0649\u060c \u064a\u0645\u0643\u0646\u0643 \u0627\u0644\u0627\u062a\u0635\u0627\u0644 \u0628\u0640 <a href=\"https:\/\/mairie-montataire.fr\/ar\/%d8%a7%d9%84%d8%af%d9%84%d8%a7%d8%a6%d9%84\/%d8%a7%d9%84%d8%ac%d9%85%d8%b9%d9%8a%d8%a7%d8%aa-2\/%d8%aa%d8%b9%d9%84%d9%8a%d9%85-%d8%a7%d9%84%d8%b4%d8%a8%d8%a7%d8%a8-%d9%88%d8%a5%d8%af%d9%85%d8%a7%d8%ac%d9%87%d9%85\/%d8%a7%d9%84%d9%8a%d8%b4%d9%85\/\" target=\"_blank\" rel=\"noreferrer noopener\">\u062c\u0627\u064a\u062f<\/a> \u0644\u0644\u0630\u0647\u0627\u0628 \u0645\u0639 \u0645\u062c\u0645\u0648\u0639\u0629.<\/p>\n\n\n\n<p><em>\u0644\u0646 \u064a\u064f\u0633\u0645\u062d \u0628\u062f\u062e\u0648\u0644 \u0627\u0644\u0645\u062f\u0631\u0633\u0629 \u0627\u0644\u062b\u0627\u0646\u0648\u064a\u0629 \u0625\u0644\u0627 \u0644\u0644\u0634\u0628\u0627\u0628 \u0627\u0644\u0628\u0627\u062d\u062b\u064a\u0646 \u0639\u0646 \u0639\u0645\u0644 \u0623\u0648 \u062a\u062f\u0631\u064a\u0628 \u0648\u0627\u0644\u0645\u0633\u062c\u0644\u064a\u0646 \u0644\u062f\u0649 JADE.<\/em><\/p>\n\n\n\n<p><\/p>","protected":false},"featured_media":5314,"parent":0,"template":"","meta":{"_acf_changed":true,"_uag_custom_page_level_css":""},"event-theme":[85],"class_list":["post-5326","event","type-event","status-publish","has-post-thumbnail","hentry","event-theme-scolaire"],"acf":[],"uagb_featured_image_src":{"full":["https:\/\/mairie-montataire.fr\/app\/uploads\/2024\/11\/Agenda_ForumMetierFormation24.jpg",1875,1396,false],"thumbnail":["https:\/\/mairie-montataire.fr\/app\/uploads\/2024\/11\/Agenda_ForumMetierFormation24-150x150.jpg",150,150,true],"medium":["https:\/\/mairie-montataire.fr\/app\/uploads\/2024\/11\/Agenda_ForumMetierFormation24-300x223.jpg",300,223,true],"medium_large":["https:\/\/mairie-montataire.fr\/app\/uploads\/2024\/11\/Agenda_ForumMetierFormation24-768x572.jpg",768,572,true],"large":["https:\/\/mairie-montataire.fr\/app\/uploads\/2024\/11\/Agenda_ForumMetierFormation24-1024x762.jpg",1024,762,true],"1536x1536":["https:\/\/mairie-montataire.fr\/app\/uploads\/2024\/11\/Agenda_ForumMetierFormation24-1536x1144.jpg",1536,1144,true],"2048x2048":["https:\/\/mairie-montataire.fr\/app\/uploads\/2024\/11\/Agenda_ForumMetierFormation24.jpg",1875,1396,false],"trp-custom-language-flag":["https:\/\/mairie-montataire.fr\/app\/uploads\/2024\/11\/Agenda_ForumMetierFormation24-16x12.jpg",16,12,true],"gform-image-choice-sm":["https:\/\/mairie-montataire.fr\/app\/uploads\/2024\/11\/Agenda_ForumMetierFormation24.jpg",300,223,false],"gform-image-choice-md":["https:\/\/mairie-montataire.fr\/app\/uploads\/2024\/11\/Agenda_ForumMetierFormation24.jpg",400,298,false],"gform-image-choice-lg":["https:\/\/mairie-montataire.fr\/app\/uploads\/2024\/11\/Agenda_ForumMetierFormation24.jpg",600,447,false]},"uagb_author_info":{"display_name":"Laure Pubert","author_link":"https:\/\/mairie-montataire.fr\/ar\/actualites\/author\/"},"uagb_comment_info":0,"uagb_excerpt":"Vous cherchez \u00e0 d\u00e9couvrir des m\u00e9tiers ou \u00e0 affiner vos choix de formation ? Ce forum peut vous aider ! Si vous ne faites pas d\u00e9j\u00e0 partie d\u2019un organisme pr\u00e9sent lors du forum, vous pouvez contacter JADE pour y aller avec un groupe. Seuls les jeunes en recherche d\u2019emploi ou de formation inscrits aupr\u00e8s de&hellip;","_links":{"self":[{"href":"https:\/\/mairie-montataire.fr\/ar\/wp-json\/wp\/v2\/event\/5326","targetHints":{"allow":["GET"]}}],"collection":[{"href":"https:\/\/mairie-montataire.fr\/ar\/wp-json\/wp\/v2\/event"}],"about":[{"href":"https:\/\/mairie-montataire.fr\/ar\/wp-json\/wp\/v2\/types\/event"}],"wp:featuredmedia":[{"embeddable":true,"href":"https:\/\/mairie-montataire.fr\/ar\/wp-json\/wp\/v2\/media\/5314"}],"wp:attachment":[{"href":"https:\/\/mairie-montataire.fr\/ar\/wp-json\/wp\/v2\/media?parent=5326"}],"wp:term":[{"taxonomy":"event-theme","embeddable":true,"href":"https:\/\/mairie-montataire.fr\/ar\/wp-json\/wp\/v2\/event-theme?post=5326"}],"curies":[{"name":"\u062f\u0628\u0644\u064a\u0648 \u0628\u064a","href":"https:\/\/api.w.org\/{rel}","templated":true}]}}

منتدى الوظائف والتدريب

<p><strong>هل تريد اكتشاف المهن أو تحديد خياراتك في مجال التدريب؟ هذا المنتدى يمكن أن يساعدك!</strong></p>



<p>إذا لم تكن عضواً في إحدى المنظمات المشاركة في المنتدى، يمكنك الاتصال بـ <a href="https://mairie-montataire.fr/ar/%d8%a7%d9%84%d8%af%d9%84%d8%a7%d8%a6%d9%84/%d8%a7%d9%84%d8%ac%d9%85%d8%b9%d9%8a%d8%a7%d8%aa-2/%d8%aa%d8%b9%d9%84%d9%8a%d9%85-%d8%a7%d9%84%d8%b4%d8%a8%d8%a7%d8%a8-%d9%88%d8%a5%d8%af%d9%85%d8%a7%d8%ac%d9%87%d9%85/%d8%a7%d9%84%d9%8a%d8%b4%d9%85/" target="_blank" rel="noreferrer noopener">جايد</a> للذهاب مع مجموعة.</p>



<p><em>لن يُسمح بدخول المدرسة الثانوية إلا للشباب الباحثين عن عمل أو تدريب والمسجلين لدى JADE.</em></p>



<p></p>

Vous cherchez à découvrir des métiers ou à affiner vos choix de formation ? Ce forum peut vous aider ! Si vous ne faites pas déjà partie d’un organisme présent lors du forum, vous pouvez contacter JADE pour y aller avec un groupe. Seuls les jeunes en recherche d’emploi ou de formation inscrits auprès de&hellip;

دبليو بي
