{"id":4782,"date":"2025-10-03T08:30:25","date_gmt":"2025-10-03T08:30:25","guid":{"rendered":"https:\/\/mairie-montataire.fr\/?post_type=event&#038;p=4782"},"modified":"2025-10-03T08:48:38","modified_gmt":"2025-10-03T08:48:38","slug":"%d8%a3%d9%8a%d8%a7%d9%85-%d8%a7%d9%84%d8%aa%d8%b1%d8%a7%d8%ab-4","status":"publish","type":"event","link":"https:\/\/mairie-montataire.fr\/ar\/agenda\/rencontres\/reunion-publique\/","title":{"rendered":"\u0627\u062c\u062a\u0645\u0627\u0639 \u0639\u0627\u0645"},"content":{"rendered":"<p><strong>\u062a\u0633\u062a\u0645\u0631 \u0645\u062f\u064a\u0646\u0629 \u0645\u0648\u0646\u062a\u0627\u062a\u064a\u0631 \u0641\u064a \u062a\u062d\u0648\u064a\u0644 \u0645\u0646\u0637\u0642\u0629 \u0645\u0627\u0631\u062a\u064a\u0646\u064a\u062a\u0633 \u0643\u062c\u0632\u0621 \u0645\u0646 \u0627\u0644\u0628\u0631\u0646\u0627\u0645\u062c \u0627\u0644\u0648\u0637\u0646\u064a \u0644\u0644\u062a\u062c\u062f\u064a\u062f \u0627\u0644\u062d\u0636\u0631\u064a \u0627\u0644\u062c\u062f\u064a\u062f (NPNRU). \u0628\u0639\u062f \u0627\u0644\u0645\u0631\u062d\u0644\u0629 \u0627\u0644\u0623\u0648\u0644\u0649 \u0627\u0644\u062a\u064a \u0628\u062f\u0623\u062a \u0628\u0627\u0644\u0641\u0639\u0644\u060c \u0633\u064a\u062a\u0645 \u062a\u0642\u062f\u064a\u0645 \u0627\u0644\u0645\u0631\u062d\u0644\u0629 \u0627\u0644\u062b\u0627\u0646\u064a\u0629 \u0645\u0646 \u0627\u0644\u0645\u0634\u0631\u0648\u0639 \u0641\u064a \u0627\u062c\u062a\u0645\u0627\u0639 \u0639\u0627\u0645: \u0627\u0643\u062a\u0634\u0627\u0641 \u0627\u0644\u0645\u0633\u0627\u062d\u0627\u062a \u0627\u0644\u062e\u0636\u0631\u0627\u0621 \u0627\u0644\u062c\u062f\u064a\u062f\u0629 \u0648\u0627\u0644\u0645\u0646\u0637\u0642\u0629 \u0627\u0644\u0645\u062d\u064a\u0637\u0629 \u0628\u0645\u062f\u0631\u0633\u0629 \u0623\u0646\u0627\u062a\u0648\u0644 \u0641\u0631\u0627\u0646\u0633 \u0627\u0644\u062b\u0627\u0646\u0648\u064a\u0629. <\/strong><\/p>\n\n\n\n<div style=\"height:30px\" aria-hidden=\"true\" class=\"wp-block-spacer\"><\/div>\n\n\n\n<p><strong>\u0645\u0646 \u0627\u0644\u0633\u0627\u0639\u0629 4:45 \u0639\u0635\u0631\u0627\u064b:<\/strong> \u0646\u0631\u062d\u0628 \u0628\u0627\u0644\u0623\u0637\u0641\u0627\u0644 \u0644\u0644\u0645\u0634\u0627\u0631\u0643\u0629 \u0641\u064a \u0648\u0631\u0634\u0629 \u0639\u0645\u0644 \u0644\u0644\u0631\u0633\u0645 \u0639\u0644\u0649 \u0635\u0646\u062f\u0648\u0642 \u0627\u0644\u0643\u062a\u0628 \u0623\u062b\u0646\u0627\u0621 \u0627\u0644\u0627\u062c\u062a\u0645\u0627\u0639 \u0627\u0644\u0639\u0627\u0645 (\u064a\u0648\u0635\u0649 \u0628\u0627\u0631\u062a\u062f\u0627\u0621 \u0627\u0644\u0645\u0622\u0632\u0631 \u0623\u0648 \u0627\u0644\u0645\u0644\u0627\u0628\u0633 \u0627\u0644\u0642\u062f\u064a\u0645\u0629).<br><strong>\u0644\u0644\u062a\u0633\u062c\u064a\u0644\u060c \u0627\u062a\u0635\u0644 \u0628\u0642\u0633\u0645 \u0633\u064a\u0627\u0633\u0627\u062a \u0627\u0644\u0645\u062f\u064a\u0646\u0629 : <a href=\"\/ar\/\u0627\u0644\u0647\u0627\u062a\u0641: 0344644444\/\"><strong>03 44 64 44 44<\/strong><\/a>.<\/strong><\/p>\n\n\n\n<p><strong>17h :<\/strong> \u0627\u062c\u062a\u0645\u0627\u0639 \u0639\u0627\u0645 \u0644\u0639\u0631\u0636 \u0627\u0644\u0639\u0645\u0644\u060c \u064a\u0639\u0642\u0628\u0647 \u0645\u0634\u0631\u0648\u0628.<\/p>\n\n\n\n<div style=\"height:30px\" aria-hidden=\"true\" class=\"wp-block-spacer\"><\/div>\n\n\n\n<p><strong>\u0646\u0631\u0627\u0643\u0645 \u0642\u0631\u064a\u0628\u0627\u064b \u0641\u064a \u0645\u0646\u0637\u0642\u0629 \u0645\u0627\u0631\u062a\u064a\u0646\u064a\u062a\u0633: \u0642\u0644\u0628 \u062c\u062f\u064a\u062f \u0644\u0644\u0639\u064a\u0634 \u0641\u064a\u0647!<\/strong><\/p>\n\n\n\n<p><\/p>","protected":false},"featured_media":6989,"parent":0,"template":"","meta":{"_acf_changed":true,"_uag_custom_page_level_css":""},"event-theme":[78],"class_list":["post-4782","event","type-event","status-publish","has-post-thumbnail","hentry","event-theme-rencontres"],"acf":[],"uagb_featured_image_src":{"full":["https:\/\/mairie-montataire.fr\/app\/uploads\/2024\/10\/Agenda_ReuPubliquePhase2PRU.jpg",450,335,false],"thumbnail":["https:\/\/mairie-montataire.fr\/app\/uploads\/2024\/10\/Agenda_ReuPubliquePhase2PRU-150x150.jpg",150,150,true],"medium":["https:\/\/mairie-montataire.fr\/app\/uploads\/2024\/10\/Agenda_ReuPubliquePhase2PRU-300x223.jpg",300,223,true],"medium_large":["https:\/\/mairie-montataire.fr\/app\/uploads\/2024\/10\/Agenda_ReuPubliquePhase2PRU.jpg",450,335,false],"large":["https:\/\/mairie-montataire.fr\/app\/uploads\/2024\/10\/Agenda_ReuPubliquePhase2PRU.jpg",450,335,false],"1536x1536":["https:\/\/mairie-montataire.fr\/app\/uploads\/2024\/10\/Agenda_ReuPubliquePhase2PRU.jpg",450,335,false],"2048x2048":["https:\/\/mairie-montataire.fr\/app\/uploads\/2024\/10\/Agenda_ReuPubliquePhase2PRU.jpg",450,335,false],"trp-custom-language-flag":["https:\/\/mairie-montataire.fr\/app\/uploads\/2024\/10\/Agenda_ReuPubliquePhase2PRU-16x12.jpg",16,12,true],"gform-image-choice-sm":["https:\/\/mairie-montataire.fr\/app\/uploads\/2024\/10\/Agenda_ReuPubliquePhase2PRU.jpg",300,223,false],"gform-image-choice-md":["https:\/\/mairie-montataire.fr\/app\/uploads\/2024\/10\/Agenda_ReuPubliquePhase2PRU.jpg",400,298,false],"gform-image-choice-lg":["https:\/\/mairie-montataire.fr\/app\/uploads\/2024\/10\/Agenda_ReuPubliquePhase2PRU.jpg",450,335,false]},"uagb_author_info":{"display_name":"Laure Pubert","author_link":"https:\/\/mairie-montataire.fr\/ar\/actualites\/author\/"},"uagb_comment_info":0,"uagb_excerpt":"La Ville de Montataire poursuit la transformation du quartier des Martinets dans le cadre du Nouveau Programme National de Renouvellement Urbain (NPNRU). Apr\u00e8s une premi\u00e8re \u00e9tape d\u00e9j\u00e0 engag\u00e9e, la phase 2 du projet sera pr\u00e9sent\u00e9e lors d\u2019une r\u00e9union publique : d\u00e9couvrez les nouveaux espaces verts et les abords du coll\u00e8ge Anatole France. D\u00e8s 16h45 :&hellip;","_links":{"self":[{"href":"https:\/\/mairie-montataire.fr\/ar\/wp-json\/wp\/v2\/event\/4782","targetHints":{"allow":["GET"]}}],"collection":[{"href":"https:\/\/mairie-montataire.fr\/ar\/wp-json\/wp\/v2\/event"}],"about":[{"href":"https:\/\/mairie-montataire.fr\/ar\/wp-json\/wp\/v2\/types\/event"}],"wp:featuredmedia":[{"embeddable":true,"href":"https:\/\/mairie-montataire.fr\/ar\/wp-json\/wp\/v2\/media\/6989"}],"wp:attachment":[{"href":"https:\/\/mairie-montataire.fr\/ar\/wp-json\/wp\/v2\/media?parent=4782"}],"wp:term":[{"taxonomy":"event-theme","embeddable":true,"href":"https:\/\/mairie-montataire.fr\/ar\/wp-json\/wp\/v2\/event-theme?post=4782"}],"curies":[{"name":"\u062f\u0628\u0644\u064a\u0648 \u0628\u064a","href":"https:\/\/api.w.org\/{rel}","templated":true}]}}

اجتماع عام

<p><strong>تستمر مدينة مونتاتير في تحويل منطقة مارتينيتس كجزء من البرنامج الوطني للتجديد الحضري الجديد (NPNRU). بعد المرحلة الأولى التي بدأت بالفعل، سيتم تقديم المرحلة الثانية من المشروع في اجتماع عام: اكتشاف المساحات الخضراء الجديدة والمنطقة المحيطة بمدرسة أناتول فرانس الثانوية. </strong></p>



<div style="height:30px" aria-hidden="true" class="wp-block-spacer"></div>



<p><strong>من الساعة 4:45 عصراً:</strong> نرحب بالأطفال للمشاركة في ورشة عمل للرسم على صندوق الكتب أثناء الاجتماع العام (يوصى بارتداء المآزر أو الملابس القديمة).<br><strong>للتسجيل، اتصل بقسم سياسات المدينة : <a href="/ar/الهاتف: 0344644444/"><strong>03 44 64 44 44</strong></a>.</strong></p>



<p><strong>17h :</strong> اجتماع عام لعرض العمل، يعقبه مشروب.</p>



<div style="height:30px" aria-hidden="true" class="wp-block-spacer"></div>



<p><strong>نراكم قريباً في منطقة مارتينيتس: قلب جديد للعيش فيه!</strong></p>



<p></p>

La Ville de Montataire poursuit la transformation du quartier des Martinets dans le cadre du Nouveau Programme National de Renouvellement Urbain (NPNRU). Après une première étape déjà engagée, la phase 2 du projet sera présentée lors d’une réunion publique : découvrez les nouveaux espaces verts et les abords du collège Anatole France. Dès 16h45 :&hellip;

دبليو بي
